000
CXAK56 PAJK 051142
CF6YAK
PRELIMINARY LOCAL CLIMATOLOGICAL DATA (WS FORM: F-6)
STATION: YAKUTAT
MONTH: JANUARY
YEAR: 2021
LATITUDE: 59 31 N
LONGITUDE: 139 40 W
TEMPERATURE IN F: :PCPN: SNOW: WIND :SUNSHINE: SKY :PK WND
================================================================================
1 2 3 4 5 6A 6B 7 8 9 10 11 12 13 14 15 16 17 18
12Z AVG MX 2MIN
DY MAX MIN AVG DEP HDD CDD WTR SNW DPTH SPD SPD DIR MIN PSBL S-S WX SPD DR
================================================================================
1 38 22 30 2 35 0 0.00 M M 3.5 13 80 M M 5 18 70
2 28 17 23 -5 42 0 0.00 M M 0.3 5 40 M M 1 5 40
3 35 25 30 2 35 0 0.22 M M 5.7 10 80 M M 9 18 13 90
4 39 27 33 5 32 0 0.00 M M 3.6 13 120 M M 6 1 18 110
5 43 33 38 10 27 0 0.33 M M 6.6 20 60 M M 9 1 25 50
6 42 34 38 10 27 0 0.40 M M 9.0 21 110 M M 10 18 33 100
7 43 34 39 11 26 0 0.48 M M 12.6 32 120 M M 9 18 51 130
8 40 33 37 9 28 0 1.20 M M 6.5 13 190 M M 10 1 19 120
9 41 33 37 9 28 0 0.22 M M 8.6 21 50 M M 7 27 50
10 42 38 40 12 25 0 1.27 M M 12.1 29 130 M M 10 1 48 120
11 38 35 37 9 28 0 1.18 M M 10.7 22 120 M M 10 1 35 130
12 39 32 36 8 29 0 0.50 M M 4.6 12 120 M M 9 1 18 120
13 35 32 34 6 31 0 0.62 M M 5.7 12 80 M M 9 1 14 90
14 42 33 38 10 27 0 1.11 M M 13.5 29 60 M M 9 1 38 80
15 44 35 40 12 25 0 0.76 M M 6.6 20 180 M M 10 1 26 190
16 44 37 41 13 24 0 0.48 M M 9.1 16 100 M M 10 1 23 110
17 44 36 40 12 25 0 0.98 M M 8.6 18 230 M M 10 1 27 90
18 44 37 41 13 24 0 1.09 M M 15.4 39 120 M M 10 18 64 110
19 39 33 36 8 29 0 0.38 M M 4.9 17 200 M M 10 1 22 200
20 37 33 35 7 30 0 0.06 M M 2.3 6 50 M M 10 1 8 50
21 37 29 33 5 32 0 0.00 M M 1.0 6 60 M M 9 2 6 40
22 M M M M M M M M M 1.4 6 70 M M M 6 70
23 M M M M M M M M M 8.4 15 80 M M 0 1 21 90
24 M M M M M M M M M 1.0 7 80 M M 2 2 8 110
25 33 27 30 2 35 0 0.02 M M 5.0 9 80 M M 10 1 11 90
26 32 16 24 -4 41 0 0.01 M M 5.9 15 60 M M 4 1 20 80
27 31 11 21 -7 44 0 T M M 1.5 8 90 M M 1 11 80
28 30 22 26 -2 39 0 0.41 M M 9.1 17 70 M M 10 2 23 80
29 34 22 28 0 37 0 0.09 M M 10.6 18 70 M M 8 1 23 70
30 36 18 27 -1 38 0 T M M 3.2 13 80 M M 4 18 17 90
31 30 10 20 -8 45 0 0.01 M M 2.4 12 90 M M 3 1 17 100
================================================================================
SM 1060 794 888 0 11.82 M 199.4 M 224
================================================================================
AV 37.9 28.4 6.4 FASTST M M 7 MAX(MPH)
MISC ----> 39 120 64 110
================================================================================
NOTES:
# LAST OF SEVERAL OCCURRENCES
COLUMN 17 PEAK WIND IN M.P.H.
PRELIMINARY LOCAL CLIMATOLOGICAL DATA (WS FORM: F-6) , PAGE 2
STATION: YAKUTAT
MONTH: JANUARY
YEAR: 2021
LATITUDE: 59 31 N
LONGITUDE: 139 40 W
[TEMPERATURE DATA] [PRECIPITATION DATA] SYMBOLS USED IN COLUMN 16
AVERAGE MONTHLY: 33.1 TOTAL FOR MONTH: 11.82 1 = FOG OR MIST
DPTR FM NORMAL: 5.0 DPTR FM NORMAL: -1.84 2 = FOG REDUCING VISIBILITY
HIGHEST: 44 ON 18,17 GRTST 24HR 2.80 ON 16-17 TO 1/4 MILE OR LESS
LOWEST: 10 ON 31 3 = THUNDER
SNOW, ICE PELLETS, HAIL 4 = ICE PELLETS
TOTAL MONTH: M 5 = HAIL
GRTST 24HR M ON M 6 = FREEZING RAIN OR DRIZZLE
GRTST DEPTH: M ON M 7 = DUSTSTORM OR SANDSTORM:
VSBY 1/2 MILE OR LESS
8 = SMOKE OR HAZE
[NO. OF DAYS WITH] [WEATHER - DAYS WITH] 9 = BLOWING SNOW
X = TORNADO
MAX 32 OR BELOW: 5 0.01 INCH OR MORE: 22
MAX 90 OR ABOVE: 0 0.10 INCH OR MORE: 17
MIN 32 OR BELOW: 14 0.50 INCH OR MORE: 9
MIN 0 OR BELOW: 0 1.00 INCH OR MORE: 5
[HDD (BASE 65) ]
TOTAL THIS MO. 888 CLEAR (SCALE 0-3) 5
DPTR FM NORMAL -256 PTCLDY (SCALE 4-7) 6
TOTAL FM JUL 1 4626 CLOUDY (SCALE 8-10) 20
DPTR FM NORMAL -501
[CDD (BASE 65) ]
TOTAL THIS MO. 0
DPTR FM NORMAL 0 [PRESSURE DATA]
TOTAL FM JAN 1 0 HIGHEST SLP M ON M
DPTR FM NORMAL 0 LOWEST SLP 28.53 ON 5
[REMARKS]
#FINAL-01-21#