000
CXUS56 KPDT 020532
CF6YKM
PRELIMINARY LOCAL CLIMATOLOGICAL DATA (WS FORM: F-6)
STATION: YAKIMA WA
MONTH: MARCH
YEAR: 2020
LATITUDE: 46 34 N
LONGITUDE: 120 32 W
TEMPERATURE IN F: :PCPN: SNOW: WIND :SUNSHINE: SKY :PK WND
================================================================================
1 2 3 4 5 6A 6B 7 8 9 10 11 12 13 14 15 16 17 18
12Z AVG MX 2MIN
DY MAX MIN AVG DEP HDD CDD WTR SNW DPTH SPD SPD DIR MIN PSBL S-S WX SPD DR
================================================================================
1 52 18 35 -4 30 0 0.00 M M 5.1 14 330 M M 1 19 310
2 63 30 47 7 18 0 0.00 M M 8.1 26 280 M M 1 33 290
3 63 29 46 6 19 0 0.00 M M 4.8 23 310 M M 0 30 210
4 59 35 47 7 18 0 0.00 M M 8.4 25 280 M M 0 33 290
5 60 25 43 3 22 0 0.00 M M 4.2 18 180 M M 0 24 190
6 57 30 44 3 21 0 T M M 5.4 17 190 M M 5 21 190
7 53 27 40 -1 25 0 0.02 M M 4.0 20 220 M M 7 25 220
8 52 19 36 -5 29 0 0.00 M M 4.1 10 250 M M 0 13 150
9 54 21 38 -4 27 0 0.00 M M 5.2 12 250 M M 1 13 250
10 60 23 42 0 23 0 0.00 M M 2.6 9 280 M M 2 9 250
11 61 27 44 2 21 0 0.00 M M 7.5 24 360 M M 0 33 10
12 55 25 40 -2 25 0 0.00 M M 6.0 14 320 M M 0 18 270
13 40 30 35 -8 30 0 0.18 M M 6.6 22 30 M M 9 1 30 50
14 34 28 31 -12 34 0 T M M 11.6 30 30 M M 10 8 39 30
15 41 25 33 -10 32 0 0.00 M M 10.1 22 10 M M 7 29 360
16 55 21 38 -5 27 0 0.00 M M 6.5 15 60 M M 0 20 60
17 55 20 38 -6 27 0 0.00 M M 4.7 10 170 M M 0 8 12 160
18 62 25 44 0 21 0 0.00 M M 5.3 12 270 M M 0 13 180
19 64 26 45 1 20 0 0.00 M M 5.7 12 140 M M 0 14 120
20 67 28 48 4 17 0 0.00 M M 6.4 15 290 M M 1 23 320
21 66 28 47 3 18 0 0.00 M M 4.7 16 330 M M 0 21 320
22 64 27 46 1 19 0 0.00 M M 5.2 13 170 M M 0 16 170
23 59 31 45 0 20 0 0.01 M M 7.5 23 280 M M 2 8 27 280
24 55 23 39 -6 26 0 0.02 M M 4.9 17 290 M M 1 8 27 190
25 54 29 42 -3 23 0 0.01 M M 3.7 16 260 M M 7 20 230
26 58 21 40 -6 25 0 0.00 M M 7.4 22 290 M M 3 31 300
27 62 35 49 3 16 0 0.00 M M 4.9 18 260 M M 6 24 240
28 63 33 48 2 17 0 0.01 M M 10.2 24 180 M M 8 32 190
29 63 47 55 9 10 0 0.00 M M 15.2 28 190 M M 4 35 200
30 57 38 48 2 17 0 0.08 M M 10.9 32 270 M M 4 8 42 280
31 57 29 43 -3 22 0 0.00 M M 9.1 24 280 M M 3 33 280
================================================================================
SM 1765 853 699 0 0.33 M 206.0 M 82
================================================================================
AV 56.9 27.5 6.6 FASTST M M 3 MAX(MPH)
MISC ----> # 32 270 # 42 280
================================================================================
NOTES:
# LAST OF SEVERAL OCCURRENCES
COLUMN 17 PEAK WIND IN M.P.H.
PRELIMINARY LOCAL CLIMATOLOGICAL DATA (WS FORM: F-6) , PAGE 2
STATION: YAKIMA WA
MONTH: MARCH
YEAR: 2020
LATITUDE: 46 34 N
LONGITUDE: 120 32 W
[TEMPERATURE DATA] [PRECIPITATION DATA] SYMBOLS USED IN COLUMN 16
AVERAGE MONTHLY: 42.2 TOTAL FOR MONTH: 0.33 1 = FOG OR MIST
DPTR FM NORMAL: -1.0 DPTR FM NORMAL: -0.29 2 = FOG REDUCING VISIBILITY
HIGHEST: 67 ON 20 GRTST 24HR 0.18 ON 13-13 TO 1/4 MILE OR LESS
LOWEST: 18 ON 1 3 = THUNDER
SNOW, ICE PELLETS, HAIL 4 = ICE PELLETS
TOTAL MONTH: M 5 = HAIL
GRTST 24HR M ON M 6 = FREEZING RAIN OR DRIZZLE
GRTST DEPTH: M ON M 7 = DUSTSTORM OR SANDSTORM:
VSBY 1/2 MILE OR LESS
8 = SMOKE OR HAZE
[NO. OF DAYS WITH] [WEATHER - DAYS WITH] 9 = BLOWING SNOW
X = TORNADO
MAX 32 OR BELOW: 0 0.01 INCH OR MORE: 7
MAX 90 OR ABOVE: 0 0.10 INCH OR MORE: 1
MIN 32 OR BELOW: 26 0.50 INCH OR MORE: 0
MIN 0 OR BELOW: 0 1.00 INCH OR MORE: 0
[HDD (BASE 65) ]
TOTAL THIS MO. 699 CLEAR (SCALE 0-3) 21
DPTR FM NORMAL 22 PTCLDY (SCALE 4-7) 8
TOTAL FM JUL 1 4933 CLOUDY (SCALE 8-10) 2
DPTR FM NORMAL -271
[CDD (BASE 65) ]
TOTAL THIS MO. 0
DPTR FM NORMAL 0 [PRESSURE DATA]
TOTAL FM JAN 1 0 HIGHEST SLP 30.35 ON 1
DPTR FM NORMAL 0 LOWEST SLP 29.62 ON 13
[REMARKS]
#FINAL-03-20#