000
CXUS56 KPDT 011910
CF6YKM
PRELIMINARY LOCAL CLIMATOLOGICAL DATA (WS FORM: F-6)
STATION: YAKIMA WA
MONTH: FEBRUARY
YEAR: 2023
LATITUDE: 46 34 N
LONGITUDE: 120 32 W
TEMPERATURE IN F: :PCPN: SNOW: WIND :SUNSHINE: SKY :PK WND
================================================================================
1 2 3 4 5 6A 6B 7 8 9 10 11 12 13 14 15 16 17 18
12Z AVG MX 2MIN
DY MAX MIN AVG DEP HDD CDD WTR SNW DPTH SPD SPD DIR MIN PSBL S-S WX SPD DR
================================================================================
1 34 21 28 -6 37 0 0.00 M M 1.3 6 320 M M 0 6 230
2 41 17 29 -5 36 0 0.00 M M 2.5 9 250 M M 0 18 11 250
3 43 23 33 -1 32 0 0.00 M M 3.3 14 320 M M 2 18 18 320
4 45 26 36 1 29 0 0.09 M M 2.9 9 260 M M 8 18 12 260
5 45 29 37 2 28 0 0.23 M M 3.9 9 280 M M 6 12 10 280
6 44 31 38 3 27 0 0.00 M M 2.6 13 310 M M 0 1 17 310
7 53 32 43 8 22 0 0.00 M M 5.2 23 270 M M 1 33 280
8 53 25 39 4 26 0 0.00 M M 3.6 12 260 M M 1 16 270
9 50 28 39 4 26 0 0.00 M M 2.2 10 280 M M 2 12 270
10 49 25 37 1 28 0 0.00 M M 3.4 10 270 M M 1 11 270
11 51 24 38 2 27 0 0.00 M M 4.6 10 270 M M 0 11 270
12 51 24 38 2 27 0 0.00 M M 2.8 10 140 M M 0 12 140
13 51 29 40 4 25 0 0.00 M M 11.9 29 280 M M 1 42 270
14 50 29 40 4 25 0 0.00 M M 7.4 18 320 M M 2 28 290
15 46 18 32 -5 33 0 0.00 M M 4.7 9 280 M M 0 12 140
16 45 22 34 -3 31 0 0.00 M M 1.7 7 290 M M 2 8 290
17 52 28 40 3 25 0 0.00 M M 2.9 8 220 M M 5 11 270
18 54 30 42 5 23 0 0.00 M M 4.9 13 190 M M 5 16 170
19 60 27 44 6 21 0 0.00 M M 5.3 21 290 M M 1 26 280
20 60 31 46 8 19 0 0.00 M M 8.7 35 270 M M 2 49 270
21 51 30 41 3 24 0 T M M 14.5 32 270 M M 2 47 270
22 35 21 28 -10 37 0 T M M 11.7 26 40 M M 10 8 35 40
23 23 16 20 -18 45 0 0.00 M M 10.6 24 50 M M 9 33 50
24 30 8 19 -20 46 0 0.00 M M 5.6 14 340 M M 0 20 30
25 35 10 23 -16 42 0 0.00 M M 3.2 8 130 M M 0 14 160
26 49 21 35 -4 30 0 0.00 M M 6.5 31 280 M M 1 41 270
27 38 19 29 -10 36 0 0.09 M M 3.9 8 270 M M 8 18 11 250
28 39 25 32 -8 33 0 0.03 M M 2.8 9 270 M M 8 18 11 280
================================================================================
SM 1277 669 840 0 0.44 M 144.6 M 77
================================================================================
AV 45.6 23.9 5.2 FASTST M M 3 MAX(MPH)
MISC ----> 35 270 49 270
================================================================================
NOTES:
# LAST OF SEVERAL OCCURRENCES
COLUMN 17 PEAK WIND IN M.P.H.
PRELIMINARY LOCAL CLIMATOLOGICAL DATA (WS FORM: F-6) , PAGE 2
STATION: YAKIMA WA
MONTH: FEBRUARY
YEAR: 2023
LATITUDE: 46 34 N
LONGITUDE: 120 32 W
[TEMPERATURE DATA] [PRECIPITATION DATA] SYMBOLS USED IN COLUMN 16
AVERAGE MONTHLY: 34.8 TOTAL FOR MONTH: 0.44 1 = FOG OR MIST
DPTR FM NORMAL: -1.8 DPTR FM NORMAL: -0.37 2 = FOG REDUCING VISIBILITY
HIGHEST: 60 ON 20,19 GRTST 24HR 0.32 ON 4- 5 TO 1/4 MILE OR LESS
LOWEST: 8 ON 24 3 = THUNDER
SNOW, ICE PELLETS, HAIL 4 = ICE PELLETS
TOTAL MONTH: M 5 = HAIL
GRTST 24HR M ON M 6 = FREEZING RAIN OR DRIZZLE
GRTST DEPTH: M ON M 7 = DUSTSTORM OR SANDSTORM:
VSBY 1/2 MILE OR LESS
8 = SMOKE OR HAZE
[NO. OF DAYS WITH] [WEATHER - DAYS WITH] 9 = BLOWING SNOW
X = TORNADO
MAX 32 OR BELOW: 2 0.01 INCH OR MORE: 4
MAX 90 OR ABOVE: 0 0.10 INCH OR MORE: 1
MIN 32 OR BELOW: 28 0.50 INCH OR MORE: 0
MIN 0 OR BELOW: 0 1.00 INCH OR MORE: 0
[HDD (BASE 65) ]
TOTAL THIS MO. 840 CLEAR (SCALE 0-3) 20
DPTR FM NORMAL 46 PTCLDY (SCALE 4-7) 6
TOTAL FM JUL 1 4396 CLOUDY (SCALE 8-10) 2
DPTR FM NORMAL 62
[CDD (BASE 65) ]
TOTAL THIS MO. 0
DPTR FM NORMAL 0 [PRESSURE DATA]
TOTAL FM JAN 1 0 HIGHEST SLP 30.51 ON 9
DPTR FM NORMAL 0 LOWEST SLP 29.40 ON 21
[REMARKS]
#FINAL-02-23#