000
CXUS56 KPDT 020532
CF6YKM
PRELIMINARY LOCAL CLIMATOLOGICAL DATA (WS FORM: F-6)

                                          STATION:   YAKIMA WA
                                          MONTH:     MARCH
                                          YEAR:      2018
                                          LATITUDE:   46 34 N
                                          LONGITUDE: 120 32 W

  TEMPERATURE IN F:       :PCPN:    SNOW:  WIND      :SUNSHINE: SKY     :PK WND
================================================================================
1   2   3   4   5  6A  6B    7    8   9   10  11  12  13   14  15   16   17  18
                                     12Z  AVG MX 2MIN
DY MAX MIN AVG DEP HDD CDD  WTR  SNW DPTH SPD SPD DIR MIN PSBL S-S WX    SPD DR
================================================================================

 1  50  38  44   5  21   0 0.05  0.0    0  4.6 12 140   M    M   7 1       M  M
 2  51  33  42   2  23   0 0.03  0.1    0  7.4 21 200   M    M   7 1      27 200
 3  53  26  40   0  25   0 0.00  0.0    0  6.2 12 140   M    M   1        13 140
 4  52  23  38  -2  27   0 0.00  0.0    0  4.4 14 190   M    M   3        17 190
 5  53  27  40   0  25   0 0.00  0.0    0  6.3 20 290   M    M   5 8      24 300
 6  53  21  37  -4  28   0 0.00  0.0    0  3.9  9 270   M    M   2        11 210
 7  51  23  37  -4  28   0 0.00  0.0    0  5.5 10 320   M    M   2        12 330
 8  58  32  45   4  20   0    T  0.0    0  6.5 22 190   M    M   6        27 220
 9  56  30  43   1  22   0 0.00  0.0    0  8.8 24 330   M    M   1        31 320
10  58  23  41  -1  24   0 0.00  0.0    0  6.0 14  70   M    M   0        16  70
11  64  28  46   4  19   0 0.00  0.0    0  5.9 12 270   M    M   1        12 270
12  68  31  50   8  15   0 0.00  0.0    0  7.5 14 250   M    M   0        17 250
13  62  44  53  10  12   0 0.12  0.0    0  8.7 16  10   M    M   7        20  10
14  59  41  50   7  15   0 0.02  0.0    0  3.7 16 320   M    M   7        21 320
15  58  26  42  -1  23   0 0.00  0.0    0  4.3 10 250   M    M   0        14  80
16  56  33  45   2  20   0 0.00  0.0    0  6.6 15 130   M    M   6        20 140
17  60  39  50   6  15   0    T  0.0    0  6.9 26 320   M    M   7        32 330
18  61  26  44   0  21   0 0.00  0.0    0  4.6 17 340   M    M   0        21 340
19  60  25  43  -1  22   0 0.00  0.0    0  4.6 10 300   M    M   1        16 180
20  62  25  44   0  21   0 0.00  0.0    0  5.7 10 160   M    M   0        14 150
21  59  31  45   1  20   0 0.11  0.0    0  4.1 13 150   M    M   7 1      15 260
22  54  38  46   1  19   0 0.03  0.0    0  5.7 20 280   M    M   7 1      24 290
23  48  32  40  -5  25   0 0.01  0.2    0  7.8 26 210   M    M   5 1      34 190
24  53  31  42  -3  23   0 0.01  0.0    0  7.1 22 200   M    M   5        29 200
25  56  28  42  -3  23   0    T  0.0    0  6.0 13 290   M    M   4         M  M
26  60  30  45  -1  20   0 0.00  0.0    0  6.8 24 290   M    M   4        30 290
27  68  35  52   6  13   0 0.00  0.0    0 10.6 31 270   M    M   2        39 270
28  64  29  47   1  18   0 0.00  0.0    0  7.9 18 320   M    M   0        22 320
29  67  42  55   9  10   0 0.00  0.0    0  2.8 13 360   M    M   1        16  10
30  68  33  51   5  14   0 0.00  0.0    0  5.9 17  20   M    M   1        21  10
31  61  34  48   2  17   0 0.00  0.0    0  4.6 14 350   M    M   1        17 360
================================================================================
SM 1803  957       628   0  0.38     0.3 187.4          M      100
================================================================================
AV 58.2 30.9                               6.0 FASTST   M    M   3    MAX(MPH)
                                 MISC ---->  # 31 270               # 39  270
================================================================================
NOTES:
# LAST OF SEVERAL OCCURRENCES

COLUMN 17 PEAK WIND IN M.P.H.

PRELIMINARY LOCAL CLIMATOLOGICAL DATA (WS FORM: F-6) , PAGE 2

                                          STATION:  YAKIMA WA
                                          MONTH:    MARCH
                                          YEAR:     2018
                                          LATITUDE:   46 34 N
                                          LONGITUDE: 120 32 W

[TEMPERATURE DATA]      [PRECIPITATION DATA]       SYMBOLS USED IN COLUMN 16

AVERAGE MONTHLY: 44.5   TOTAL FOR MONTH:   0.38    1 = FOG OR MIST
DPTR FM NORMAL:   1.3   DPTR FM NORMAL:   -0.24    2 = FOG REDUCING VISIBILITY
HIGHEST:    68 ON 30,27 GRTST 24HR  0.12 ON 13-13      TO 1/4 MILE OR LESS
LOWEST:     21 ON  6                               3 = THUNDER
                        SNOW, ICE PELLETS, HAIL    4 = ICE PELLETS
                        TOTAL MONTH:   0.3 INCH    5 = HAIL
                        GRTST 24HR   0.2 ON 23-23  6 = FREEZING RAIN OR DRIZZLE
                        GRTST DEPTH:   0           7 = DUSTSTORM OR SANDSTORM:
                                                       VSBY 1/2 MILE OR LESS
                                                   8 = SMOKE OR HAZE
[NO. OF DAYS WITH]      [WEATHER - DAYS WITH]      9 = BLOWING SNOW
                                                   X = TORNADO
MAX 32 OR BELOW:   0    0.01 INCH OR MORE:   8
MAX 90 OR ABOVE:   0    0.10 INCH OR MORE:   2
MIN 32 OR BELOW:  20    0.50 INCH OR MORE:   0
MIN  0 OR BELOW:   0    1.00 INCH OR MORE:   0

[HDD (BASE 65) ]
TOTAL THIS MO.   628    CLEAR  (SCALE 0-3)  17
DPTR FM NORMAL   -49    PTCLDY (SCALE 4-7)  14
TOTAL FM JUL 1  4394    CLOUDY (SCALE 8-10)  0
DPTR FM NORMAL  -810

[CDD (BASE 65) ]
TOTAL THIS MO.     0
DPTR FM NORMAL     0    [PRESSURE DATA]
TOTAL FM JAN 1     0    HIGHEST SLP 30.37 ON  6
DPTR FM NORMAL     0    LOWEST  SLP 29.46 ON  2

[REMARKS]
#FINAL-03-18#
