000
CXUS56 KPDT 011810
CF6YKM
PRELIMINARY LOCAL CLIMATOLOGICAL DATA (WS FORM: F-6)
STATION: YAKIMA WA
MONTH: OCTOBER
YEAR: 2023
LATITUDE: 46 34 N
LONGITUDE: 120 32 W
TEMPERATURE IN F: :PCPN: SNOW: WIND :SUNSHINE: SKY :PK WND
================================================================================
1 2 3 4 5 6A 6B 7 8 9 10 11 12 13 14 15 16 17 18
12Z AVG MX 2MIN
DY MAX MIN AVG DEP HDD CDD WTR SNW DPTH SPD SPD DIR MIN PSBL S-S WX SPD DR
================================================================================
1 73 35 54 -2 11 0 0.00 M M 5.7 14 40 M M 0 24 50
2 65 40 53 -3 12 0 T M M 3.6 14 130 M M 7 22 150
3 77 46 62 6 3 0 0.00 M M 6.9 22 320 M M 2 31 300
4 81 55 68 13 0 3 0.00 M M 13.1 24 320 M M 0 34 300
5 80 48 64 9 1 0 0.00 M M 4.9 10 270 M M 0 12 270
6 79 47 63 9 2 0 0.00 M M 5.8 12 270 M M 0 14 250
7 80 44 62 8 3 0 0.00 M M 5.3 13 270 M M 0 13 270
8 79 45 62 9 3 0 0.00 M M 5.2 10 270 M M 0 M M
9 71 44 58 5 7 0 0.01 M M 5.3 20 200 M M 3 28 220
10 64 43 54 2 11 0 0.01 M M 7.9 22 170 M M M 31 190
11 64 40 52 0 13 0 T M M 4.7 16 190 M M 4 23 190
12 66 37 52 0 13 0 0.00 M M 4.8 10 250 M M 3 14 240
13 67 39 53 2 12 0 T M M 5.1 12 250 M M 1 1 14 240
14 66 43 55 4 10 0 0.01 M M 3.5 10 190 M M 7 14 190
15 66 47 57 7 8 0 T M M 5.9 10 340 M M 5 14 350
16 67 45 56 6 9 0 T M M 6.3 25 200 M M 2 8 35 190
17 65 40 53 4 12 0 0.00 M M 3.3 9 280 M M 3 8 15 240
18 70 35 53 4 12 0 0.00 M M 4.3 10 260 M M 0 18 11 270
19 76 35 56 8 9 0 0.00 M M 3.6 9 290 M M 0 8 11 280
20 77 42 60 12 5 0 0.00 M M 5.6 12 260 M M 0 8 13 120
21 72 42 57 9 8 0 T M M 4.7 10 250 M M 1 13 260
22 69 48 59 12 6 0 0.00 M M 5.4 13 350 M M 4 8 17 350
23 65 35 50 3 15 0 0.00 M M 6.1 23 280 M M 0 32 290
24 47 33 40 -6 25 0 0.11 M M 3.1 9 140 M M 6 12 130
25 49 31 40 -6 25 0 0.08 M M 4.9 15 40 M M 9 1 20 20
26 49 29 39 -7 26 0 0.09 M M 3.2 13 330 M M 9 1 15 90
27 48 25 37 -8 28 0 0.00 M M 4.6 10 260 M M 6 16 360
28 47 20 34 -11 31 0 0.00 M M 4.5 9 280 M M 0 10 270
29 47 17 32 -12 33 0 0.00 M M 3.4 9 270 M M 0 10 150
30 50 19 35 -9 30 0 0.00 M M 4.6 10 270 M M 0 8 11 280
31 49 20 35 -9 30 0 0.00 M M 3.6 10 260 M M 0 1 13 270
================================================================================
SM 2025 1169 413 3 0.31 M 158.9 M 72
================================================================================
AV 65.3 37.7 5.1 FASTST M M 2 MAX(MPH)
MISC ----> 25 200 35 190
================================================================================
NOTES:
# LAST OF SEVERAL OCCURRENCES
COLUMN 17 PEAK WIND IN M.P.H.
PRELIMINARY LOCAL CLIMATOLOGICAL DATA (WS FORM: F-6) , PAGE 2
STATION: YAKIMA WA
MONTH: OCTOBER
YEAR: 2023
LATITUDE: 46 34 N
LONGITUDE: 120 32 W
[TEMPERATURE DATA] [PRECIPITATION DATA] SYMBOLS USED IN COLUMN 16
AVERAGE MONTHLY: 51.5 TOTAL FOR MONTH: 0.31 1 = FOG OR MIST
DPTR FM NORMAL: 1.7 DPTR FM NORMAL: -0.33 2 = FOG REDUCING VISIBILITY
HIGHEST: 81 ON 4 GRTST 24HR 0.19 ON 24-25 TO 1/4 MILE OR LESS
LOWEST: 17 ON 29 3 = THUNDER
SNOW, ICE PELLETS, HAIL 4 = ICE PELLETS
TOTAL MONTH: M 5 = HAIL
GRTST 24HR M ON M 6 = FREEZING RAIN OR DRIZZLE
GRTST DEPTH: M ON M 7 = DUSTSTORM OR SANDSTORM:
VSBY 1/2 MILE OR LESS
8 = SMOKE OR HAZE
[NO. OF DAYS WITH] [WEATHER - DAYS WITH] 9 = BLOWING SNOW
X = TORNADO
MAX 32 OR BELOW: 0 0.01 INCH OR MORE: 6
MAX 90 OR ABOVE: 0 0.10 INCH OR MORE: 1
MIN 32 OR BELOW: 7 0.50 INCH OR MORE: 0
MIN 0 OR BELOW: 0 1.00 INCH OR MORE: 0
[HDD (BASE 65) ]
TOTAL THIS MO. 413 CLEAR (SCALE 0-3) 20
DPTR FM NORMAL -58 PTCLDY (SCALE 4-7) 8
TOTAL FM JUL 1 535 CLOUDY (SCALE 8-10) 3
DPTR FM NORMAL -102
[CDD (BASE 65) ]
TOTAL THIS MO. 3
DPTR FM NORMAL 2 [PRESSURE DATA]
TOTAL FM JAN 1 868 HIGHEST SLP 30.68 ON 29
DPTR FM NORMAL 262 LOWEST SLP 29.46 ON 10
[REMARKS]
#FINAL-10-23#