000
CDUS46 KPDT 210856 RRA
CLIYKM

CLIMATE REPORT
NATIONAL WEATHER SERVICE PENDLETON OR
156 AM PDT SAT JUL 21 2018


...................................

...THE YAKIMA WA CLIMATE SUMMARY FOR JULY 20 2018...

CLIMATE NORMAL PERIOD 1981 TO 2010
CLIMATE RECORD PERIOD 1946 TO 2018


WEATHER ITEM   OBSERVED TIME   RECORD YEAR NORMAL DEPARTURE LAST
                VALUE   (LST)  VALUE       VALUE  FROM      YEAR
                                                  NORMAL
..................................................................
TEMPERATURE (F)
 YESTERDAY
  MAXIMUM         87    444 PM 107    1971  89     -2       85
  MINIMUM         52    318 AM  44    1949  54     -2       55
  AVERAGE         70                        72     -2       70

PRECIPITATION (IN)
  YESTERDAY        0.00          0.27 1965   0.01  -0.01     0.00
  MONTH TO DATE    0.00                      0.16  -0.16     0.00
  SINCE OCT 1      5.17                      7.57  -2.40    11.49
  SINCE JAN 1      2.88                      4.45  -1.57     7.57

SNOWFALL (IN)
  YESTERDAY        0.0           0.0  2002   0.0    0.0      0.0
                                      2001
                                      2000
  MONTH TO DATE    0.0                       0.0    0.0      0.0
  SINCE JAN 1      0.8                       8.6   -7.8     29.1
  SINCE JUL 1      0.0                       0.0    0.0      0.0
  SNOW DEPTH       0

DEGREE DAYS
 HEATING
  YESTERDAY        0                         0      0        0
  MONTH TO DATE    6                        19    -13        0
  SINCE JUN 1     73                       117    -44       51
  SINCE JUL 1      6                        19    -13        0

 COOLING
  YESTERDAY        5                         7     -2        5
  MONTH TO DATE  161                       113     48      236
  SINCE JUN 1    226                       178     48      382
  SINCE JAN 1    321                       198    123      439
..................................................................


WIND (MPH)
  HIGHEST WIND SPEED    25   HIGHEST WIND DIRECTION     N (340)
  HIGHEST GUST SPEED    30   HIGHEST GUST DIRECTION     N (350)
  AVERAGE WIND SPEED     7.8


SKY COVER
  POSSIBLE SUNSHINE  MM
  AVERAGE SKY COVER 0.0


WEATHER CONDITIONS
 THE FOLLOWING WEATHER WAS RECORDED YESTERDAY.
  NO SIGNIFICANT WEATHER WAS OBSERVED.


RELATIVE HUMIDITY (PERCENT)
 HIGHEST    61           300 AM
 LOWEST     13           500 PM
 AVERAGE    37

..........................................................


THE YAKIMA WA CLIMATE NORMALS FOR TODAY
                         NORMAL    RECORD    YEAR
 MAXIMUM TEMPERATURE (F)   89       102      2006
                                             1994
                                             1971
 MINIMUM TEMPERATURE (F)   54        42      1984


SUNRISE AND SUNSET
JULY 21 2018..........SUNRISE   530 AM PDT   SUNSET   846 PM PDT
JULY 22 2018..........SUNRISE   531 AM PDT   SUNSET   845 PM PDT


-  INDICATES NEGATIVE NUMBERS.
R  INDICATES RECORD WAS SET OR TIED.
MM INDICATES DATA IS MISSING.
T  INDICATES TRACE AMOUNT.

$$
