000
CXAK56 PAFC 251320
CF6ANC
PRELIMINARY LOCAL CLIMATOLOGICAL DATA (WS FORM: F-6)

                                          STATION:   ANCHORAGE AK
                                          MONTH:     MAY
                                          YEAR:      2018
                                          LATITUDE:   61 10 N
                                          LONGITUDE: 150  2 W

  TEMPERATURE IN F:       :PCPN:    SNOW:  WIND      :SUNSHINE: SKY     :PK WND
================================================================================
1   2   3   4   5  6A  6B    7    8   9   10  11  12  13   14  15   16   17  18
                                     12Z  AVG MX 2MIN
DY MAX MIN AVG DEP HDD CDD  WTR  SNW DPTH SPD SPD DIR MIN PSBL S-S WX    SPD DR
================================================================================

 1  50  40  45   2  20   0 0.02  0.0    0 14.3 20 240   M    M   7        33 230
 2  47  36  42  -1  23   0 0.00  0.0    0  8.5 16 180   M    M   6        33 160
 3  46  38  42  -2  23   0    T  0.0    0  8.2 18 150   M    M  10        36 160
 4  47  39  43  -1  22   0 0.00  0.0    0 16.5 28 150   M    M   9        42 150
 5  51  40  46   2  19   0 0.03  0.0    0 12.5 23 160   M    M   6        33 140
 6  51  37  44  -1  21   0 0.04  0.0    0 12.5 22 150   M    M   9 1      31 170
 7  51  34  43  -2  22   0    T  0.0    0  5.9 15 150   M    M   8        21 150
 8  58  36  47   2  18   0 0.01  0.0    0  5.5 12 130   M    M   8         M  M
 9  56  42  49   3  16   0    T  0.0    0  4.9 23 160   M    M   9        35 160
10  58  46  52   6  13   0    T  0.0    0 10.5 24 120   M    M   9        37 150
11  54  44  49   3  16   0 0.02  0.0    0 13.7 20 140   M    M   9        37 150
12  53  43  48   1  17   0 0.00  0.0    0 13.9 18 150   M    M   8        30 160
13  59  32  46  -1  19   0    T  0.0    0  4.9 10 150   M    M   6        25 150
14  55  43  49   2  16   0 0.01  0.0    0  8.5 16 190   M    M   9        29 170
15  53  39  46  -2  19   0 0.02  0.0    0  9.9 18 150   M    M   8        33 150
16  51  40  46  -2  19   0    T  0.0    0  9.0 18 150   M    M  10        36 150
17  54  41  48   0  17   0 0.03  0.0    0  4.9 10 150   M    M  10         M  M
18  55  44  50   1  15   0 0.11  0.0    0  5.3 13 220   M    M  10 1      15 220
19  54  46  50   1  15   0 0.00  0.0    0 11.7 20 160   M    M   8        32 160
20  54  44  49   0  16   0    T  0.0    0  5.2 15 150   M    M  10        27 170
21  56  43  50   1  15   0 0.00  0.0    0  7.8 18 150   M    M   8        26 150
22  61  45  53   3  12   0    T  0.0    0 12.7 24 160   M    M   8        34 140
23  57  47  52   2  13   0 0.00  0.0    0 12.3 22 160   M    M   8        35 150
24  56  42  49  -1  16   0 0.00  0.0    0 13.5 25 170   M    M   7        37 170
================================================================================
SM 1287  981       422   0  0.29     0.0 232.6          M      200
================================================================================
AV 53.6 40.9                               9.7 FASTST   M    M   8    MAX(MPH)
                                 MISC ---->  # 28 150               # 42  150
================================================================================
NOTES:
# LAST OF SEVERAL OCCURRENCES

COLUMN 17 PEAK WIND IN M.P.H.

PRELIMINARY LOCAL CLIMATOLOGICAL DATA (WS FORM: F-6) , PAGE 2

                                          STATION:  ANCHORAGE AK
                                          MONTH:    MAY
                                          YEAR:     2018
                                          LATITUDE:   61 10 N
                                          LONGITUDE: 150  2 W

[TEMPERATURE DATA]      [PRECIPITATION DATA]       SYMBOLS USED IN COLUMN 16

AVERAGE MONTHLY: 47.3   TOTAL FOR MONTH:   0.29    1 = FOG OR MIST
DPTR FM NORMAL:   0.5   DPTR FM NORMAL:   -0.24    2 = FOG REDUCING VISIBILITY
HIGHEST:    61 ON 22    GRTST 24HR  0.11 ON 18-18      TO 1/4 MILE OR LESS
LOWEST:     32 ON 13                               3 = THUNDER
                        SNOW, ICE PELLETS, HAIL    4 = ICE PELLETS
                        TOTAL MONTH:   0.0 INCH    5 = HAIL
                        GRTST 24HR     0.0         6 = FREEZING RAIN OR DRIZZLE
                        GRTST DEPTH:   0           7 = DUSTSTORM OR SANDSTORM:
                                                       VSBY 1/2 MILE OR LESS
                                                   8 = SMOKE OR HAZE
[NO. OF DAYS WITH]      [WEATHER - DAYS WITH]      9 = BLOWING SNOW
                                                   X = TORNADO
MAX 32 OR BELOW:   0    0.01 INCH OR MORE:   9
MAX 90 OR ABOVE:   0    0.10 INCH OR MORE:   1
MIN 32 OR BELOW:   1    0.50 INCH OR MORE:   0
MIN  0 OR BELOW:   0    1.00 INCH OR MORE:   0

[HDD (BASE 65) ]
TOTAL THIS MO.   422    CLEAR  (SCALE 0-3)   0
DPTR FM NORMAL   -16    PTCLDY (SCALE 4-7)  12
TOTAL FM JUL 1  9048    CLOUDY (SCALE 8-10) 12
DPTR FM NORMAL  -757

[CDD (BASE 65) ]
TOTAL THIS MO.     0
DPTR FM NORMAL     0    [PRESSURE DATA]
TOTAL FM JAN 1     0    HIGHEST SLP M ON M
DPTR FM NORMAL     0    LOWEST  SLP 29.32 ON  4

[REMARKS]
