000
CXUS51 KCTP 280800
CF6AOO
PRELIMINARY LOCAL CLIMATOLOGICAL DATA (WS FORM: F-6)
STATION: ALTOONA
MONTH: MARCH
YEAR: 2024
LATITUDE: 40 17 N
LONGITUDE: 78 19 W
TEMPERATURE IN F: :PCPN: SNOW: WIND :SUNSHINE: SKY :PK WND
================================================================================
1 2 3 4 5 6A 6B 7 8 9 10 11 12 13 14 15 16 17 18
12Z AVG MX 2MIN
DY MAX MIN AVG DEP HDD CDD WTR SNW DPTH SPD SPD DIR MIN PSBL S-S WX SPD DR
================================================================================
1 46 23 35 1 30 0 0.08 M M 7.9 22 170 M M 2 1 31 180
2 48 39 44 10 21 0 0.46 M M 3.1 12 170 M M 10 1 17 170
3 61 44 53 19 12 0 0.00 M M 2.2 9 150 M M 8 1 13 140
4 67 38 53 18 12 0 0.00 M M 6.9 17 150 M M 4 12 24 140
5 55 48 52 17 13 0 0.10 M M 4.8 12 170 M M 10 18 15 180
6 54 50 52 17 13 0 0.24 M M 3.4 8 160 M M 10 12 11 70
7 59 41 50 14 15 0 0.08 M M 6.9 16 10 M M 6 1 21 10
8 57 33 45 9 20 0 T M M 7.3 22 150 M M 4 12 32 130
9 47 39 43 7 22 0 1.27 M M 7.6 23 150 M M 10 1 34 130
10 42 30 36 -1 29 0 0.03 M M 20.1 33 310 M M 9 1 50 300
11 48 30 39 2 26 0 T M M 19.7 35 300 M M 2 51 300
12 67 43 55 18 10 0 0.00 M M 13.7 26 280 M M 0 39 270
13 70 50 60 22 5 0 0.00 M M 8.1 18 260 M M 0 25 290
14 74 44 59 21 6 0 0.26 M M 6.4 29 360 M M 2 13 39 20
15 62 44 53 15 12 0 0.04 M M 12.0 28 210 M M 8 39 220
16 59 34 47 8 18 0 0.00 M M 10.6 21 270 M M 4 31 230
17 55 37 46 7 19 0 T M M 14.8 29 270 M M 6 43 270
18 37 30 34 -5 31 0 T M M 13.1 22 280 M M 9 8 31 270
19 44 29 37 -3 28 0 T M M 13.1 22 250 M M 9 8 29 260
20 52 27 40 0 25 0 0.02 M M 16.1 32 280 M M 8 46 250
21 41 22 32 -8 33 0 0.00 M M 10.3 20 320 M M 1 27 340
22 52 20 36 -5 29 0 0.00 M M 7.6 20 150 M M 2 28 140
23 44 28 36 -5 29 0 0.34 0.0 0 11.0 24 340 M M 7 1 34 320
24 46 24 35 -6 30 0 0.00 M M 7.0 16 350 M M 1 24 360
25 56 29 43 1 22 0 0.00 M M 8.8 17 160 M M 0 25 170
26 58 39 49 7 16 0 T M M 9.5 17 180 M M 3 25 170
27 63 41 52 9 13 0 0.00 M M 6.8 17 160 M M 5 1 23 170
================================================================================
SM 1464 956 539 0 2.92 0.0 258.8 M 140
================================================================================
AV 54.2 35.4 9.6 FASTST M M 5 MAX(MPH)
MISC ----> 35 300 51 300
================================================================================
NOTES:
# LAST OF SEVERAL OCCURRENCES
COLUMN 17 PEAK WIND IN M.P.H.
PRELIMINARY LOCAL CLIMATOLOGICAL DATA (WS FORM: F-6) , PAGE 2
STATION: ALTOONA
MONTH: MARCH
YEAR: 2024
LATITUDE: 40 17 N
LONGITUDE: 78 19 W
[TEMPERATURE DATA] [PRECIPITATION DATA] SYMBOLS USED IN COLUMN 16
AVERAGE MONTHLY: 44.8 TOTAL FOR MONTH: 2.92 1 = FOG OR MIST
DPTR FM NORMAL: 6.8 DPTR FM NORMAL: 0.31 2 = FOG REDUCING VISIBILITY
HIGHEST: 74 ON 14 GRTST 24HR 1.27 ON 8- 9 TO 1/4 MILE OR LESS
LOWEST: 20 ON 22 3 = THUNDER
SNOW, ICE PELLETS, HAIL 4 = ICE PELLETS
TOTAL MONTH: 0.0 INCH 5 = HAIL
GRTST 24HR 0.0 6 = FREEZING RAIN OR DRIZZLE
GRTST DEPTH: 0 7 = DUSTSTORM OR SANDSTORM:
VSBY 1/2 MILE OR LESS
8 = SMOKE OR HAZE
[NO. OF DAYS WITH] [WEATHER - DAYS WITH] 9 = BLOWING SNOW
X = TORNADO
MAX 32 OR BELOW: 0 0.01 INCH OR MORE: 11
MAX 90 OR ABOVE: 0 0.10 INCH OR MORE: 6
MIN 32 OR BELOW: 11 0.50 INCH OR MORE: 1
MIN 0 OR BELOW: 0 1.00 INCH OR MORE: 1
[HDD (BASE 65) ]
TOTAL THIS MO. 539 CLEAR (SCALE 0-3) 10
DPTR FM NORMAL -188 PTCLDY (SCALE 4-7) 9
TOTAL FM JUL 1 4308 CLOUDY (SCALE 8-10) 8
DPTR FM NORMAL -693
[CDD (BASE 65) ]
TOTAL THIS MO. 0
DPTR FM NORMAL 0 [PRESSURE DATA]
TOTAL FM JAN 1 0 HIGHEST SLP M ON M
DPTR FM NORMAL 0 LOWEST SLP 29.57 ON 17
[REMARKS]