000
CXUS53 KIND 251029
CF6BMG
PRELIMINARY LOCAL CLIMATOLOGICAL DATA (WS FORM: F-6)

                                          STATION:   BLOOMINGTON IN
                                          MONTH:     APRIL
                                          YEAR:      2018
                                          LATITUDE:   39  7 N
                                          LONGITUDE:  86 37 W

  TEMPERATURE IN F:       :PCPN:    SNOW:  WIND      :SUNSHINE: SKY     :PK WND
================================================================================
1   2   3   4   5  6A  6B    7    8   9   10  11  12  13   14  15   16   17  18
                                     12Z  AVG MX 2MIN
DY MAX MIN AVG DEP HDD CDD  WTR  SNW DPTH SPD SPD DIR MIN PSBL S-S WX    SPD DR
================================================================================

 1  49  33  41  -8  24   0 0.19    M    M  8.2 17 360   M    M   7 1      22  10
 2  44  30  37 -12  28   0 0.28    M    M  8.3 15 120   M    M   9 13     20 120
 3  71  41  56   6   9   0 1.52    M    M 12.2 33 230   M    M  10 13     45 220
 4  41  27  34 -16  31   0 0.00    M    M 11.6 28 290   M    M   9        41 280
 5  52  24  38 -12  27   0 0.00    M    M  3.0 14 180   M    M   2        25 150
 6  56  30  43  -8  22   0    T    M    M 10.0 18 360   M    M   6        24 350
 7  44  29  37 -14  28   0 0.00    M    M  7.4 16 360   M    M   4        22  20
 8  44  21  33 -18  32   0 0.02    M    M  3.7 16 180   M    M   3 1      22 180
 9  43  33  38 -14  27   0 0.04    M    M  5.4 10 360   M    M  10 1      14 360
10  43  26  35 -17  30   0 0.00    M    M  2.4  9 300   M    M   6 18     12 280
11  64  26  45  -7  20   0 0.00    M    M  8.9 24 220   M    M   0        30 210
12  79  53  66  13   0   1 0.00    M    M 16.6 28 220   M    M   0        39 230
13  77  62  70  17   0   5 0.00    M    M 12.9 29 240   M    M   4        42 220
14  72  59  66  13   0   1 0.42    M    M 11.2 29 130   M    M   7 13     36 120
15  61  37  49  -5  16   0 0.42    M    M  9.3 21 290   M    M  10 1      28 280
16  37  29  33 -21  32   0 0.06    M    M 11.9 24 290   M    M  10 1268   33 280
17  51  31  41 -13  24   0 0.00    M    M  7.8 18 230   M    M   4        24 230
18  72  37  55   1  10   0 0.00    M    M 13.5 25 300   M    M   4        36 280
19  56  34  45 -10  20   0    T    M    M  9.6 21 280   M    M   5 18     31 280
20  63  32  48  -7  17   0 0.00    M    M  7.4 17  80   M    M   0        21  90
21  65  36  51  -4  14   0 0.00    M    M  7.4 16 110   M    M   0        20 110
22  68  49  59   3   6   0 0.00    M    M 10.4 17  70   M    M   1        22  70
23  61  49  55  -1  10   0 0.89    M    M 10.5 16  90   M    M  10 1      22  50
24  57  52  55  -1  10   0 0.20    M    M  5.8 12  10   M    M  10 1      14  10
================================================================================
SM 1370  880       437   7  4.04    M    215.4          M      131
================================================================================
AV 57.1 36.7                               9.0 FASTST   M    M   5    MAX(MPH)
                                 MISC ---->  # 33 230               # 45  220
================================================================================
NOTES:
# LAST OF SEVERAL OCCURRENCES

COLUMN 17 PEAK WIND IN M.P.H.

PRELIMINARY LOCAL CLIMATOLOGICAL DATA (WS FORM: F-6) , PAGE 2

                                          STATION:  BLOOMINGTON IN
                                          MONTH:    APRIL
                                          YEAR:     2018
                                          LATITUDE:   39  7 N
                                          LONGITUDE:  86 37 W

[TEMPERATURE DATA]      [PRECIPITATION DATA]       SYMBOLS USED IN COLUMN 16

AVERAGE MONTHLY: 46.9   TOTAL FOR MONTH:   4.04    1 = FOG OR MIST
DPTR FM NORMAL:  -5.8   DPTR FM NORMAL:    0.34    2 = FOG REDUCING VISIBILITY
HIGHEST:    79 ON 12    GRTST 24HR  1.52 ON  3- 3      TO 1/4 MILE OR LESS
LOWEST:     21 ON  8                               3 = THUNDER
                        SNOW, ICE PELLETS, HAIL    4 = ICE PELLETS
                        TOTAL MONTH:    M          5 = HAIL
                        GRTST 24HR    M  ON   M    6 = FREEZING RAIN OR DRIZZLE
                        GRTST DEPTH:  M  ON   M    7 = DUSTSTORM OR SANDSTORM:
                                                       VSBY 1/2 MILE OR LESS
                                                   8 = SMOKE OR HAZE
[NO. OF DAYS WITH]      [WEATHER - DAYS WITH]      9 = BLOWING SNOW
                                                   X = TORNADO
MAX 32 OR BELOW:   0    0.01 INCH OR MORE:  10
MAX 90 OR ABOVE:   0    0.10 INCH OR MORE:   7
MIN 32 OR BELOW:  11    0.50 INCH OR MORE:   2
MIN  0 OR BELOW:   0    1.00 INCH OR MORE:   1

[HDD (BASE 65) ]
TOTAL THIS MO.   437    CLEAR  (SCALE 0-3)   7
DPTR FM NORMAL   130    PTCLDY (SCALE 4-7)   9
TOTAL FM JUL 1  5043    CLOUDY (SCALE 8-10)  8
DPTR FM NORMAL   -20

[CDD (BASE 65) ]
TOTAL THIS MO.     7
DPTR FM NORMAL    -9    [PRESSURE DATA]
TOTAL FM JAN 1    13    HIGHEST SLP M ON M
DPTR FM NORMAL    -6    LOWEST  SLP 29.45 ON  3

[REMARKS]
