000
CXUS53 KILX 270900
CF6BMI
PRELIMINARY LOCAL CLIMATOLOGICAL DATA (WS FORM: F-6)

                                          STATION:   BLOOMINGTON IL AIRPORT
                                          MONTH:     MAY
                                          YEAR:      2018
                                          LATITUDE:   40 28 N
                                          LONGITUDE:  88 56 W

  TEMPERATURE IN F:       :PCPN:    SNOW:  WIND      :SUNSHINE: SKY     :PK WND
================================================================================
1   2   3   4   5  6A  6B    7    8   9   10  11  12  13   14  15   16   17  18
                                     12Z  AVG MX 2MIN
DY MAX MIN AVG DEP HDD CDD  WTR  SNW DPTH SPD SPD DIR MIN PSBL S-S WX    SPD DR
================================================================================

 1  83  52  68   M   0   3 0.00    M    M 20.3 27 200   M    M   0        41 170
 2  87  64  76   M   0  11 0.00    M    M 19.1 28 220   M    M   3        33 220
 3  73  63  68   M   0   3 0.14    M    M 17.3 27 190   M    M   6 3      32 190
 4  74  58  66   M   0   1    T    M    M 14.1 24 300   M    M   3        33 300
 5  82  52  67   M   0   2 0.00    M    M  6.8 10 320   M    M   0         M  M
 6  81  50  66   M   0   1    T    M    M  9.6 23  40   M    M   3        30  40
 7  78  46  62   M   3   0 0.00    M    M  8.5 18  40   M    M   1        22  40
 8  80  52  66   M   0   1 0.00    M    M 10.5 17 160   M    M   0        24 140
 9  83  60  72   M   0   7    M    M    M 19.8 30 200   M    M   4 3      41 200
10  83  56  70   M   0   5 0.00    M    M  8.6 16  60   M    M   1        16 330
11  86  57  72   M   0   7 0.00    M    M 14.0 21  30   M    M   1        30 190
12  69  51  60   M   5   0    M    M    M 12.2 25 100   M    M   5 138    30 350
13  82  51  67   M   0   2 0.00    M    M  7.8 15 350   M    M   5 18     41 340
14  90  60  75   M   0  10    T    M    M 12.0 21 210   M    M   3 13     31 200
15  77  56  67   M   0   2    T    M    M 12.3 20  40   M    M   5         M  M
16  84  52  68   M   0   3 0.00    M    M 11.0 15  30   M    M   2        21  60
17  87  55  71   M   0   6 0.00    M    M 13.3 23  60   M    M   0        31  60
18  77  56  67   M   0   2    T    M    M 13.7 21  70   M    M   8        27  70
19  84  63  74   M   0   9 0.00    M    M  7.5 18 310   M    M   4 18     22 310
20  76  56  66   M   0   1    T    M    M  9.6 15  60   M    M   4 18      M  M
21  78  56  67   M   0   2 0.08    M    M 10.0 14 230   M    M   8 13      M  M
22  80  60  70   M   0   5    T    M    M  8.8 14 340   M    M   4 1       M  M
23  87  53  70   M   0   5 0.00    M    M  6.4  9 140   M    M   0         M  M
24  89  63  76   M   0  11 0.00    M    M  8.2 13 160   M    M   1         M  M
25  89  63  76   M   0  11 0.22    M    M 10.0 20 300   M    M   3 3      27 300
26  89  67  78   M   0  13 0.00    M    M  7.7 12 260   M    M   2 1       M  M
================================================================================
SM 2128 1472         8 123  0.44    M    299.1          M       76
================================================================================
AV 81.9 56.6                              11.5 FASTST   M    M   3    MAX(MPH)
                                 MISC ---->  # 30 200               # 41  170
================================================================================
NOTES:
# LAST OF SEVERAL OCCURRENCES

COLUMN 17 PEAK WIND IN M.P.H.

PRELIMINARY LOCAL CLIMATOLOGICAL DATA (WS FORM: F-6) , PAGE 2

                                          STATION:  BLOOMINGTON IL AIRPORT
                                          MONTH:    MAY
                                          YEAR:     2018
                                          LATITUDE:   40 28 N
                                          LONGITUDE:  88 56 W

[TEMPERATURE DATA]      [PRECIPITATION DATA]       SYMBOLS USED IN COLUMN 16

AVERAGE MONTHLY: 69.2   TOTAL FOR MONTH:   0.44    1 = FOG OR MIST
DPTR FM NORMAL:     M   DPTR FM NORMAL:       M    2 = FOG REDUCING VISIBILITY
HIGHEST:    90 ON 14    GRTST 24HR  0.22 ON 25-25      TO 1/4 MILE OR LESS
LOWEST:     46 ON  7                               3 = THUNDER
                        SNOW, ICE PELLETS, HAIL    4 = ICE PELLETS
                        TOTAL MONTH:    M          5 = HAIL
                        GRTST 24HR    M  ON   M    6 = FREEZING RAIN OR DRIZZLE
                        GRTST DEPTH:  M  ON   M    7 = DUSTSTORM OR SANDSTORM:
                                                       VSBY 1/2 MILE OR LESS
                                                   8 = SMOKE OR HAZE
[NO. OF DAYS WITH]      [WEATHER - DAYS WITH]      9 = BLOWING SNOW
                                                   X = TORNADO
MAX 32 OR BELOW:   0    0.01 INCH OR MORE:   3
MAX 90 OR ABOVE:   1    0.10 INCH OR MORE:   2
MIN 32 OR BELOW:   0    0.50 INCH OR MORE:   0
MIN  0 OR BELOW:   0    1.00 INCH OR MORE:   0

[HDD (BASE 65) ]
TOTAL THIS MO.     8    CLEAR  (SCALE 0-3)  14
DPTR FM NORMAL     M    PTCLDY (SCALE 4-7)  11
TOTAL FM JUL 1  5870    CLOUDY (SCALE 8-10)  1
DPTR FM NORMAL     M

[CDD (BASE 65) ]
TOTAL THIS MO.   123
DPTR FM NORMAL     M    [PRESSURE DATA]
TOTAL FM JAN 1   124    HIGHEST SLP M ON M
DPTR FM NORMAL     M    LOWEST  SLP M ON M

[REMARKS]
