000
CXUS51 KRLX 281102
CF6CRW
PRELIMINARY LOCAL CLIMATOLOGICAL DATA (WS FORM: F-6)
STATION: CHARLESTON WV
MONTH: MARCH
YEAR: 2024
LATITUDE: 38 22 N
LONGITUDE: 81 36 W
TEMPERATURE IN F: :PCPN: SNOW: WIND :SUNSHINE: SKY :PK WND
================================================================================
1 2 3 4 5 6A 6B 7 8 9 10 11 12 13 14 15 16 17 18
12Z AVG MX 2MIN
DY MAX MIN AVG DEP HDD CDD WTR SNW DPTH SPD SPD DIR MIN PSBL S-S WX SPD DR
================================================================================
1 54 24 39 -2 26 0 0.03 T 0 6.0 18 140 M M 6 4 23 140
2 55 46 51 9 14 0 0.14 0.0 0 1.6 14 160 M M 9 1 18 140
3 73 46 60 18 5 0 0.00 0.0 0 1.5 9 260 M M 5 1 13 280
4 78 46 62 20 3 0 0.00 0.0 0 2.2 10 230 M M 3 13 230
5 76 52 64 22 1 0 T 0.0 0 2.3 16 300 M M 5 24 310
6 60 53 57 14 8 0 0.37 0.0 0 2.7 12 320 M M 10 1 17 320
7 54 47 51 8 14 0 0.01 0.0 0 3.2 13 310 M M 10 1 19 310
8 64 44 54 11 11 0 0.04 0.0 0 6.4 20 150 M M 10 1 25 150
9 57 41 49 5 16 0 1.21 0.0 0 7.6 18 320 M M 10 1 28 320
10 43 36 40 -4 25 0 0.01 T 0 11.0 23 300 M M 8 37 290
11 55 30 43 -1 22 0 0.00 0.0 0 6.0 16 240 M M 0 21 250
12 69 30 50 6 15 0 0.00 0.0 0 3.3 16 220 M M 2 8 22 220
13 74 35 55 10 10 0 0.00 0.0 0 2.3 22 230 M M 2 29 210
14 78 41 60 15 5 0 T 0.0 0 4.9 17 170 M M 4 27 120
15 69 47 58 13 7 0 0.27 0.0 0 5.2 25 320 M M 9 13 44 320
16 64 36 50 4 15 0 0.00 0.0 0 4.2 17 200 M M 5 12 23 210
17 61 43 52 6 13 0 0.00 0.0 0 9.8 20 240 M M 6 37 300
18 43 32 38 -8 27 0 T 0.0 0 7.3 18 300 M M 8 8 32 320
19 54 28 41 -6 24 0 0.00 0.0 0 10.4 21 230 M M 4 33 210
20 61 39 50 3 15 0 0.00 0.0 0 13.8 26 260 M M 3 51 290
21 51 28 40 -8 25 0 0.00 0.0 0 4.1 12 190 M M 2 16 220
22 70 32 51 3 14 0 0.08 0.0 0 4.4 15 180 M M 6 21 180
23 54 31 43 -5 22 0 0.20 0.0 0 6.8 22 330 M M 8 1 35 350
24 58 26 42 -7 23 0 0.00 0.0 0 5.3 13 110 M M 1 17 60
25 70 44 57 8 8 0 0.00 0.0 0 10.4 23 150 M M 2 35 140
26 56 49 53 4 12 0 0.69 0.0 0 7.8 23 150 M M 8 13 36 130
27 67 43 55 5 10 0 0.00 0.0 0 4.6 17 330 M M 6 26 330
================================================================================
SM 1668 1049 390 0 3.05 T 155.1 M 152
================================================================================
AV 61.8 38.9 5.7 FASTST M M 6 MAX(MPH)
MISC ----> 26 260 51 290
================================================================================
NOTES:
# LAST OF SEVERAL OCCURRENCES
COLUMN 17 PEAK WIND IN M.P.H.
PRELIMINARY LOCAL CLIMATOLOGICAL DATA (WS FORM: F-6) , PAGE 2
STATION: CHARLESTON WV
MONTH: MARCH
YEAR: 2024
LATITUDE: 38 22 N
LONGITUDE: 81 36 W
[TEMPERATURE DATA] [PRECIPITATION DATA] SYMBOLS USED IN COLUMN 16
AVERAGE MONTHLY: 50.3 TOTAL FOR MONTH: 3.05 1 = FOG OR MIST
DPTR FM NORMAL: 5.1 DPTR FM NORMAL: -0.60 2 = FOG REDUCING VISIBILITY
HIGHEST: 78 ON 4,14 GRTST 24HR 1.23 ON 8- 9 TO 1/4 MILE OR LESS
LOWEST: 24 ON 1 3 = THUNDER
SNOW, ICE PELLETS, HAIL 4 = ICE PELLETS
TOTAL MONTH: T 5 = HAIL
GRTST 24HR T ON 10-10 6 = FREEZING RAIN OR DRIZZLE
GRTST DEPTH: 0 7 = DUSTSTORM OR SANDSTORM:
VSBY 1/2 MILE OR LESS
8 = SMOKE OR HAZE
[NO. OF DAYS WITH] [WEATHER - DAYS WITH] 9 = BLOWING SNOW
X = TORNADO
MAX 32 OR BELOW: 0 0.01 INCH OR MORE: 11
MAX 90 OR ABOVE: 0 0.10 INCH OR MORE: 6
MIN 32 OR BELOW: 9 0.50 INCH OR MORE: 2
MIN 0 OR BELOW: 0 1.00 INCH OR MORE: 1
[HDD (BASE 65) ]
TOTAL THIS MO. 390 CLEAR (SCALE 0-3) 6
DPTR FM NORMAL -147 PTCLDY (SCALE 4-7) 13
TOTAL FM JUL 1 3384 CLOUDY (SCALE 8-10) 8
DPTR FM NORMAL -525
[CDD (BASE 65) ]
TOTAL THIS MO. 0
DPTR FM NORMAL 0 [PRESSURE DATA]
TOTAL FM JAN 1 0 HIGHEST SLP M ON M
DPTR FM NORMAL 0 LOWEST SLP 29.60 ON 9
[REMARKS]