000
CXUS54 KEPZ 191030
CF6DMN
PRELIMINARY LOCAL CLIMATOLOGICAL DATA (WS FORM: F-6)
STATION: DEMING
MONTH: APRIL
YEAR: 2024
LATITUDE: 32 15 N
LONGITUDE: 107 42 W
TEMPERATURE IN F: :PCPN: SNOW: WIND :SUNSHINE: SKY :PK WND
================================================================================
1 2 3 4 5 6A 6B 7 8 9 10 11 12 13 14 15 16 17 18
12Z AVG MX 2MIN
DY MAX MIN AVG DEP HDD CDD WTR SNW DPTH SPD SPD DIR MIN PSBL S-S WX SPD DR
================================================================================
1 57 41 49 -8 16 0 0.08 M M 14.2 28 280 M M 5 38 300
2 62 41 52 -5 13 0 0.00 M M 7.6 23 300 M M 4 29 300
3 73 35 54 -4 11 0 0.00 M M 5.8 12 270 M M 0 17 280
4 79 36 58 0 7 0 0.00 M M 5.5 18 170 M M 0 26 180
5 77 42 60 2 5 0 0.00 M M 12.1 25 240 M M 0 37 250
6 59 38 49 -9 16 0 0.00 M M 21.9 37 290 M M 2 51 280
7 69 37 53 -5 12 0 0.00 M M 8.2 20 270 M M 0 29 260
8 72 36 54 -5 11 0 0.00 M M 8.1 22 270 M M 0 29 260
9 63 38 51 -8 14 0 0.00 M M 8.2 25 10 M M 3 36 360
10 78 37 58 -1 7 0 0.00 M M 7.6 18 260 M M 0 25 250
11 81 39 60 1 5 0 0.00 M M 6.2 18 50 M M 0 26 40
12 85 50 68 8 0 3 0.00 M M 9.3 21 180 M M 0 29 180
13 83 50 67 7 0 2 0.00 M M 9.6 25 260 M M 0 33 250
14 85 47 66 6 0 1 0.00 M M 10.2 28 250 M M 0 39 260
15 77 43 60 0 5 0 0.00 M M 15.7 38 290 M M 1 8 51 290
16 78 37 58 -2 7 0 0.00 M M 8.0 18 250 M M 0 26 250
17 84 42 63 3 2 0 0.00 M M 8.7 22 270 M M 0 30 270
18 86 48 67 6 0 2 0.00 M M 8.6 21 220 M M 0 29 210
================================================================================
SM 1348 737 131 8 0.08 M 175.5 M 15
================================================================================
AV 74.9 40.9 9.7 FASTST M M 1 MAX(MPH)
MISC ----> 38 290 # 51 280
================================================================================
NOTES:
# LAST OF SEVERAL OCCURRENCES
COLUMN 17 PEAK WIND IN M.P.H.
PRELIMINARY LOCAL CLIMATOLOGICAL DATA (WS FORM: F-6) , PAGE 2
STATION: DEMING
MONTH: APRIL
YEAR: 2024
LATITUDE: 32 15 N
LONGITUDE: 107 42 W
[TEMPERATURE DATA] [PRECIPITATION DATA] SYMBOLS USED IN COLUMN 16
AVERAGE MONTHLY: 57.9 TOTAL FOR MONTH: 0.08 1 = FOG OR MIST
DPTR FM NORMAL: -1.0 DPTR FM NORMAL: -0.05 2 = FOG REDUCING VISIBILITY
HIGHEST: 86 ON 18 GRTST 24HR 0.08 ON 1- 1 TO 1/4 MILE OR LESS
LOWEST: 35 ON 3 3 = THUNDER
SNOW, ICE PELLETS, HAIL 4 = ICE PELLETS
TOTAL MONTH: M 5 = HAIL
GRTST 24HR M ON M 6 = FREEZING RAIN OR DRIZZLE
GRTST DEPTH: M ON M 7 = DUSTSTORM OR SANDSTORM:
VSBY 1/2 MILE OR LESS
8 = SMOKE OR HAZE
[NO. OF DAYS WITH] [WEATHER - DAYS WITH] 9 = BLOWING SNOW
X = TORNADO
MAX 32 OR BELOW: 0 0.01 INCH OR MORE: 1
MAX 90 OR ABOVE: 0 0.10 INCH OR MORE: 0
MIN 32 OR BELOW: 0 0.50 INCH OR MORE: 0
MIN 0 OR BELOW: 0 1.00 INCH OR MORE: 0
[HDD (BASE 65) ]
TOTAL THIS MO. 131 CLEAR (SCALE 0-3) 15
DPTR FM NORMAL 16 PTCLDY (SCALE 4-7) 3
TOTAL FM JUL 1 2652 CLOUDY (SCALE 8-10) 0
DPTR FM NORMAL -316
[CDD (BASE 65) ]
TOTAL THIS MO. 8
DPTR FM NORMAL 7 [PRESSURE DATA]
TOTAL FM JAN 1 8 HIGHEST SLP M ON M
DPTR FM NORMAL 6 LOWEST SLP 29.62 ON 1
[REMARKS]