000
CXUS54 KFWD 210730
CF6DTO
PRELIMINARY LOCAL CLIMATOLOGICAL DATA (WS FORM: F-6)

                                          STATION:   DENTON
                                          MONTH:     APRIL
                                          YEAR:      2018
                                          LATITUDE:   33 12 N
                                          LONGITUDE:  97 12 W

  TEMPERATURE IN F:       :PCPN:    SNOW:  WIND      :SUNSHINE: SKY     :PK WND
================================================================================
1   2   3   4   5  6A  6B    7    8   9   10  11  12  13   14  15   16   17  18
                                     12Z  AVG MX 2MIN
DY MAX MIN AVG DEP HDD CDD  WTR  SNW DPTH SPD SPD DIR MIN PSBL S-S WX    SPD DR
================================================================================

 1  68  41  55  -5  10   0 0.00  0.0    0 13.0 22 360   M    M   9        26 360
 2  54  39  47 -13  18   0 0.00  0.0    0  6.5 17 150   M    M   9 1      20 150
 3  84  48  66   6   0   1 0.00  0.0    0 20.6 32 360   M    M   3        42 340
 4  62  35  49 -11  16   0 0.00  0.0    0  7.6 16  40   M    M   0        22  40
 5  75  41  58  -3   7   0 0.00  0.0    0 14.2 25 160   M    M   4        36 160
 6  87  47  67   6   0   2    T  0.0    0 16.9 36  10   M    M   8 3      43 330
 7  47  32  40 -21  25   0    T  0.0    0 14.7 28 360   M    M   9 16     35 360
 8  57  32  45 -17  20   0 0.00  0.0    0  6.6 16 150   M    M   5        19 120
 9  70  39  55  -7  10   0 0.00  0.0    0  7.7 17  60   M    M   3        24  10
10  71  41  56  -6   9   0 0.00  0.0    0  5.1 14  10   M    M   0        20  30
11  81  46  64   2   1   0 0.00  0.0    0 15.6 28 160   M    M   0        33 170
12  83  60  72  10   0   7 0.00  0.0    0 21.4 35 180   M    M   0        43 180
13  88  59  74  11   0   9 0.31  0.0    0 17.3 41 250   M    M   6 38     56 250
14  61  41  51 -12  14   0 0.00  0.0    0 17.9 31 320   M    M   0        40 310
15  64  36  50 -13  15   0 0.00  0.0    0 12.7 25 330   M    M   0        32 320
16  82  34  58  -6   7   0 0.00  0.0    0 11.5 25 170   M    M   0        30 180
17  87  58  73   9   0   8 0.00  0.0    0 19.3 31 170   M    M   0        37 180
18  76  45  61  -3   4   0 0.00  0.0    0 12.9 24 350   M    M   0        33 360
19  70  40  55  -9  10   0 0.00  0.0    0  8.3 18  30   M    M   0 8      24  20
20  69  48  59  -5   6   0 0.00  0.0    0 12.6 23 110   M    M   0        29 110
================================================================================
SM 1436  862       172  27  0.31     0.0 262.4          M       56
================================================================================
AV 71.8 43.1                              13.1 FASTST   M    M   3    MAX(MPH)
                                 MISC ---->  # 41 250               # 56  250
================================================================================
NOTES:
# LAST OF SEVERAL OCCURRENCES

COLUMN 17 PEAK WIND IN M.P.H.

PRELIMINARY LOCAL CLIMATOLOGICAL DATA (WS FORM: F-6) , PAGE 2

                                          STATION:  DENTON
                                          MONTH:    APRIL
                                          YEAR:     2018
                                          LATITUDE:   33 12 N
                                          LONGITUDE:  97 12 W

[TEMPERATURE DATA]      [PRECIPITATION DATA]       SYMBOLS USED IN COLUMN 16

AVERAGE MONTHLY: 57.5   TOTAL FOR MONTH:   0.31    1 = FOG OR MIST
DPTR FM NORMAL:  -4.6   DPTR FM NORMAL:   -1.75    2 = FOG REDUCING VISIBILITY
HIGHEST:    88 ON 13    GRTST 24HR  0.31 ON 13-13      TO 1/4 MILE OR LESS
LOWEST:     32 ON  8, 7                            3 = THUNDER
                        SNOW, ICE PELLETS, HAIL    4 = ICE PELLETS
                        TOTAL MONTH:   0.0 INCH    5 = HAIL
                        GRTST 24HR     0.0         6 = FREEZING RAIN OR DRIZZLE
                        GRTST DEPTH:   0           7 = DUSTSTORM OR SANDSTORM:
                                                       VSBY 1/2 MILE OR LESS
                                                   8 = SMOKE OR HAZE
[NO. OF DAYS WITH]      [WEATHER - DAYS WITH]      9 = BLOWING SNOW
                                                   X = TORNADO
MAX 32 OR BELOW:   0    0.01 INCH OR MORE:   1
MAX 90 OR ABOVE:   0    0.10 INCH OR MORE:   1
MIN 32 OR BELOW:   2    0.50 INCH OR MORE:   0
MIN  0 OR BELOW:   0    1.00 INCH OR MORE:   0

[HDD (BASE 65) ]
TOTAL THIS MO.   172    CLEAR  (SCALE 0-3)  12
DPTR FM NORMAL    73    PTCLDY (SCALE 4-7)   5
TOTAL FM JUL 1  2506    CLOUDY (SCALE 8-10)  3
DPTR FM NORMAL  -163

[CDD (BASE 65) ]
TOTAL THIS MO.    27
DPTR FM NORMAL   -15    [PRESSURE DATA]
TOTAL FM JAN 1    77    HIGHEST SLP M ON M
DPTR FM NORMAL    10    LOWEST  SLP 29.42 ON 13

[REMARKS]
