000
CXUS54 KEWX 230910
CF6ECU
PRELIMINARY LOCAL CLIMATOLOGICAL DATA (WS FORM: F-6)

                                          STATION:   Edwards County Airport
                                          MONTH:     APRIL
                                          YEAR:      2018
                                          LATITUDE:   29 57 N
                                          LONGITUDE: 100 10 W

  TEMPERATURE IN F:       :PCPN:    SNOW:  WIND      :SUNSHINE: SKY     :PK WND
================================================================================
1   2   3   4   5  6A  6B    7    8   9   10  11  12  13   14  15   16   17  18
                                     12Z  AVG MX 2MIN
DY MAX MIN AVG DEP HDD CDD  WTR  SNW DPTH SPD SPD DIR MIN PSBL S-S WX    SPD DR
================================================================================

 1  79  57  68   M   0   3 0.00    M    M 11.8 16 150   M    M   4        22 150
 2  79  64  72   M   0   7 0.00    M    M 11.9 18 140   M    M   8 1      24 140
 3  86  57  72   M   0   7 0.00    M    M 11.9 20 150   M    M   6 1      31  50
 4  72  46  59   M   6   0 0.00    M    M 11.9 17 150   M    M   7        30  60
 5  73  54  64   M   1   0 0.00    M    M 13.3 17 150   M    M   6        25 170
 6  84  66  75   M   0  10 0.00    M    M 10.8 17 160   M    M   4        27 160
 7  61  37  49   M  16   0 0.00    M    M 12.0 17 360   M    M   5        29  30
 8  79  37  58   M   7   0 0.00    M    M 10.5 21 190   M    M   4        22 210
 9  72  50  61   M   4   0 0.00    M    M  7.5 13  50   M    M   8 18     21  50
10  77  48  63   M   2   0 0.00    M    M  8.1 14  60   M    M   0 1      18  60
11  79  52  66   M   0   1 0.00    M    M 14.9 23 160   M    M   1        31 180
12  84  57  71   M   0   6 0.00    M    M 15.9 22 150   M    M   2        29 170
13  91  63  77   M   0  12 0.00    M    M 16.1 27 330   M    M   6 18     35 330
14  68  48  58   M   7   0 0.00    M    M 13.1 20 330   M    M   3        30 330
15  77  43  60   M   5   0 0.00    M    M  5.8 10 200   M    M   0        15 200
16  81  52  67   M   0   2 0.00    M    M 15.2 23 170   M    M   1        33 190
17  86  55  71   M   0   6 0.00    M    M 14.6 22 160   M    M   2        27 150
18  81  61  71   M   0   6 0.00    M    M  9.7 18 160   M    M   3 1      27 160
19  79  55  67   M   0   2 0.00    M    M  9.4 17  90   M    M   2        24  90
20  63  57  60   M   5   0 0.00    M    M 13.0 25 150   M    M  10 1      29 140
21  82  59  71   M   0   6 0.05    M    M 11.6 20 150   M    M   6 1      31 140
22  79  48  64   M   1   0 0.00  0.0    0  7.3 14  20   M    M   1        22  40
================================================================================
SM 1712 1166        54  68  0.05     0.0 256.3          M       89
================================================================================
AV 77.8 53.0                              11.7 FASTST   M    M   4    MAX(MPH)
                                 MISC ---->  # 27 330               # 35  330
================================================================================
NOTES:
# LAST OF SEVERAL OCCURRENCES

COLUMN 17 PEAK WIND IN M.P.H.

PRELIMINARY LOCAL CLIMATOLOGICAL DATA (WS FORM: F-6) , PAGE 2

                                          STATION:  Edwards County Airport
                                          MONTH:    APRIL
                                          YEAR:     2018
                                          LATITUDE:   29 57 N
                                          LONGITUDE: 100 10 W

[TEMPERATURE DATA]      [PRECIPITATION DATA]       SYMBOLS USED IN COLUMN 16

AVERAGE MONTHLY: 65.4   TOTAL FOR MONTH:   0.05    1 = FOG OR MIST
DPTR FM NORMAL:     M   DPTR FM NORMAL:       M    2 = FOG REDUCING VISIBILITY
HIGHEST:    91 ON 13    GRTST 24HR  0.05 ON 21-21      TO 1/4 MILE OR LESS
LOWEST:     37 ON  8, 7                            3 = THUNDER
                        SNOW, ICE PELLETS, HAIL    4 = ICE PELLETS
                        TOTAL MONTH:   0.0 INCH    5 = HAIL
                        GRTST 24HR     0.0         6 = FREEZING RAIN OR DRIZZLE
                        GRTST DEPTH:   0           7 = DUSTSTORM OR SANDSTORM:
                                                       VSBY 1/2 MILE OR LESS
                                                   8 = SMOKE OR HAZE
[NO. OF DAYS WITH]      [WEATHER - DAYS WITH]      9 = BLOWING SNOW
                                                   X = TORNADO
MAX 32 OR BELOW:   0    0.01 INCH OR MORE:   1
MAX 90 OR ABOVE:   1    0.10 INCH OR MORE:   0
MIN 32 OR BELOW:   0    0.50 INCH OR MORE:   0
MIN  0 OR BELOW:   0    1.00 INCH OR MORE:   0

[HDD (BASE 65) ]
TOTAL THIS MO.    54    CLEAR  (SCALE 0-3)   9
DPTR FM NORMAL     M    PTCLDY (SCALE 4-7)  12
TOTAL FM JUL 1   820    CLOUDY (SCALE 8-10)  1
DPTR FM NORMAL     M

[CDD (BASE 65) ]
TOTAL THIS MO.    68
DPTR FM NORMAL     M    [PRESSURE DATA]
TOTAL FM JAN 1   140    HIGHEST SLP M ON M
DPTR FM NORMAL     M    LOWEST  SLP M ON M

[REMARKS]
