000
CXUS53 KMKX 240645
CF6ENW
PRELIMINARY LOCAL CLIMATOLOGICAL DATA (WS FORM: F-6)

                                          STATION:   KENOSHA WI
                                          MONTH:     APRIL
                                          YEAR:      2018
                                          LATITUDE:   42 35 N
                                          LONGITUDE:  87 56 W

  TEMPERATURE IN F:       :PCPN:    SNOW:  WIND      :SUNSHINE: SKY     :PK WND
================================================================================
1   2   3   4   5  6A  6B    7    8   9   10  11  12  13   14  15   16   17  18
                                     12Z  AVG MX 2MIN
DY MAX MIN AVG DEP HDD CDD  WTR  SNW DPTH SPD SPD DIR MIN PSBL S-S WX    SPD DR
================================================================================

 1  35  19  27 -14  38   0 0.00  0.0    0  9.1 17 250   M    M   0        25 250
 2  40  19  30 -11  35   0 0.00  0.0    0  7.3 16 130   M    M   2        20 130
 3  38  32  35  -6  30   0 0.19    M    0 13.4 24  60   M    M  10 18     32  70
 4  36  25  31 -11  34   0    T    M    0 15.2 24 310   M    M   7 18     38 330
 5  45  16  31 -11  34   0 0.00  0.0    0  7.9 17 250   M    M   4 18     24 250
 6  38  22  30 -12  35   0 0.00  0.0    0 14.6 30 310   M    M   4 18     43 300
 7  37  15  26 -17  39   0 0.00  0.0    0  8.6 18 280   M    M   0        25 290
 8  38  16  27 -16  38   0 0.00  0.0    0  6.2 15  80   M    M   3        22 110
 9  37  24  31 -12  34   0 0.03    M    0  5.1 10  80   M    M   8 18     14  10
10  46  22  34 -10  31   0 0.00  0.0    0  8.8 18 250   M    M   4        33 240
11  63  39  51   7  14   0 0.25    M    0 11.8 20 250   M    M   5 18     28 250
12  69  40  55  11  10   0 0.03    M    0 12.7 24 260   M    M   3 18     34 280
13  44  38  41  -4  24   0 0.12    M    0 16.7 32  50   M    M   9 1      43  50
14  38  32  35 -10  30   0 0.45    M    0 26.8 36  60   M    M  10 1      49  60
15  34  27  31 -15  34   0 0.53    M    0 16.7 31  60   M    M  10 18     43  70
16  34  26  30 -16  35   0    T    M    M 14.4 20 300   M    M  10 1      29 290
17  38  26  32 -14  33   0 0.00  0.0    0  9.9 17 300   M    M   5        26 310
18  35  27  31 -16  34   0 0.14    M    0 10.4 23  70   M    M   9 148    30  60
19  49  31  40  -7  25   0 0.05    M    0  8.4 14 310   M    M   1 4      21 290
20  58  29  44  -3  21   0 0.00  0.0    0  4.3 12 120   M    M   0        16  90
21  57  30  44  -4  21   0 0.00  0.0    0  2.6 12  90   M    M   3        14  90
22  60  34  47  -1  18   0 0.00  0.0    0  7.2 16  80   M    M   1        21  90
23  64  36  50   2  15   0 0.00  0.0    0 10.0 18  40   M    M   0        25  40
================================================================================
SM 1033  625       662   0  1.79     0.0 248.1          M      108
================================================================================
AV 44.9 27.2                              10.8 FASTST   M    M   5    MAX(MPH)
                                 MISC ---->  # 36  60               # 49   60
================================================================================
NOTES:
# LAST OF SEVERAL OCCURRENCES

COLUMN 17 PEAK WIND IN M.P.H.

PRELIMINARY LOCAL CLIMATOLOGICAL DATA (WS FORM: F-6) , PAGE 2

                                          STATION:  KENOSHA WI
                                          MONTH:    APRIL
                                          YEAR:     2018
                                          LATITUDE:   42 35 N
                                          LONGITUDE:  87 56 W

[TEMPERATURE DATA]      [PRECIPITATION DATA]       SYMBOLS USED IN COLUMN 16

AVERAGE MONTHLY: 36.0   TOTAL FOR MONTH:   1.79    1 = FOG OR MIST
DPTR FM NORMAL:  -8.4   DPTR FM NORMAL:   -0.85    2 = FOG REDUCING VISIBILITY
HIGHEST:    69 ON 12    GRTST 24HR  0.53 ON 15-15      TO 1/4 MILE OR LESS
LOWEST:     15 ON  7                               3 = THUNDER
                        SNOW, ICE PELLETS, HAIL    4 = ICE PELLETS
                        TOTAL MONTH:   0.0 INCH    5 = HAIL
                        GRTST 24HR     0.0         6 = FREEZING RAIN OR DRIZZLE
                        GRTST DEPTH:   0           7 = DUSTSTORM OR SANDSTORM:
                                                       VSBY 1/2 MILE OR LESS
                                                   8 = SMOKE OR HAZE
[NO. OF DAYS WITH]      [WEATHER - DAYS WITH]      9 = BLOWING SNOW
                                                   X = TORNADO
MAX 32 OR BELOW:   0    0.01 INCH OR MORE:   9
MAX 90 OR ABOVE:   0    0.10 INCH OR MORE:   6
MIN 32 OR BELOW:  18    0.50 INCH OR MORE:   1
MIN  0 OR BELOW:   0    1.00 INCH OR MORE:   0

[HDD (BASE 65) ]
TOTAL THIS MO.   662    CLEAR  (SCALE 0-3)   7
DPTR FM NORMAL   188    PTCLDY (SCALE 4-7)   9
TOTAL FM JUL 1  6454    CLOUDY (SCALE 8-10)  7
DPTR FM NORMAL   -44

[CDD (BASE 65) ]
TOTAL THIS MO.     0
DPTR FM NORMAL     0    [PRESSURE DATA]
TOTAL FM JAN 1     0    HIGHEST SLP M ON M
DPTR FM NORMAL     0    LOWEST  SLP 29.54 ON 12

[REMARKS]
