583
CXUS52 KKEY 200545
CF6EYW
PRELIMINARY LOCAL CLIMATOLOGICAL DATA (WS FORM: F-6)

                                          STATION:   KEY WEST
                                          MONTH:     MAY
                                          YEAR:      2018
                                          LATITUDE:   24 32 N
                                          LONGITUDE:  81 45 W

  TEMPERATURE IN F:       :PCPN:    SNOW:  WIND      :SUNSHINE: SKY     :PK WND
================================================================================
1   2   3   4   5  6A  6B    7    8   9   10  11  12  13   14  15   16   17  18
                                     12Z  AVG MX 2MIN
DY MAX MIN AVG DEP HDD CDD  WTR  SNW DPTH SPD SPD DIR MIN PSBL S-S WX    SPD DR
================================================================================

 1  85  75  80   2   0  15    T  0.0    0 13.2 23  90   M    M   2        28  90
 2  85  73  79   1   0  14 0.08  0.0    0 12.5 23  90   M    M   4 1      30  90
 3  85  72  79   0   0  14 0.35  0.0    0 13.9 26 110   M    M   3 1      33 110
 4  84  76  80   1   0  15    T  0.0    0 13.5 24  90   M    M   2        31  90
 5  84  75  80   1   0  15 0.02  0.0    0  9.4 20  30   M    M   5 1      29  30
 6  83  75  79   0   0  14 0.00  0.0    0  6.5 14 170   M    M   2 8      16 180
 7  85  75  80   1   0  15 0.08  0.0    0  8.1 14 330   M    M   2 1      18 340
 8  86  73  80   1   0  15 0.88  0.0    0  7.9 25  40   M    M   3 1      33  30
 9  84  76  80   0   0  15 0.00  0.0    0 12.0 20 100   M    M   0        24 100
10  85  76  81   1   0  16 0.00  0.0    0 12.7 20 100   M    M   2        26 100
11  83  77  80   0   0  15    T  0.0    0 11.0 18 100   M    M   4        27 120
12  83  72  78  -2   0  13 0.11  0.0    0  8.0 18 100   M    M   4 1      24  90
13  78  72  75  -5   0  10 3.25  0.0    0  7.8 17 130   M    M   7 13     23 160
14  78  69  74  -6   0   9 1.24  0.0    0 10.3 26 160   M    M   6 13     30 160
15  83  77  80   0   0  15 0.00  0.0    0 11.3 18 190   M    M   1        23 180
16  84  75  80   0   0  15 0.33  0.0    0  9.5 18 220   M    M   1 13     24 230
17  81  76  79  -1   0  14 0.03  0.0    0  8.4 14 160   M    M   5        17 120
18  84  77  81   0   0  16 0.00  0.0    0  6.7 14 130   M    M   1        18 140
19  82  74  78  -3   0  13 0.06  0.0    0 11.4 20 130   M    M   2 1      24 130
================================================================================
SM 1582 1415         0 268  6.43     0.0 194.1          M       56
================================================================================
AV 83.3 74.5                              10.2 FASTST   M    M   3    MAX(MPH)
                                 MISC ---->  # 26 110               # 33  110
================================================================================
NOTES:
# LAST OF SEVERAL OCCURRENCES

COLUMN 17 PEAK WIND IN M.P.H.

PRELIMINARY LOCAL CLIMATOLOGICAL DATA (WS FORM: F-6) , PAGE 2

                                          STATION:  KEY WEST
                                          MONTH:    MAY
                                          YEAR:     2018
                                          LATITUDE:   24 32 N
                                          LONGITUDE:  81 45 W

[TEMPERATURE DATA]      [PRECIPITATION DATA]       SYMBOLS USED IN COLUMN 16

AVERAGE MONTHLY: 78.9   TOTAL FOR MONTH:   6.43    1 = FOG OR MIST
DPTR FM NORMAL:  -0.7   DPTR FM NORMAL:    4.98    2 = FOG REDUCING VISIBILITY
HIGHEST:    86 ON  8    GRTST 24HR  3.25 ON 13-13      TO 1/4 MILE OR LESS
LOWEST:     69 ON 14                               3 = THUNDER
                        SNOW, ICE PELLETS, HAIL    4 = ICE PELLETS
                        TOTAL MONTH:   0.0 INCH    5 = HAIL
                        GRTST 24HR     0.0         6 = FREEZING RAIN OR DRIZZLE
                        GRTST DEPTH:   0           7 = DUSTSTORM OR SANDSTORM:
                                                       VSBY 1/2 MILE OR LESS
                                                   8 = SMOKE OR HAZE
[NO. OF DAYS WITH]      [WEATHER - DAYS WITH]      9 = BLOWING SNOW
                                                   X = TORNADO
MAX 32 OR BELOW:   0    0.01 INCH OR MORE:  11
MAX 90 OR ABOVE:   0    0.10 INCH OR MORE:   6
MIN 32 OR BELOW:   0    0.50 INCH OR MORE:   3
MIN  0 OR BELOW:   0    1.00 INCH OR MORE:   2

[HDD (BASE 65) ]
TOTAL THIS MO.     0    CLEAR  (SCALE 0-3)  11
DPTR FM NORMAL     0    PTCLDY (SCALE 4-7)   8
TOTAL FM JUL 1    44    CLOUDY (SCALE 8-10)  0
DPTR FM NORMAL   -29

[CDD (BASE 65) ]
TOTAL THIS MO.   268
DPTR FM NORMAL   -10    [PRESSURE DATA]
TOTAL FM JAN 1  1355    HIGHEST SLP M ON M
DPTR FM NORMAL   123    LOWEST  SLP 29.88 ON M

[REMARKS]
