000
CXAK56 PAFG 231200
CF6FAI
PRELIMINARY LOCAL CLIMATOLOGICAL DATA (WS FORM: F-6)
STATION: FAIRBANKS AK
MONTH: APRIL
YEAR: 2024
LATITUDE: 64 49 N
LONGITUDE: 147 52 W
TEMPERATURE IN F: :PCPN: SNOW: WIND :SUNSHINE: SKY :PK WND
================================================================================
1 2 3 4 5 6A 6B 7 8 9 10 11 12 13 14 15 16 17 18
12Z AVG MX 2MIN
DY MAX MIN AVG DEP HDD CDD WTR SNW DPTH SPD SPD DIR MIN PSBL S-S WX SPD DR
================================================================================
1 45 17 31 10 34 0 T T 15 6.8 28 240 M M 8 39 230
2 17 3 10 -12 55 0 T 0.1 15 9.2 24 240 M M 8 1 35 240
3 25 2 14 -9 51 0 0.04 0.9 15 2.5 7 180 M M 8 1 10 170
4 39 17 28 4 37 0 0.02 0.2 15 3.5 15 220 M M 9 1 22 220
5 40 25 33 8 32 0 0.09 1.9 15 1.0 9 40 M M 9 1 12 40
6 44 19 32 6 33 0 0.00 0.0 15 4.3 13 30 M M 7 14 30
7 38 28 33 6 32 0 T T 14 5.1 12 190 M M M 16 200
8 37 24 31 3 34 0 T 0.2 14 4.6 14 350 M M 7 1 16 340
9 42 24 33 4 32 0 0.00 0.0 14 6.1 13 360 M M 7 16 360
10 46 14 30 0 35 0 0.00 0.0 13 1.7 9 200 M M 2 13 200
11 44 23 34 4 31 0 0.00 0.0 13 4.7 23 230 M M 8 35 220
12 40 30 35 4 30 0 0.03 1.5 12 4.8 17 240 M M 9 1 24 240
13 33 24 29 -3 36 0 T T 11 8.9 15 260 M M 8 20 280
14 33 20 27 -6 38 0 T T 11 5.5 14 250 M M 8 20 240
15 45 22 34 0 31 0 0.00 0.0 11 3.5 9 80 M M 5 12 100
16 50 22 36 1 29 0 0.00 0.0 10 2.2 9 190 M M 7 11 200
17 54 25 40 4 25 0 0.00 0.0 8 3.9 13 60 M M 8 15 60
18 57 35 46 10 19 0 0.00 0.0 7 3.9 9 40 M M 9 10 40
19 63 26 45 8 20 0 0.00 0.0 6 2.2 9 30 M M 2 11 30
20 62 26 44 6 21 0 0.00 0.0 5 3.3 9 320 M M 1 11 320
21 59 27 43 5 22 0 0.00 0.0 3 3.1 13 190 M M 1 17 190
22 56 29 43 4 22 0 0.00 0.0 2 3.9 13 180 M M 6 17 180
================================================================================
SM 969 482 699 0 0.18 4.8 94.7 M 137
================================================================================
AV 44.0 21.9 4.3 FASTST M M 7 MAX(MPH)
MISC ----> 28 240 39 230
================================================================================
NOTES:
# LAST OF SEVERAL OCCURRENCES
COLUMN 17 PEAK WIND IN M.P.H.
PRELIMINARY LOCAL CLIMATOLOGICAL DATA (WS FORM: F-6) , PAGE 2
STATION: FAIRBANKS AK
MONTH: APRIL
YEAR: 2024
LATITUDE: 64 49 N
LONGITUDE: 147 52 W
[TEMPERATURE DATA] [PRECIPITATION DATA] SYMBOLS USED IN COLUMN 16
AVERAGE MONTHLY: 33.0 TOTAL FOR MONTH: 0.18 1 = FOG OR MIST
DPTR FM NORMAL: 2.3 DPTR FM NORMAL: -0.05 2 = FOG REDUCING VISIBILITY
HIGHEST: 63 ON 19 GRTST 24HR 0.10 ON 4- 5 TO 1/4 MILE OR LESS
LOWEST: 2 ON 3 3 = THUNDER
SNOW, ICE PELLETS, HAIL 4 = ICE PELLETS
TOTAL MONTH: 5.2 INCHES 5 = HAIL
GRTST 24HR 1.9 ON 5- 5 6 = FREEZING RAIN OR DRIZZLE
GRTST DEPTH: 15 ON 6, 5 7 = DUSTSTORM OR SANDSTORM:
VSBY 1/2 MILE OR LESS
8 = SMOKE OR HAZE
[NO. OF DAYS WITH] [WEATHER - DAYS WITH] 9 = BLOWING SNOW
X = TORNADO
MAX 32 OR BELOW: 2 0.01 INCH OR MORE: 4
MAX 90 OR ABOVE: 0 0.10 INCH OR MORE: 0
MIN 32 OR BELOW: 21 0.50 INCH OR MORE: 0
MIN 0 OR BELOW: 0 1.00 INCH OR MORE: 0
[HDD (BASE 65) ]
TOTAL THIS MO. 699 CLEAR (SCALE 0-3) 4
DPTR FM NORMAL -58 PTCLDY (SCALE 4-7) 10
TOTAL FM JUL 1 12071 CLOUDY (SCALE 8-10) 8
DPTR FM NORMAL -563
[CDD (BASE 65) ]
TOTAL THIS MO. 0
DPTR FM NORMAL 0 [PRESSURE DATA]
TOTAL FM JAN 1 0 HIGHEST SLP M ON M
DPTR FM NORMAL 0 LOWEST SLP 29.32 ON 11
[REMARKS]