000
CXUS53 KFGF 240915
CF6FAR
PRELIMINARY LOCAL CLIMATOLOGICAL DATA (WS FORM: F-6)

                                          STATION:   FARGO HECTOR INTL AP ND
                                          MONTH:     APRIL
                                          YEAR:      2018
                                          LATITUDE:   46 54 N
                                          LONGITUDE:  96 48 W

  TEMPERATURE IN F:       :PCPN:    SNOW:  WIND      :SUNSHINE: SKY     :PK WND
================================================================================
1   2   3   4   5  6A  6B    7    8   9   10  11  12  13   14  15   16   17  18
                                     12Z  AVG MX 2MIN
DY MAX MIN AVG DEP HDD CDD  WTR  SNW DPTH SPD SPD DIR MIN PSBL S-S WX    SPD DR
================================================================================

 1  24   7  16 -20  49   0 0.00  0.0    5 13.8 22 270   M    M   0        27 260
 2  26  10  18 -19  47   0 0.14  1.5    4 12.8 23  10   M    M   8 1      32  10
 3  18   4  11 -27  54   0 0.00  0.0    5 15.2 26 360   M    M   3 8      32 360
 4  28   4  16 -22  49   0 0.00  0.0    5  8.8 18 240   M    M   0        23 220
 5  27   9  18 -21  47   0 0.07  1.5    4  9.5 33 330   M    M   5 1289   43 330
 6  20   3  12 -27  53   0 0.00  0.0    4 18.7 31 320   M    M   1 89     43 320
 7  24   3  14 -26  51   0 0.00  0.0    4  5.3 16 290   M    M   0        20 290
 8  27   8  18 -22  47   0 0.07  0.5    4  8.0 15 130   M    M   5 1      18  90
 9  31  22  27 -14  38   0 0.03  0.3    4  5.6 10 340   M    M   8 1      12 180
10  40  27  34  -7  31   0    T    T    3  8.1 16 240   M    M   5 1      20 220
11  42  25  34  -8  31   0 0.02  0.0    4  4.3 12  90   M    M   6 1      14  90
12  39  33  36  -6  29   0    T  0.0    1  7.9 23  20   M    M   M         M  M
13  37  30  34  -9  31   0 0.00  0.0    1 17.4 26  10   M    M   1        38  20
14  34  26  30 -14  35   0 0.00  0.0    1 16.2 24  40   M    M   0        32  30
15  35  24  30 -14  35   0 0.00  0.0    T 13.8 22 340   M    M   3        28 360
16  39  19  29 -16  36   0 0.00  0.0    T 10.4 22  10   M    M   0        27 360
17  45  25  35 -10  30   0 0.00  0.0    T  8.5 20 340   M    M   0        23 340
18  52  31  42  -4  23   0 0.00  0.0    T 11.1 24 360   M    M   0        31 360
19  57  27  42  -4  23   0 0.00  0.0    0  4.3 12 350   M    M   0        17 250
20  56  32  44  -3  21   0 0.00  0.0    0  9.4 18 180   M    M   0        27 140
21  62  33  48   1  17   0 0.00  0.0    0 10.2 18 200   M    M   1        30 190
22  67  35  51   3  14   0 0.00  0.0    0 14.2 24 180   M    M   1        37 180
23  67  41  54   6  11   0 0.00  0.0    0  9.2 16  10   M    M   3        23 350
================================================================================
SM  897  478       802   0  0.33     3.8 242.7          M       50
================================================================================
AV 39.0 20.8                              10.6 FASTST   M    M   2    MAX(MPH)
                                 MISC ---->  # 33 330               # 43  330
================================================================================
NOTES:
# LAST OF SEVERAL OCCURRENCES

COLUMN 17 PEAK WIND IN M.P.H.

PRELIMINARY LOCAL CLIMATOLOGICAL DATA (WS FORM: F-6) , PAGE 2

                                          STATION:  FARGO HECTOR INTL AP ND
                                          MONTH:    APRIL
                                          YEAR:     2018
                                          LATITUDE:   46 54 N
                                          LONGITUDE:  96 48 W

[TEMPERATURE DATA]      [PRECIPITATION DATA]       SYMBOLS USED IN COLUMN 16

AVERAGE MONTHLY: 29.9   TOTAL FOR MONTH:   0.33    1 = FOG OR MIST
DPTR FM NORMAL: -12.5   DPTR FM NORMAL:   -0.61    2 = FOG REDUCING VISIBILITY
HIGHEST:    67 ON 23,22 GRTST 24HR  0.14 ON  2- 2      TO 1/4 MILE OR LESS
LOWEST:      3 ON  7, 6                            3 = THUNDER
                        SNOW, ICE PELLETS, HAIL    4 = ICE PELLETS
                        TOTAL MONTH:   3.8 INCHES  5 = HAIL
                        GRTST 24HR   1.5 ON  5- 5  6 = FREEZING RAIN OR DRIZZLE
                        GRTST DEPTH:   5 ON  4, 3  7 = DUSTSTORM OR SANDSTORM:
                                                       VSBY 1/2 MILE OR LESS
                                                   8 = SMOKE OR HAZE
[NO. OF DAYS WITH]      [WEATHER - DAYS WITH]      9 = BLOWING SNOW
                                                   X = TORNADO
MAX 32 OR BELOW:   9    0.01 INCH OR MORE:   5
MAX 90 OR ABOVE:   0    0.10 INCH OR MORE:   1
MIN 32 OR BELOW:  19    0.50 INCH OR MORE:   0
MIN  0 OR BELOW:   0    1.00 INCH OR MORE:   0

[HDD (BASE 65) ]
TOTAL THIS MO.   802    CLEAR  (SCALE 0-3)  15
DPTR FM NORMAL   282    PTCLDY (SCALE 4-7)   6
TOTAL FM JUL 1  8646    CLOUDY (SCALE 8-10)  1
DPTR FM NORMAL   296

[CDD (BASE 65) ]
TOTAL THIS MO.     0
DPTR FM NORMAL     0    [PRESSURE DATA]
TOTAL FM JAN 1     0    HIGHEST SLP M ON M
DPTR FM NORMAL     0    LOWEST  SLP 29.69 ON 12

[REMARKS]
