000
CXUS54 KFWD 230730
CF6GKY
PRELIMINARY LOCAL CLIMATOLOGICAL DATA (WS FORM: F-6)

                                          STATION:   ARLINGTON
                                          MONTH:     MAY
                                          YEAR:      2018
                                          LATITUDE:   32 39 N
                                          LONGITUDE:  97  6 W

  TEMPERATURE IN F:       :PCPN:    SNOW:  WIND      :SUNSHINE: SKY     :PK WND
================================================================================
1   2   3   4   5  6A  6B    7    8   9   10  11  12  13   14  15   16   17  18
                                     12Z  AVG MX 2MIN
DY MAX MIN AVG DEP HDD CDD  WTR  SNW DPTH SPD SPD DIR MIN PSBL S-S WX    SPD DR
================================================================================

 1  78  68  73   4   0   8    T  0.0    0 16.3 25 140   M    M  10        31 140
 2  85  71  78   8   0  13    T  0.0    0 16.2 30 150   M    M   8 1      38 140
 3  76  65  71   1   0   6 0.39  0.0    0 10.8 28 150   M    M   6 13     38 280
 4  74  59  67  -3   0   2 0.66  0.0    0  6.1 18 110   M    M   6 13     24 180
 5  81  55  68  -2   0   3 0.00  0.0    0  6.5 20  10   M    M   0 1      24 360
 6  87  50  69  -2   0   4 0.00  0.0    0  2.8  9 130   M    M   0        12 160
 7  89  55  72   1   0   7 0.00  0.0    0  4.9 13 150   M    M   0        16 140
 8  86  64  75   4   0  10 0.00  0.0    0 11.0 23 160   M    M   0        31 160
 9  85  64  75   3   0  10 0.00  0.0    0 10.2 23 150   M    M   0        29 180
10  84  62  73   1   0   8 0.00  0.0    0 12.6 23 150   M    M   0        31 150
11  87  69  78   6   0  13 0.00  0.0    0 17.2 26 150   M    M   2        37 160
12  88  72  80   8   0  15 0.00  0.0    0 13.8 22 140   M    M   3        29 190
13  88  70  79   6   0  14 0.00  0.0    0 11.3 21 140   M    M   2        28 140
14  88  71  80   7   0  15 0.00  0.0    0 11.5 20 150   M    M   3        27 160
15  87  70  79   6   0  14    T  0.0    0  7.5 17 130   M    M   1        23 110
16  91  67  79   5   0  14 0.00  0.0    0  6.6 14 360   M    M   1        18 360
17  92  62  77   3   0  12 0.00  0.0    0  4.8 13 110   M    M   0        17 150
18  94  69  82   8   0  17 0.13  0.0    0 10.8 25 300   M    M   0 3      34 300
19  91  71  81   7   0  16 0.00  0.0    0 12.4 25 140   M    M   2        33 140
20  79  65  72  -3   0   7 0.57  0.0    0  6.1 20 140   M    M   3 13     26 280
21  86  61  74  -1   0   9 0.00  0.0    0  4.2 13 120   M    M   2 1      22 140
22  88  64  76   1   0  11 0.00  0.0    0  6.3 14 130   M    M   1        20 160
================================================================================
SM 1884 1424         0 228  1.75     0.0 209.9          M       50
================================================================================
AV 85.6 64.7                               9.5 FASTST   M    M   2    MAX(MPH)
                                 MISC ---->  # 30 150               # 38  140
================================================================================
NOTES:
# LAST OF SEVERAL OCCURRENCES

COLUMN 17 PEAK WIND IN M.P.H.

PRELIMINARY LOCAL CLIMATOLOGICAL DATA (WS FORM: F-6) , PAGE 2

                                          STATION:  ARLINGTON
                                          MONTH:    MAY
                                          YEAR:     2018
                                          LATITUDE:   32 39 N
                                          LONGITUDE:  97  6 W

[TEMPERATURE DATA]      [PRECIPITATION DATA]       SYMBOLS USED IN COLUMN 16

AVERAGE MONTHLY: 75.2   TOTAL FOR MONTH:   1.75    1 = FOG OR MIST
DPTR FM NORMAL:   2.9   DPTR FM NORMAL:   -1.49    2 = FOG REDUCING VISIBILITY
HIGHEST:    94 ON 18    GRTST 24HR  0.66 ON  4- 4      TO 1/4 MILE OR LESS
LOWEST:     50 ON  6                               3 = THUNDER
                        SNOW, ICE PELLETS, HAIL    4 = ICE PELLETS
                        TOTAL MONTH:   0.0 INCH    5 = HAIL
                        GRTST 24HR     0.0         6 = FREEZING RAIN OR DRIZZLE
                        GRTST DEPTH:   0           7 = DUSTSTORM OR SANDSTORM:
                                                       VSBY 1/2 MILE OR LESS
                                                   8 = SMOKE OR HAZE
[NO. OF DAYS WITH]      [WEATHER - DAYS WITH]      9 = BLOWING SNOW
                                                   X = TORNADO
MAX 32 OR BELOW:   0    0.01 INCH OR MORE:   4
MAX 90 OR ABOVE:   4    0.10 INCH OR MORE:   4
MIN 32 OR BELOW:   0    0.50 INCH OR MORE:   2
MIN  0 OR BELOW:   0    1.00 INCH OR MORE:   0

[HDD (BASE 65) ]
TOTAL THIS MO.     0    CLEAR  (SCALE 0-3)  17
DPTR FM NORMAL    -5    PTCLDY (SCALE 4-7)   3
TOTAL FM JUL 1  2406    CLOUDY (SCALE 8-10)  2
DPTR FM NORMAL   177

[CDD (BASE 65) ]
TOTAL THIS MO.   228
DPTR FM NORMAL    62    [PRESSURE DATA]
TOTAL FM JAN 1   310    HIGHEST SLP M ON M
DPTR FM NORMAL     6    LOWEST  SLP 29.65 ON 18

[REMARKS]
