000
CXUS54 KEWX 210910
CF6HDO
PRELIMINARY LOCAL CLIMATOLOGICAL DATA (WS FORM: F-6)

                                          STATION:   HONDO
                                          MONTH:     MAY
                                          YEAR:      2018
                                          LATITUDE:   29 21 N
                                          LONGITUDE:  99 10 W

  TEMPERATURE IN F:       :PCPN:    SNOW:  WIND      :SUNSHINE: SKY     :PK WND
================================================================================
1   2   3   4   5  6A  6B    7    8   9   10  11  12  13   14  15   16   17  18
                                     12Z  AVG MX 2MIN
DY MAX MIN AVG DEP HDD CDD  WTR  SNW DPTH SPD SPD DIR MIN PSBL S-S WX    SPD DR
================================================================================

 1  88  72  80   7   0  15 0.01    M    M 13.3 23 130   M    M  10 1      30 120
 2  91  75  83  10   0  18    T    M    M 13.8 26 130   M    M   9 18     32 130
 3  92  75  84  11   0  19 0.03    M    M 10.5 22 110   M    M   7 13     29 110
 4  75  63  69  -5   0   4 3.28    M    M 11.3 30  20   M    M   8 123    37  10
 5  88  62  75   1   0  10 0.00    M    M  7.0 14  20   M    M   3        18  40
 6  88  57  73  -1   0   8 0.00    M    M  4.8 10 180   M    M   0        12 150
 7  89  58  74   0   0   9 0.00    M    M  5.2 14 150   M    M   0        16 160
 8  90  57  74  -1   0   9 0.00    M    M  7.3 14 140   M    M   0        21 160
 9  88  59  74  -1   0   9 0.00    M    M  9.9 21 150   M    M   2        25 150
10  89  66  78   3   0  13 0.00    M    M 11.0 18 170   M    M   3        23 150
11  90  68  79   4   0  14 0.00    M    M 12.9 21 140   M    M   4        26 150
12  92  69  81   5   0  16 0.00    M    M 11.7 23 140   M    M   4        27 140
13  91  75  83   7   0  18 0.00    M    M 11.0 23 150   M    M   6        27 160
14  91  75  83   7   0  18 0.00    M    M  9.7 20 140   M    M   6        27 140
15  92  70  81   5   0  16 0.07    M    M  7.2 30  60   M    M   5 3      42  60
16  80  63  72  -5   0   7 0.00    M    M  5.1  9  10   M    M   1         M  M
17  97  67  82   5   0  17 0.00    M    M  6.9 15 150   M    M   0        22 140
18  98  66  82   5   0  17 0.00    M    M 10.6 23 130   M    M   1        31 130
19  94  73  84   7   0  19 0.09    M    M 15.2 25 160   M    M   5 3      33 150
20  87  64  76  -2   0  11 0.82  0.0    0 10.2 37 310   M    M   5 13     49 270
================================================================================
SM 1790 1334         0 267  4.30     0.0 194.6          M       79
================================================================================
AV 89.5 66.7                               9.7 FASTST   M    M   4    MAX(MPH)
                                 MISC ---->  # 37 310               # 49  270
================================================================================
NOTES:
# LAST OF SEVERAL OCCURRENCES

COLUMN 17 PEAK WIND IN M.P.H.

PRELIMINARY LOCAL CLIMATOLOGICAL DATA (WS FORM: F-6) , PAGE 2

                                          STATION:  HONDO
                                          MONTH:    MAY
                                          YEAR:     2018
                                          LATITUDE:   29 21 N
                                          LONGITUDE:  99 10 W

[TEMPERATURE DATA]      [PRECIPITATION DATA]       SYMBOLS USED IN COLUMN 16

AVERAGE MONTHLY: 78.1   TOTAL FOR MONTH:   4.30    1 = FOG OR MIST
DPTR FM NORMAL:   2.8   DPTR FM NORMAL:    2.23    2 = FOG REDUCING VISIBILITY
HIGHEST:    98 ON 18    GRTST 24HR  3.28 ON  4- 4      TO 1/4 MILE OR LESS
LOWEST:     57 ON  8, 6                            3 = THUNDER
                        SNOW, ICE PELLETS, HAIL    4 = ICE PELLETS
                        TOTAL MONTH:   0.0 INCH    5 = HAIL
                        GRTST 24HR     0.0         6 = FREEZING RAIN OR DRIZZLE
                        GRTST DEPTH:   0           7 = DUSTSTORM OR SANDSTORM:
                                                       VSBY 1/2 MILE OR LESS
                                                   8 = SMOKE OR HAZE
[NO. OF DAYS WITH]      [WEATHER - DAYS WITH]      9 = BLOWING SNOW
                                                   X = TORNADO
MAX 32 OR BELOW:   0    0.01 INCH OR MORE:   6
MAX 90 OR ABOVE:  11    0.10 INCH OR MORE:   2
MIN 32 OR BELOW:   0    0.50 INCH OR MORE:   2
MIN  0 OR BELOW:   0    1.00 INCH OR MORE:   1

[HDD (BASE 65) ]
TOTAL THIS MO.     0    CLEAR  (SCALE 0-3)   9
DPTR FM NORMAL     0    PTCLDY (SCALE 4-7)   8
TOTAL FM JUL 1  1148    CLOUDY (SCALE 8-10)  3
DPTR FM NORMAL  -437

[CDD (BASE 65) ]
TOTAL THIS MO.   267
DPTR FM NORMAL    62    [PRESSURE DATA]
TOTAL FM JAN 1   644    HIGHEST SLP M ON M
DPTR FM NORMAL   204    LOWEST  SLP 29.63 ON 18

[REMARKS]
