000
CXUS54 KBRO 200900
CF6HRL
PRELIMINARY LOCAL CLIMATOLOGICAL DATA (WS FORM: F-6)

                                          STATION:   HARLINGEN
                                          MONTH:     APRIL
                                          YEAR:      2018
                                          LATITUDE:   26 13 N
                                          LONGITUDE:  97 40 W

  TEMPERATURE IN F:       :PCPN:    SNOW:  WIND      :SUNSHINE: SKY     :PK WND
================================================================================
1   2   3   4   5  6A  6B    7    8   9   10  11  12  13   14  15   16   17  18
                                     12Z  AVG MX 2MIN
DY MAX MIN AVG DEP HDD CDD  WTR  SNW DPTH SPD SPD DIR MIN PSBL S-S WX    SPD DR
================================================================================

 1  92  63  78   6   0  13 0.00  0.0    0 15.6 25 140   M    M   1        31 160
 2  90  72  81   8   0  16 0.00  0.0    0 22.8 36 160   M    M   2        43 170
 3  89  73  81   8   0  16 0.00  0.0    0 15.7 28 160   M    M   6        35 160
 4  74  63  69  -4   0   4 0.01  0.0    0 13.6 36  10   M    M   9 1      44  10
 5  82  62  72  -1   0   7 0.06  0.0    0 11.1 23 130   M    M  10 18     27 130
 6  90  73  82   8   0  17 0.00  0.0    0 18.1 31 170   M    M   6        38 170
 7  81  53  67  -7   0   2 0.01  0.0    0 13.2 29 360   M    M   9 1      37 350
 8  76  48  62 -12   3   0 0.00  0.0    0  9.7 20 350   M    M   9 8      22 350
 9  86  68  77   3   0  12 0.05  0.0    0 12.0 23  30   M    M   8 1      28  30
10  76  57  67  -7   0   2 0.20  0.0    0 11.9 24  40   M    M   5 13     30  40
11  86  53  70  -4   0   5 0.00  0.0    0  8.7 20 130   M    M   0 1      29 150
12  89  63  76   1   0  11 0.00  0.0    0 20.8 31 150   M    M   4        37 140
13  92  74  83   8   0  18 0.00  0.0    0 24.6 38 180   M    M   6        46 170
14  81  55  68  -7   0   3 0.00  0.0    0 20.5 29 340   M    M   3        37  10
15  85  49  67  -8   0   2 0.00  0.0    0  8.5 20 120   M    M   0        25  80
16  88  52  70  -6   0   5 0.00  0.0    0 15.7 29 140   M    M   0        36 170
17  88  65  77   1   0  12 0.00  0.0    0 21.3 33 170   M    M   0        41 150
18  89  69  79   3   0  14 0.00  0.0    0 14.7 28 110   M    M   4        32 160
19  82  63  73  -3   0   8    T  0.0    0 11.7 25  40   M    M   6 1      30  80
================================================================================
SM 1616 1175         3 167  0.33     0.0 290.2          M       88
================================================================================
AV 85.1 61.8                              15.3 FASTST   M    M   5    MAX(MPH)
                                 MISC ---->  # 38 180               # 46  170
================================================================================
NOTES:
# LAST OF SEVERAL OCCURRENCES

COLUMN 17 PEAK WIND IN M.P.H.

PRELIMINARY LOCAL CLIMATOLOGICAL DATA (WS FORM: F-6) , PAGE 2

                                          STATION:  HARLINGEN
                                          MONTH:    APRIL
                                          YEAR:     2018
                                          LATITUDE:   26 13 N
                                          LONGITUDE:  97 40 W

[TEMPERATURE DATA]      [PRECIPITATION DATA]       SYMBOLS USED IN COLUMN 16

AVERAGE MONTHLY: 73.5   TOTAL FOR MONTH:   0.33    1 = FOG OR MIST
DPTR FM NORMAL:  -0.9   DPTR FM NORMAL:   -0.78    2 = FOG REDUCING VISIBILITY
HIGHEST:    92 ON 13, 1 GRTST 24HR  0.20 ON 10-10      TO 1/4 MILE OR LESS
LOWEST:     48 ON  8                               3 = THUNDER
                        SNOW, ICE PELLETS, HAIL    4 = ICE PELLETS
                        TOTAL MONTH:   0.0 INCH    5 = HAIL
                        GRTST 24HR     0.0         6 = FREEZING RAIN OR DRIZZLE
                        GRTST DEPTH:   0           7 = DUSTSTORM OR SANDSTORM:
                                                       VSBY 1/2 MILE OR LESS
                                                   8 = SMOKE OR HAZE
[NO. OF DAYS WITH]      [WEATHER - DAYS WITH]      9 = BLOWING SNOW
                                                   X = TORNADO
MAX 32 OR BELOW:   0    0.01 INCH OR MORE:   5
MAX 90 OR ABOVE:   4    0.10 INCH OR MORE:   1
MIN 32 OR BELOW:   0    0.50 INCH OR MORE:   0
MIN  0 OR BELOW:   0    1.00 INCH OR MORE:   0

[HDD (BASE 65) ]
TOTAL THIS MO.     3    CLEAR  (SCALE 0-3)   6
DPTR FM NORMAL    -4    PTCLDY (SCALE 4-7)   8
TOTAL FM JUL 1   644    CLOUDY (SCALE 8-10)  5
DPTR FM NORMAL    23

[CDD (BASE 65) ]
TOTAL THIS MO.   167
DPTR FM NORMAL   -17    [PRESSURE DATA]
TOTAL FM JAN 1   640    HIGHEST SLP 30.21 ON 11
DPTR FM NORMAL   161    LOWEST  SLP 29.62 ON M

[REMARKS]
