000
CXUS54 KFWD 280731
CF6ILE
PRELIMINARY LOCAL CLIMATOLOGICAL DATA (WS FORM: F-6)
STATION: KILLEEN SKYLARK
MONTH: MARCH
YEAR: 2024
LATITUDE: 31 4 N
LONGITUDE: 97 41 W
TEMPERATURE IN F: :PCPN: SNOW: WIND :SUNSHINE: SKY :PK WND
================================================================================
1 2 3 4 5 6A 6B 7 8 9 10 11 12 13 14 15 16 17 18
12Z AVG MX 2MIN
DY MAX MIN AVG DEP HDD CDD WTR SNW DPTH SPD SPD DIR MIN PSBL S-S WX SPD DR
================================================================================
1 73 37 55 2 10 0 0.00 M M 5.6 15 130 M M 2 1 M M
2 85 48 67 13 0 2 0.00 M M 9.7 17 160 M M 0 1 24 160
3 82 62 72 18 0 7 0.00 M M 15.1 20 170 M M 4 25 190
4 83 63 73 19 0 8 0.00 M M 9.8 15 180 M M 3 1 M M
5 87 57 72 18 0 7 0.00 M M 6.0 16 280 M M 0 1 21 280
6 84 51 68 13 0 3 0.00 M M 7.1 16 170 M M 0 1 21 170
7 73 63 68 13 0 3 0.00 M M 12.4 20 170 M M 7 1 32 160
8 78 47 63 8 2 0 0.15 M M 9.4 18 330 M M 4 13 32 330
9 60 43 52 -4 13 0 0.00 M M 12.2 18 340 M M 6 31 330
10 68 39 54 -2 11 0 0.00 M M 4.3 8 120 M M 0 M M
11 73 51 62 6 3 0 T M M 6.0 13 160 M M 4 20 160
12 78 55 67 11 0 2 0.00 M M 11.9 18 160 M M 5 23 190
13 83 65 74 17 0 9 0.00 M M 13.3 20 160 M M 6 25 160
14 80 70 75 18 0 10 0.00 M M 14.3 21 160 M M 8 25 160
15 71 60 66 9 0 1 0.00 M M 10.7 21 20 M M 7 1 28 20
16 65 58 62 5 3 0 0.03 M M 6.7 10 40 M M 10 1 M M
17 63 55 59 1 6 0 0.19 M M 9.6 18 20 M M 10 13 20 360
18 63 43 53 -5 12 0 0.00 M M 9.8 20 40 M M 3 23 20
19 68 36 52 -6 13 0 0.00 M M 5.6 10 170 M M 2 M M
20 69 46 58 -1 7 0 0.00 M M 7.8 13 160 M M 5 21 200
21 61 54 58 -1 7 0 0.44 M M 6.0 17 300 M M 9 13 23 270
22 71 47 59 0 6 0 0.01 M M 7.0 17 360 M M 1 1 26 340
23 73 50 62 3 3 0 0.00 M M 5.5 12 150 M M 2 M M
24 72 58 65 5 0 0 0.00 M M 17.0 23 160 M M 6 35 160
25 76 54 65 5 0 0 0.44 M M 9.3 18 350 M M 5 13 32 250
26 63 41 52 -8 13 0 0.00 M M 8.6 14 350 M M 0 8 M M
27 69 42 56 -4 9 0 0.10 M M 5.6 15 90 M M 2 18 150
================================================================================
SM 1971 1395 118 52 1.36 M 246.3 M 111
================================================================================
AV 73.0 51.7 9.1 FASTST M M 4 MAX(MPH)
MISC ----> 23 160 35 160
================================================================================
NOTES:
# LAST OF SEVERAL OCCURRENCES
COLUMN 17 PEAK WIND IN M.P.H.
PRELIMINARY LOCAL CLIMATOLOGICAL DATA (WS FORM: F-6) , PAGE 2
STATION: KILLEEN SKYLARK
MONTH: MARCH
YEAR: 2024
LATITUDE: 31 4 N
LONGITUDE: 97 41 W
[TEMPERATURE DATA] [PRECIPITATION DATA] SYMBOLS USED IN COLUMN 16
AVERAGE MONTHLY: 62.3 TOTAL FOR MONTH: 1.36 1 = FOG OR MIST
DPTR FM NORMAL: 5.4 DPTR FM NORMAL: -1.47 2 = FOG REDUCING VISIBILITY
HIGHEST: 87 ON 5 GRTST 24HR 0.45 ON 21-22 TO 1/4 MILE OR LESS
LOWEST: 36 ON 19 3 = THUNDER
SNOW, ICE PELLETS, HAIL 4 = ICE PELLETS
TOTAL MONTH: M 5 = HAIL
GRTST 24HR M ON M 6 = FREEZING RAIN OR DRIZZLE
GRTST DEPTH: M ON M 7 = DUSTSTORM OR SANDSTORM:
VSBY 1/2 MILE OR LESS
8 = SMOKE OR HAZE
[NO. OF DAYS WITH] [WEATHER - DAYS WITH] 9 = BLOWING SNOW
X = TORNADO
MAX 32 OR BELOW: 0 0.01 INCH OR MORE: 7
MAX 90 OR ABOVE: 0 0.10 INCH OR MORE: 5
MIN 32 OR BELOW: 0 0.50 INCH OR MORE: 0
MIN 0 OR BELOW: 0 1.00 INCH OR MORE: 0
[HDD (BASE 65) ]
TOTAL THIS MO. 118 CLEAR (SCALE 0-3) 11
DPTR FM NORMAL -123 PTCLDY (SCALE 4-7) 12
TOTAL FM JUL 1 1581 CLOUDY (SCALE 8-10) 4
DPTR FM NORMAL -472
[CDD (BASE 65) ]
TOTAL THIS MO. 52
DPTR FM NORMAL 30 [PRESSURE DATA]
TOTAL FM JAN 1 90 HIGHEST SLP M ON M
DPTR FM NORMAL 60 LOWEST SLP M ON M
[REMARKS]