000
CXUS55 KLBF 201200
CF6IML
PRELIMINARY LOCAL CLIMATOLOGICAL DATA (WS FORM: F-6)

                                          STATION:   IMPERIAL
                                          MONTH:     MAY
                                          YEAR:      2018
                                          LATITUDE:   40 31 N
                                          LONGITUDE: 101 37 W

  TEMPERATURE IN F:       :PCPN:    SNOW:  WIND      :SUNSHINE: SKY     :PK WND
================================================================================
1   2   3   4   5  6A  6B    7    8   9   10  11  12  13   14  15   16   17  18
                                     12Z  AVG MX 2MIN
DY MAX MIN AVG DEP HDD CDD  WTR  SNW DPTH SPD SPD DIR MIN PSBL S-S WX    SPD DR
================================================================================

 1  64  44  54   0  11   0    T    M    M 10.0 24 350   M    M   4        34 350
 2  66  43  55   1  10   0    T    M    M 10.4 22  60   M    M   6 3      27  20
 3  58  44  51  -4  14   0 0.39    M    M 13.3 31  10   M    M   6 13     39  10
 4  75  43  59   4   6   0 0.00    M    M  7.8 15 310   M    M   0        20 320
 5  85  46  66  10   0   1 0.00    M    M  8.8 20 340   M    M   0        29 340
 6  81  45  63   7   2   0 0.00    M    M  8.7 18  70   M    M   1        27  70
 7  88  50  69  13   0   4 0.00    M    M 12.4 28 120   M    M   0        36 140
 8  85  51  68  11   0   3 0.00    M    M 13.6 26 300   M    M   0        38 320
 9  85  48  67  10   0   2 0.00    M    M  6.2 13  10   M    M   0        17  60
10  89  48  69  11   0   4 0.03    M    M 15.6 33 110   M    M   1 3      45 100
11  60  49  55  -3  10   0 0.00    M    M 12.6 20  40   M    M  10 1      25  30
12  55  49  52  -6  13   0    T    M    M 10.7 18 340   M    M  10 1      25 350
13  65  48  57  -2   8   0 0.07    M    M  7.2 13 330   M    M   9 13     17 340
14  73  51  62   3   3   0 0.43    M    M  9.2 30 300   M    M   6 13     39 300
15  77  48  63   3   2   0 0.00    M    M  6.9 13 100   M    M   1        19 270
16  87  50  69   9   0   4 0.00  0.0    0  8.1 16 120   M    M   0        23 100
17  90  55  73  13   0   8 0.00    M    M 19.0 36 150   M    M   1        51 150
18  76  53  65   4   0   0 1.81    M    M 15.7 39  30   M    M   8 13     52  20
19  56  45  51 -10  14   0 0.45    M    M 16.1 29  40   M    M  10 1      40  50
================================================================================
SM 1415  910        93  26  3.18     0.0 212.3          M       73
================================================================================
AV 74.5 47.9                              11.2 FASTST   M    M   4    MAX(MPH)
                                 MISC ---->  # 39  30               # 52   20
================================================================================
NOTES:
# LAST OF SEVERAL OCCURRENCES

COLUMN 17 PEAK WIND IN M.P.H.

PRELIMINARY LOCAL CLIMATOLOGICAL DATA (WS FORM: F-6) , PAGE 2

                                          STATION:  IMPERIAL
                                          MONTH:    MAY
                                          YEAR:     2018
                                          LATITUDE:   40 31 N
                                          LONGITUDE: 101 37 W

[TEMPERATURE DATA]      [PRECIPITATION DATA]       SYMBOLS USED IN COLUMN 16

AVERAGE MONTHLY: 61.2   TOTAL FOR MONTH:   3.18    1 = FOG OR MIST
DPTR FM NORMAL:   3.6   DPTR FM NORMAL:    1.51    2 = FOG REDUCING VISIBILITY
HIGHEST:    90 ON 17    GRTST 24HR  1.81 ON 18-18      TO 1/4 MILE OR LESS
LOWEST:     43 ON  4, 2                            3 = THUNDER
                        SNOW, ICE PELLETS, HAIL    4 = ICE PELLETS
                        TOTAL MONTH:   0.0 INCH    5 = HAIL
                        GRTST 24HR     0.0         6 = FREEZING RAIN OR DRIZZLE
                        GRTST DEPTH:   0           7 = DUSTSTORM OR SANDSTORM:
                                                       VSBY 1/2 MILE OR LESS
                                                   8 = SMOKE OR HAZE
[NO. OF DAYS WITH]      [WEATHER - DAYS WITH]      9 = BLOWING SNOW
                                                   X = TORNADO
MAX 32 OR BELOW:   0    0.01 INCH OR MORE:   6
MAX 90 OR ABOVE:   1    0.10 INCH OR MORE:   4
MIN 32 OR BELOW:   0    0.50 INCH OR MORE:   1
MIN  0 OR BELOW:   0    1.00 INCH OR MORE:   1

[HDD (BASE 65) ]
TOTAL THIS MO.    93    CLEAR  (SCALE 0-3)  10
DPTR FM NORMAL   -62    PTCLDY (SCALE 4-7)   5
TOTAL FM JUL 1  6022    CLOUDY (SCALE 8-10)  4
DPTR FM NORMAL     2

[CDD (BASE 65) ]
TOTAL THIS MO.    26
DPTR FM NORMAL    10    [PRESSURE DATA]
TOTAL FM JAN 1    28    HIGHEST SLP M ON M
DPTR FM NORMAL    11    LOWEST  SLP 29.54 ON 10

[REMARKS]
