000
CXUS51 KOKX 230703
CF6JFK
PRELIMINARY LOCAL CLIMATOLOGICAL DATA (WS FORM: F-6)

                                          STATION:   KENNEDY NY
                                          MONTH:     MAY
                                          YEAR:      2018
                                          LATITUDE:   40 39 N
                                          LONGITUDE:  73 47 W

  TEMPERATURE IN F:       :PCPN:    SNOW:  WIND      :SUNSHINE: SKY     :PK WND
================================================================================
1   2   3   4   5  6A  6B    7    8   9   10  11  12  13   14  15   16   17  18
                                     12Z  AVG MX 2MIN
DY MAX MIN AVG DEP HDD CDD  WTR  SNW DPTH SPD SPD DIR MIN PSBL S-S WX    SPD DR
================================================================================

 1  76  47  62   6   3   0 0.00  0.0    0 10.6 22 320   M    M   4        28 320
 2  83  53  68  12   0   3 0.00  0.0    0 11.4 21 230   M    M   5        28 250
 3  84  59  72  15   0   7    T  0.0    0 11.4 22 320   M    M   6        27 320
 4  78  58  68  11   0   3 0.00  0.0    0 12.5 28 190   M    M   8 1      35 280
 5  76  56  66   9   0   1    T  0.0    0 14.3 26 330   M    M   8        34 330
 6  66  56  61   3   4   0 0.00  0.0    0  7.3 18  30   M    M  10        22  50
 7  73  52  63   5   2   0 0.00  0.0    0  8.4 16 140   M    M   6        20 140
 8  67  50  59   1   6   0 0.00  0.0    0  6.8 15 140   M    M   3         M  M
 9  63  49  56  -2   9   0 0.00  0.0    0  6.4 14 150   M    M   5 12      M  M
10  62  53  58  -1   7   0 0.01  0.0    0  8.3 23 180   M    M   9 123    29 170
11  74  58  66   7   0   1    T  0.0    0 11.4 18 330   M    M   6        28 330
12  65  52  59   0   6   0 0.25  0.0    0  8.1 16 120   M    M  10 1      18 130
13  54  51  53  -7  12   0 0.16  0.0    0  8.0 17 100   M    M  10 1      22 100
14  64  51  58  -2   7   0 0.12  0.0    0  7.1 15 170   M    M   8 12     18 170
15  76  56  66   6   0   1 0.44  0.0    0 11.0 44 290   M    M   8 123    55 290
16  65  56  61   0   4   0 0.33  0.0    0 10.0 22  90   M    M  10 1      28 100
17  67  55  61   0   4   0 0.72  0.0    0  5.3 14  30   M    M  10 1      16  30
18  64  55  60  -1   5   0 0.00  0.0    0 12.1 24  60   M    M  10 12     33  60
19  57  50  54  -8  11   0 0.75  0.0    0  8.9 21  80   M    M  10 12     26  90
20  83  57  70   8   0   5 0.00  0.0    0 13.0 23 340   M    M   7 12     32 320
21  73  57  65   3   0   0 0.00  0.0    0  9.5 20 360   M    M   6        24 360
22  65  56  61  -1   4   0 0.17  0.0    0  5.6 14 170   M    M  10 1      16 170
================================================================================
SM 1535 1187        84  21  2.95     0.0 207.4          M      169
================================================================================
AV 69.8 54.0                               9.4 FASTST   M    M   8    MAX(MPH)
                                 MISC ---->  # 44 290               # 55  290
================================================================================
NOTES:
# LAST OF SEVERAL OCCURRENCES

COLUMN 17 PEAK WIND IN M.P.H.

PRELIMINARY LOCAL CLIMATOLOGICAL DATA (WS FORM: F-6) , PAGE 2

                                          STATION:  KENNEDY NY
                                          MONTH:    MAY
                                          YEAR:     2018
                                          LATITUDE:   40 39 N
                                          LONGITUDE:  73 47 W

[TEMPERATURE DATA]      [PRECIPITATION DATA]       SYMBOLS USED IN COLUMN 16

AVERAGE MONTHLY: 61.9   TOTAL FOR MONTH:   2.95    1 = FOG OR MIST
DPTR FM NORMAL:   2.6   DPTR FM NORMAL:    0.29    2 = FOG REDUCING VISIBILITY
HIGHEST:    84 ON  3    GRTST 24HR  0.75 ON 19-19      TO 1/4 MILE OR LESS
LOWEST:     47 ON  1                               3 = THUNDER
                        SNOW, ICE PELLETS, HAIL    4 = ICE PELLETS
                        TOTAL MONTH:   0.0 INCH    5 = HAIL
                        GRTST 24HR     0.0         6 = FREEZING RAIN OR DRIZZLE
                        GRTST DEPTH:   0           7 = DUSTSTORM OR SANDSTORM:
                                                       VSBY 1/2 MILE OR LESS
                                                   8 = SMOKE OR HAZE
[NO. OF DAYS WITH]      [WEATHER - DAYS WITH]      9 = BLOWING SNOW
                                                   X = TORNADO
MAX 32 OR BELOW:   0    0.01 INCH OR MORE:   9
MAX 90 OR ABOVE:   0    0.10 INCH OR MORE:   8
MIN 32 OR BELOW:   0    0.50 INCH OR MORE:   2
MIN  0 OR BELOW:   0    1.00 INCH OR MORE:   0

[HDD (BASE 65) ]
TOTAL THIS MO.    84    CLEAR  (SCALE 0-3)   1
DPTR FM NORMAL   -57    PTCLDY (SCALE 4-7)  10
TOTAL FM JUL 1  4784    CLOUDY (SCALE 8-10) 11
DPTR FM NORMAL    -8

[CDD (BASE 65) ]
TOTAL THIS MO.    21
DPTR FM NORMAL     8    [PRESSURE DATA]
TOTAL FM JAN 1    21    HIGHEST SLP M ON M
DPTR FM NORMAL     5    LOWEST  SLP 29.72 ON 15

[REMARKS]
