000
CXUS55 KPUB 251059
CF6LHX
PRELIMINARY LOCAL CLIMATOLOGICAL DATA (WS FORM: F-6)

                                          STATION:   LA JUNTA CO
                                          MONTH:     MAY
                                          YEAR:      2018
                                          LATITUDE:   38  2 N
                                          LONGITUDE: 103 31 W

  TEMPERATURE IN F:       :PCPN:    SNOW:  WIND      :SUNSHINE: SKY     :PK WND
================================================================================
1   2   3   4   5  6A  6B    7    8   9   10  11  12  13   14  15   16   17  18
                                     12Z  AVG MX 2MIN
DY MAX MIN AVG DEP HDD CDD  WTR  SNW DPTH SPD SPD DIR MIN PSBL S-S WX    SPD DR
================================================================================

 1  79  47  63   5   2   0 0.00  0.0    0  9.6 33  10   M    M   1        45 360
 2  71  52  62   4   3   0 0.00  0.0    0 10.6 23  80   M    M   6        37  70
 3  66  45  56  -3   9   0    T  0.0    0 12.6 41 330   M    M   5 1      52 330
 4  76  40  58  -1   7   0 0.00  0.0    0  7.1 15 260   M    M   1        23  10
 5  84  42  63   4   2   0 0.00  0.0    0  7.3 16 270   M    M   0        21 310
 6  88  45  67   7   0   2 0.00  0.0    0  8.9 21  90   M    M   0        29  80
 7  90  50  70  10   0   5 0.00  0.0    0  5.0 20 100   M    M   0        25 100
 8  87  58  73  13   0   8 0.00  0.0    0 11.3 18 340   M    M   0        33  30
 9  90  51  71  10   0   6    T  0.0    0  5.8 24 110   M    M   0 38     29 120
10  98  51  75  14   0  10 0.00  0.0    0 12.6 32 150   M    M   0        39 160
11  83  52  68   7   0   3 0.00  0.0    0 12.9 31  80   M    M   1        39  80
12  80  56  68   6   0   3 0.00  0.0    0 15.8 35  80   M    M   4 8      45  90
13  82  54  68   6   0   3 0.00  0.0    0 14.2 37  70   M    M   5 1      46  70
14  81  55  68   6   0   3 0.01  0.0    0 11.1 31  40   M    M   5 3      41  50
15  82  52  67   4   0   2 0.03  0.0    0  8.7 28 120   M    M   3 3      34 120
16  88  49  69   6   0   4 0.00  0.0    0 10.1 23 110   M    M   0        28 110
17  97  56  77  14   0  12 0.00  0.0    0 11.8 41 150   M    M   0        52 160
18  77  54  66   2   0   1 0.00  0.0    0 16.1 35 350   M    M   2 3      48 350
19  72  48  60  -4   5   0 0.60  0.0    0 11.6 30  20   M    M   5 13     40  40
20  68  44  56  -8   9   0 0.00  0.0    0  6.8 14  10   M    M   5        20 140
21  86  51  69   5   0   4 0.00  0.0    0  9.8 28 220   M    M   0        35 220
22  87  56  72   7   0   7 0.06  0.0    0 10.9 35 210   M    M   0 3      47 220
23  90  59  75  10   0  10 0.00  0.0    0 17.5 35 210   M    M   0        46 210
24  92  60  76  11   0  11 0.00  0.0    0 10.8 32  30   M    M   0        40  30
================================================================================
SM 1994 1227        37  94  0.70     0.0 258.9          M       43
================================================================================
AV 83.1 51.1                              10.8 FASTST   M    M   2    MAX(MPH)
                                 MISC ---->  # 41 330               # 52  330
================================================================================
NOTES:
# LAST OF SEVERAL OCCURRENCES

COLUMN 17 PEAK WIND IN M.P.H.

PRELIMINARY LOCAL CLIMATOLOGICAL DATA (WS FORM: F-6) , PAGE 2

                                          STATION:  LA JUNTA CO
                                          MONTH:    MAY
                                          YEAR:     2018
                                          LATITUDE:   38  2 N
                                          LONGITUDE: 103 31 W

[TEMPERATURE DATA]      [PRECIPITATION DATA]       SYMBOLS USED IN COLUMN 16

AVERAGE MONTHLY: 67.1   TOTAL FOR MONTH:   0.70    1 = FOG OR MIST
DPTR FM NORMAL:   5.4   DPTR FM NORMAL:   -0.52    2 = FOG REDUCING VISIBILITY
HIGHEST:    98 ON 10    GRTST 24HR  0.60 ON 19-19      TO 1/4 MILE OR LESS
LOWEST:     40 ON  4                               3 = THUNDER
                        SNOW, ICE PELLETS, HAIL    4 = ICE PELLETS
                        TOTAL MONTH:   0.0 INCH    5 = HAIL
                        GRTST 24HR     0.0         6 = FREEZING RAIN OR DRIZZLE
                        GRTST DEPTH:   0           7 = DUSTSTORM OR SANDSTORM:
                                                       VSBY 1/2 MILE OR LESS
                                                   8 = SMOKE OR HAZE
[NO. OF DAYS WITH]      [WEATHER - DAYS WITH]      9 = BLOWING SNOW
                                                   X = TORNADO
MAX 32 OR BELOW:   0    0.01 INCH OR MORE:   4
MAX 90 OR ABOVE:   6    0.10 INCH OR MORE:   1
MIN 32 OR BELOW:   0    0.50 INCH OR MORE:   1
MIN  0 OR BELOW:   0    1.00 INCH OR MORE:   0

[HDD (BASE 65) ]
TOTAL THIS MO.    37    CLEAR  (SCALE 0-3)  17
DPTR FM NORMAL   -82    PTCLDY (SCALE 4-7)   7
TOTAL FM JUL 1  4428    CLOUDY (SCALE 8-10)  0
DPTR FM NORMAL  -814

[CDD (BASE 65) ]
TOTAL THIS MO.    94
DPTR FM NORMAL    56    [PRESSURE DATA]
TOTAL FM JAN 1   112    HIGHEST SLP M ON M
DPTR FM NORMAL    65    LOWEST  SLP 29.56 ON 11

[REMARKS]
