000
CXUS53 KTOP 230800
CF6MHK
PRELIMINARY LOCAL CLIMATOLOGICAL DATA (WS FORM: F-6)

                                          STATION:   Manhattan KS
                                          MONTH:     MAY
                                          YEAR:      2018
                                          LATITUDE:   39  9 N
                                          LONGITUDE:  96 40 W

  TEMPERATURE IN F:       :PCPN:    SNOW:  WIND      :SUNSHINE: SKY     :PK WND
================================================================================
1   2   3   4   5  6A  6B    7    8   9   10  11  12  13   14  15   16   17  18
                                     12Z  AVG MX 2MIN
DY MAX MIN AVG DEP HDD CDD  WTR  SNW DPTH SPD SPD DIR MIN PSBL S-S WX    SPD DR
================================================================================

 1  78  63  71  12   0   6 0.03    M    M 15.4 28 170   M    M   8 3      40 190
 2  86  59  73  14   0   8 0.59    M    M 10.6 24 280   M    M   4 13     36 280
 3  84  57  71  12   0   6 0.51    M    M  8.1 29 220   M    M   3 13     40 220
 4  80  53  67   7   0   2 0.00    M    M  4.1 10 260   M    M   2 1      18 360
 5  86  48  67   7   0   2 0.00    M    M  4.3 14 230   M    M   1        20 280
 6  88  48  68   8   0   3 0.00    M    M  3.9 20  30   M    M   1 3      31  20
 7  87  59  73  12   0   8 0.00    M    M  6.3 14  80   M    M   0        19  70
 8  86  67  77  16   0  12 0.00    M    M  8.0 20 210   0    0   0        30 210
 9  89  55  72  11   0   7 0.00    M    M  3.8 14 290   M    M   0        23 270
10  90  58  74  12   0   9 0.00    M    M  7.3 18 170   M    M   0        30 160
11  89  67  78  16   0  13 0.00    M    M 10.4 22 180   M    M   1        33 180
12  91  62  77  15   0  12 0.00    M    M 10.5 21 180   M    M   2        32 200
13  90  59  75  12   0  10 0.05    M    M  7.5 23 260   M    M   1 138    40 260
14  89  64  77  14   0  12    T    M    M  6.0 23 280   M    M   2 38     39 270
15  82  58  70   7   0   5    T    M    M  5.9 12  30   M    M   6 18     18  30
16  86  53  70   6   0   5 0.00    M    M  1.4 18  90   M    M   3 1      25  90
17  87  52  70   6   0   5 0.00    M    M  5.3 16 130   M    M   0        29 140
18  85  57  71   7   0   6    T    M    M  6.9 16 100   M    M   3 3      25 110
19  82  61  72   7   0   7 0.52    M    M  5.3 20 270   M    M   6 13     30 280
20  65  58  62  -3   3   0 0.00    M    M  3.9  9 280   M    M   9 18     16 350
21  80  56  68   3   0   3 0.00    M    M  3.2  9 280   M    M   4 1      14 270
22  89  61  75   9   0  10 0.00    M    M  5.4 14 160   M    M   0        22 140
================================================================================
SM 1869 1275         3 151  1.70    M    143.5            0     56
================================================================================
AV 85.0 58.0                               6.5 FASTST    0   0   3    MAX(MPH)
                                 MISC ---->  # 29 220               # 40  190
================================================================================
NOTES:
# LAST OF SEVERAL OCCURRENCES

COLUMN 17 PEAK WIND IN M.P.H.

PRELIMINARY LOCAL CLIMATOLOGICAL DATA (WS FORM: F-6) , PAGE 2

                                          STATION:  Manhattan KS
                                          MONTH:    MAY
                                          YEAR:     2018
                                          LATITUDE:   39  9 N
                                          LONGITUDE:  96 40 W

[TEMPERATURE DATA]      [PRECIPITATION DATA]       SYMBOLS USED IN COLUMN 16

AVERAGE MONTHLY: 71.5   TOTAL FOR MONTH:   1.70    1 = FOG OR MIST
DPTR FM NORMAL:   9.3   DPTR FM NORMAL:   -1.23    2 = FOG REDUCING VISIBILITY
HIGHEST:    91 ON 12    GRTST 24HR  0.59 ON  2- 2      TO 1/4 MILE OR LESS
LOWEST:     48 ON  6, 5                            3 = THUNDER
                        SNOW, ICE PELLETS, HAIL    4 = ICE PELLETS
                        TOTAL MONTH:    M          5 = HAIL
                        GRTST 24HR    M  ON   M    6 = FREEZING RAIN OR DRIZZLE
                        GRTST DEPTH:  M  ON   M    7 = DUSTSTORM OR SANDSTORM:
                                                       VSBY 1/2 MILE OR LESS
                                                   8 = SMOKE OR HAZE
[NO. OF DAYS WITH]      [WEATHER - DAYS WITH]      9 = BLOWING SNOW
                                                   X = TORNADO
MAX 32 OR BELOW:   0    0.01 INCH OR MORE:   5
MAX 90 OR ABOVE:   3    0.10 INCH OR MORE:   3
MIN 32 OR BELOW:   0    0.50 INCH OR MORE:   3
MIN  0 OR BELOW:   0    1.00 INCH OR MORE:   0

[HDD (BASE 65) ]
TOTAL THIS MO.     3    CLEAR  (SCALE 0-3)  15
DPTR FM NORMAL  -104    PTCLDY (SCALE 4-7)   6
TOTAL FM JUL 1  4889    CLOUDY (SCALE 8-10)  1
DPTR FM NORMAL  -399

[CDD (BASE 65) ]
TOTAL THIS MO.   151
DPTR FM NORMAL   107    [PRESSURE DATA]
TOTAL FM JAN 1   162    HIGHEST SLP  0.00 ON M
DPTR FM NORMAL   101    LOWEST  SLP 29.63 ON 11

[REMARKS]
