000
CXUS54 KMEG 230637
CF6MKL
PRELIMINARY LOCAL CLIMATOLOGICAL DATA (WS FORM: F-6)

                                          STATION:   JACKSON
                                          MONTH:     APRIL
                                          YEAR:      2018
                                          LATITUDE:   35 35 N
                                          LONGITUDE:  88 55 W

  TEMPERATURE IN F:       :PCPN:    SNOW:  WIND      :SUNSHINE: SKY     :PK WND
================================================================================
1   2   3   4   5  6A  6B    7    8   9   10  11  12  13   14  15   16   17  18
                                     12Z  AVG MX 2MIN
DY MAX MIN AVG DEP HDD CDD  WTR  SNW DPTH SPD SPD DIR MIN PSBL S-S WX    SPD DR
================================================================================

 1  65  46  56   0   9   0    T  0.0    0  7.5 17 360   M    M   8 1      21 330
 2  66  43  55  -1  10   0    T  0.0    0  5.1 13  30   M    M   9 1      16  20
 3  83  47  65   9   0   0 0.31  0.0    0 14.5 33 250   M    M   6 13     44 240
 4  51  32  42 -15  23   0 0.00  0.0    0  8.9 23 330   M    M   1        35 320
 5  62  30  46 -11  19   0 0.00  0.0    0  4.4 12 200   M    M   0        18 110
 6  60  45  53  -4  12   0 0.41  0.0    0  5.9 22  20   M    M  10 1      26  40
 7  45  28  37 -21  28   0 0.00  0.0    0 12.0 25  20   M    M   8        32  30
 8  47  27  37 -21  28   0 0.00  0.0    0  4.2 13 100   M    M   2        17 120
 9  62  33  48 -10  17   0 0.00  0.0    0  5.5 15  10   M    M   2        19  10
10  59  35  47 -11  18   0 0.00  0.0    0  8.1 20 330   M    M   2        25 340
11  71  33  52  -7  13   0 0.00  0.0    0  6.7 15 190   M    M   1 1      22 200
12  83  57  70  11   0   5 0.00  0.0    0 13.0 26 200   M    M   0        35 200
13  81  63  72  13   0   7 0.00  0.0    0 14.5 24 180   M    M   4        37 190
14  74  50  62   2   3   0 2.41  0.0    0  9.9 26 180   M    M   6 13     35 160
15  50  38  44 -16  21   0    T  0.0    0 11.7 22 280   M    M   8        31 290
16  52  35  44 -16  21   0 0.00  0.0    0 11.7 22 320   M    M   6        29 320
17  80  34  57  -3   8   0 0.00  0.0    0 10.1 24 240   M    M   0        32 230
18  79  54  67   6   0   2 0.00  0.0    0 14.2 24 250   M    M   3        32 230
19  56  41  49 -12  16   0 0.00  0.0    0 11.4 22 360   M    M   2        28  10
20  71  32  52  -9  13   0 0.00  0.0    0  5.5 15 100   M    M   0        23  80
21  76  47  62   0   3   0 0.00  0.0    0  6.3 16 160   M    M   0        24 150
22  64  56  60  -2   5   0 2.53  0.0    0  7.5 17  60   M    M  10 1      23  70
================================================================================
SM 1437  906       267  14  5.66     0.0 198.6          M       88
================================================================================
AV 65.3 41.2                               9.0 FASTST   M    M   4    MAX(MPH)
                                 MISC ---->  # 33 250               # 44  240
================================================================================
NOTES:
# LAST OF SEVERAL OCCURRENCES

COLUMN 17 PEAK WIND IN M.P.H.

PRELIMINARY LOCAL CLIMATOLOGICAL DATA (WS FORM: F-6) , PAGE 2

                                          STATION:  JACKSON
                                          MONTH:    APRIL
                                          YEAR:     2018
                                          LATITUDE:   35 35 N
                                          LONGITUDE:  88 55 W

[TEMPERATURE DATA]      [PRECIPITATION DATA]       SYMBOLS USED IN COLUMN 16

AVERAGE MONTHLY: 53.3   TOTAL FOR MONTH:   5.66    1 = FOG OR MIST
DPTR FM NORMAL:  -5.6   DPTR FM NORMAL:    2.17    2 = FOG REDUCING VISIBILITY
HIGHEST:    83 ON 12, 3 GRTST 24HR  2.53 ON 22-22      TO 1/4 MILE OR LESS
LOWEST:     27 ON  8                               3 = THUNDER
                        SNOW, ICE PELLETS, HAIL    4 = ICE PELLETS
                        TOTAL MONTH:   0.0 INCH    5 = HAIL
                        GRTST 24HR     0.0         6 = FREEZING RAIN OR DRIZZLE
                        GRTST DEPTH:   0           7 = DUSTSTORM OR SANDSTORM:
                                                       VSBY 1/2 MILE OR LESS
                                                   8 = SMOKE OR HAZE
[NO. OF DAYS WITH]      [WEATHER - DAYS WITH]      9 = BLOWING SNOW
                                                   X = TORNADO
MAX 32 OR BELOW:   0    0.01 INCH OR MORE:   4
MAX 90 OR ABOVE:   0    0.10 INCH OR MORE:   4
MIN 32 OR BELOW:   5    0.50 INCH OR MORE:   2
MIN  0 OR BELOW:   0    1.00 INCH OR MORE:   2

[HDD (BASE 65) ]
TOTAL THIS MO.   267    CLEAR  (SCALE 0-3)  12
DPTR FM NORMAL   102    PTCLDY (SCALE 4-7)   6
TOTAL FM JUL 1  3445    CLOUDY (SCALE 8-10)  4
DPTR FM NORMAL   -48

[CDD (BASE 65) ]
TOTAL THIS MO.    14
DPTR FM NORMAL   -16    [PRESSURE DATA]
TOTAL FM JAN 1    33    HIGHEST SLP M ON M
DPTR FM NORMAL    -8    LOWEST  SLP 29.65 ON 13

[REMARKS]
