000
CXUS55 KDVN 271100
CF6MLI
PRELIMINARY LOCAL CLIMATOLOGICAL DATA (WS FORM: F-6)

                                          STATION:   MOLINE IL
                                          MONTH:     MAY
                                          YEAR:      2018
                                          LATITUDE:   41 27 N
                                          LONGITUDE:  90 31 W

  TEMPERATURE IN F:       :PCPN:    SNOW:  WIND      :SUNSHINE: SKY     :PK WND
================================================================================
1   2   3   4   5  6A  6B    7    8   9   10  11  12  13   14  15   16   17  18
                                     12Z  AVG MX 2MIN
DY MAX MIN AVG DEP HDD CDD  WTR  SNW DPTH SPD SPD DIR MIN PSBL S-S WX    SPD DR
================================================================================

 1  85  61  73  16   0   8    T  0.0    0 14.5 25 210   M    M   3        33 190
 2  86  62  74  17   0   9 0.83  0.0    0 12.6 33 220   M    M   3 13     44 270
 3  74  61  68  10   0   3 0.34  0.0    0 10.6 23 200   M    M   6 138    32 190
 4  78  53  66   8   0   1    T  0.0    0 11.5 29 310   M    M   3        34 320
 5  83  47  65   7   0   0 0.00  0.0    0  4.6 17 270   M    M   0        22 270
 6  81  57  69  10   0   4 0.01  0.0    0  7.0 15  30   M    M   3        20  20
 7  81  46  64   5   1   0 0.00  0.0    0  2.2  9 250   M    M   0 8      12 240
 8  83  50  67   8   0   2 0.00  0.0    0  9.7 22 150   M    M   0        29 150
 9  82  60  71  11   0   6 0.33  0.0    0 13.7 28 250   M    M   5 13     34 260
10  81  54  68   8   0   3 0.00  0.0    0  6.5 15  90   M    M   1        21  70
11  67  51  59  -1   6   0 0.01  0.0    0 15.7 28 110   M    M   6        35 100
12  60  48  54  -6  11   0 0.58  0.0    0 11.4 33 120   M    M  10 138    42 120
13  68  50  59  -2   6   0 0.09  0.0    0  6.8 16 130   M    M   6 138    21 120
14  82  58  70   9   0   5 0.00  0.0    0  6.5 22 330   M    M   5 138    28 340
15  77  58  68   6   0   3 0.18  0.0    0  6.2 14 100   M    M   5 138    18  90
16  82  49  66   4   0   1 0.00  0.0    0  3.5 12  90   M    M   0        14  30
17  84  53  69   7   0   4 0.00  0.0    0  5.8 21  70   M    M   0        26  80
18  81  58  70   8   0   5    T  0.0    0 11.4 20  80   M    M   6        32  80
19  84  62  73  10   0   8 0.00  0.0    0  2.5 12  80   M    M   5 18     15  70
20  69  58  64   1   1   0 0.00  0.0    0 13.4 21  70   M    M   7 18     26  60
21  78  55  67   4   0   2 0.18  0.0    0  7.4 15  90   M    M   7 1      20 300
22  78  54  66   2   0   1 0.00  0.0    0  4.2 12 320   M    M   4 128    17 300
23  85  57  71   7   0   6 0.00  0.0    0  5.1 12  80   M    M   1 18     16  60
24  90  57  74  10   0   9 0.00  0.0    0  5.4 17 160   M    M   0        23 150
25  86  64  75  10   0  10 0.43  0.0    0  6.3 22 180   M    M   2 38     30  10
26  93  64  79  14   0  14 0.12  0.0    0  4.6 20 250   M    M   2 3      26 250
================================================================================
SM 2078 1447        25 104  3.10     0.0 209.1          M       90
================================================================================
AV 79.9 55.7                               8.0 FASTST   M    M   3    MAX(MPH)
                                 MISC ---->  # 33 220               # 44  270
================================================================================
NOTES:
# LAST OF SEVERAL OCCURRENCES

COLUMN 17 PEAK WIND IN M.P.H.

PRELIMINARY LOCAL CLIMATOLOGICAL DATA (WS FORM: F-6) , PAGE 2

                                          STATION:  MOLINE IL
                                          MONTH:    MAY
                                          YEAR:     2018
                                          LATITUDE:   41 27 N
                                          LONGITUDE:  90 31 W

[TEMPERATURE DATA]      [PRECIPITATION DATA]       SYMBOLS USED IN COLUMN 16

AVERAGE MONTHLY: 67.8   TOTAL FOR MONTH:   3.10    1 = FOG OR MIST
DPTR FM NORMAL:   6.8   DPTR FM NORMAL:   -0.50    2 = FOG REDUCING VISIBILITY
HIGHEST:    93 ON 26    GRTST 24HR  0.83 ON  2- 2      TO 1/4 MILE OR LESS
LOWEST:     46 ON  7                               3 = THUNDER
                        SNOW, ICE PELLETS, HAIL    4 = ICE PELLETS
                        TOTAL MONTH:   0.0 INCH    5 = HAIL
                        GRTST 24HR     0.0         6 = FREEZING RAIN OR DRIZZLE
                        GRTST DEPTH:   0           7 = DUSTSTORM OR SANDSTORM:
                                                       VSBY 1/2 MILE OR LESS
                                                   8 = SMOKE OR HAZE
[NO. OF DAYS WITH]      [WEATHER - DAYS WITH]      9 = BLOWING SNOW
                                                   X = TORNADO
MAX 32 OR BELOW:   0    0.01 INCH OR MORE:  11
MAX 90 OR ABOVE:   2    0.10 INCH OR MORE:   8
MIN 32 OR BELOW:   0    0.50 INCH OR MORE:   2
MIN  0 OR BELOW:   0    1.00 INCH OR MORE:   0

[HDD (BASE 65) ]
TOTAL THIS MO.    25    CLEAR  (SCALE 0-3)  13
DPTR FM NORMAL  -123    PTCLDY (SCALE 4-7)  12
TOTAL FM JUL 1  6148    CLOUDY (SCALE 8-10)  1
DPTR FM NORMAL   -23

[CDD (BASE 65) ]
TOTAL THIS MO.   104
DPTR FM NORMAL    58    [PRESSURE DATA]
TOTAL FM JAN 1   104    HIGHEST SLP M ON M
DPTR FM NORMAL    44    LOWEST  SLP 29.63 ON  9

[REMARKS]
