000
CXUS51 KBTV 280700
CF6MPV
PRELIMINARY LOCAL CLIMATOLOGICAL DATA (WS FORM: F-6)

                                          STATION:   MONTPELIER VT
                                          MONTH:     MAY
                                          YEAR:      2018
                                          LATITUDE:   44 12 N
                                          LONGITUDE:  72 34 W

  TEMPERATURE IN F:       :PCPN:    SNOW:  WIND      :SUNSHINE: SKY     :PK WND
================================================================================
1   2   3   4   5  6A  6B    7    8   9   10  11  12  13   14  15   16   17  18
                                     12Z  AVG MX 2MIN
DY MAX MIN AVG DEP HDD CDD  WTR  SNW DPTH SPD SPD DIR MIN PSBL S-S WX    SPD DR
================================================================================

 1  65  42  54   5  11   0 0.01    M    0  2.3 12 310   M    M   8 1      17 300
 2  83  45  64  15   1   0 0.02    M    0  8.1 23 280   M    M   3        33 250
 3  74  58  66  16   0   1 0.08  0.0    0  5.2 15 250   M    M   6 1      23 280
 4  75  55  65  15   0   0 0.49  0.0    0  8.0 25 240   M    M   8 13     46 220
 5  69  46  58   8   7   0 0.00  0.0    0 10.4 32 300   M    M   4        43 300
 6  67  49  58   7   7   0 0.10    M    0  3.4 16 200   M    M   5 1      20 200
 7  62  38  50  -1  15   0    T    M    0  5.0 16 330   M    M   2        21 340
 8  73  32  53   2  12   0 0.00  0.0    0  3.2 13 230   M    M   0        18 230
 9  78  38  58   6   7   0 0.00  0.0    0  7.0 21 160   M    M   0        29 160
10  71  48  60   8   5   0 0.00  0.0    0 11.2 20 300   M    M   4        30 220
11  60  34  47  -5  18   0 0.00  0.0    0 11.6 22 310   M    M   2        31 310
12  61  29  45  -8  20   0 0.00  0.0    0  3.0 20 170   M    M   0        24 170
13  69  32  51  -2  14   0 0.00  0.0    0  5.9 18 160   M    M   0        25 160
14  76  42  59   6   6   0 0.00  0.0    0  4.6 14 300   M    M   0        21 320
15  68  46  57   3   8   0 0.74    M    0  4.8 15 310   M    M   6 1      22 340
16  69  36  53  -1  12   0 0.00  0.0    0  7.7 22 170   M    M   1 12     26 150
17  74  47  61   7   4   0 0.00  0.0    0  6.8 16 340   M    M   1        22 340
18  66  38  52  -2  13   0 0.00  0.0    0  2.4  9 170   M    M   0        12 340
19  61  41  51  -4  14   0 0.18    M    0  9.5 21 170   M    M   5 1      27 170
20  65  49  57   2   8   0 0.16    M    0  9.3 20 300   M    M   6 1      28 300
21  74  39  57   2   8   0 0.00  0.0    0  5.8 18 300   M    M   0        26 260
22  67  46  57   1   8   0 0.33    M    0  5.0 17 180   M    M   5 1      23 180
23  74  47  61   5   4   0 0.10    M    0  6.2 22 320   M    M   3 1      32 310
24  70  42  56   0   9   0 0.00  0.0    0  4.9 17 300   M    M   2        24 300
25  80  46  63   6   2   0    T    M    0  7.6 23 310   M    M   5        35 290
26  71  57  64   7   1   0 0.07  0.0    0  2.8 12 350   M    M   8 12     16 340
27  61  50  56  -1   9   0 0.00  0.0    0  9.5 21 180   M    M  10 12     28 170
================================================================================
SM 1883 1172       223   1  2.28     0.0 171.2          M       94
================================================================================
AV 69.7 43.4                               6.3 FASTST   M    M   3    MAX(MPH)
                                 MISC ---->  # 32 300               # 46  220
================================================================================
NOTES:
# LAST OF SEVERAL OCCURRENCES

COLUMN 17 PEAK WIND IN M.P.H.

PRELIMINARY LOCAL CLIMATOLOGICAL DATA (WS FORM: F-6) , PAGE 2

                                          STATION:  MONTPELIER VT
                                          MONTH:    MAY
                                          YEAR:     2018
                                          LATITUDE:   44 12 N
                                          LONGITUDE:  72 34 W

[TEMPERATURE DATA]      [PRECIPITATION DATA]       SYMBOLS USED IN COLUMN 16

AVERAGE MONTHLY: 56.6   TOTAL FOR MONTH:   2.28    1 = FOG OR MIST
DPTR FM NORMAL:   3.4   DPTR FM NORMAL:   -0.62    2 = FOG REDUCING VISIBILITY
HIGHEST:    83 ON  2    GRTST 24HR  0.74 ON 15-15      TO 1/4 MILE OR LESS
LOWEST:     29 ON 12                               3 = THUNDER
                        SNOW, ICE PELLETS, HAIL    4 = ICE PELLETS
                        TOTAL MONTH:   0.0 INCH    5 = HAIL
                        GRTST 24HR     0.0         6 = FREEZING RAIN OR DRIZZLE
                        GRTST DEPTH:   0           7 = DUSTSTORM OR SANDSTORM:
                                                       VSBY 1/2 MILE OR LESS
                                                   8 = SMOKE OR HAZE
[NO. OF DAYS WITH]      [WEATHER - DAYS WITH]      9 = BLOWING SNOW
                                                   X = TORNADO
MAX 32 OR BELOW:   0    0.01 INCH OR MORE:  11
MAX 90 OR ABOVE:   0    0.10 INCH OR MORE:   7
MIN 32 OR BELOW:   3    0.50 INCH OR MORE:   1
MIN  0 OR BELOW:   0    1.00 INCH OR MORE:   0

[HDD (BASE 65) ]
TOTAL THIS MO.   223    CLEAR  (SCALE 0-3)  13
DPTR FM NORMAL  -102    PTCLDY (SCALE 4-7)  13
TOTAL FM JUL 1  7881    CLOUDY (SCALE 8-10)  1
DPTR FM NORMAL  -148

[CDD (BASE 65) ]
TOTAL THIS MO.     1
DPTR FM NORMAL    -2    [PRESSURE DATA]
TOTAL FM JAN 1     1    HIGHEST SLP M ON M
DPTR FM NORMAL    -3    LOWEST  SLP 29.66 ON 10

[REMARKS]
