000
CXUS56 KPQR 251200
CF6PDX
PRELIMINARY LOCAL CLIMATOLOGICAL DATA (WS FORM: F-6)

                                          STATION:   PORTLAND OR
                                          MONTH:     APRIL
                                          YEAR:      2018
                                          LATITUDE:   45 35 N
                                          LONGITUDE: 122 36 W

  TEMPERATURE IN F:       :PCPN:    SNOW:  WIND      :SUNSHINE: SKY     :PK WND
================================================================================
1   2   3   4   5  6A  6B    7    8   9   10  11  12  13   14  15   16   17  18
                                     12Z  AVG MX 2MIN
DY MAX MIN AVG DEP HDD CDD  WTR  SNW DPTH SPD SPD DIR MIN PSBL S-S WX    SPD DR
================================================================================

 1  50  37  44  -6  21   0 0.27  0.0    0  7.4 18 200   M    M   9 1      23 200
 2  52  37  45  -5  20   0    T    T    0  4.7 14 310   M    M   7        16 360
 3  53  34  44  -6  21   0    T  0.0    0  2.5  8 270   M    M   7        10 260
 4  60  46  53   2  12   0 0.02  0.0    0  6.3 13 280   M    M   9        14 130
 5  55  49  52   1  13   0 0.38  0.0    0  7.2 12 110   M    M  10 1      14 110
 6  69  52  61  10   4   0 0.04  0.0    0  9.4 24 110   M    M   9 1      29 110
 7  61  49  55   4  10   0 1.14  0.0    0 15.5 30 210   M    M   9 13     40 210
 8  56  47  52   1  13   0 0.36  0.0    0 12.0 22 210   M    M   9        33 200
 9  66  42  54   3  11   0 0.00  0.0    0  4.9 15 130   M    M   8        18 110
10  63  50  57   6   8   0 0.14  0.0    0 11.2 21 180   M    M   8 1      25 190
11  57  44  51   0  14   0 0.15  0.0    0 10.7 20  90   M    M   9 1      28 130
12  51  42  47  -5  18   0 0.12  0.0    0 12.6 26 210   M    M   9 1      32 210
13  58  47  53   1  12   0 0.02  0.0    0 14.0 25 200   M    M  10        30 210
14  62  50  56   4   9   0 0.17  0.0    0 12.6 23 200   M    M   9 8      29 190
15  51  43  47  -5  18   0 0.34  0.0    0  7.0 26 180   M    M  10 1      36 170
16  52  42  47  -5  18   0 0.09  0.0    0 14.8 23 200   M    M   8        29 200
17  57  44  51  -1  14   0    T  0.0    0  8.1 25 260   M    M   8        30 270
18  64  43  54   2  11   0 0.00  0.0    0  4.8 13  80   M    M   8        15  70
19  68  39  54   1  11   0 0.00  0.0    0  4.6 13 310   M    M   2        17 300
20  68  41  55   2  10   0 0.00  0.0    0  3.7 15 200   M    M   5        17 210
21  63  47  55   2  10   0    T    M    0  7.5 18 220   M    M   5        23 220
22  65  42  54   1  11   0 0.00  0.0    0  6.6 16 310   M    M   2        20 310
23  74  42  58   5   7   0 0.00  0.0    0 12.8 28 100   M    M   3        37  90
24  80  53  67  13   0   2 0.00  0.0    0 11.8 24  80   M    M   6        30 100
================================================================================
SM 1455 1062       296   2  3.24    T    212.7          M      179
================================================================================
AV 60.6 44.3                               8.9 FASTST   M    M   7    MAX(MPH)
                                 MISC ---->  # 30 210               # 40  210
================================================================================
NOTES:
# LAST OF SEVERAL OCCURRENCES

COLUMN 17 PEAK WIND IN M.P.H.

PRELIMINARY LOCAL CLIMATOLOGICAL DATA (WS FORM: F-6) , PAGE 2

                                          STATION:  PORTLAND OR
                                          MONTH:    APRIL
                                          YEAR:     2018
                                          LATITUDE:   45 35 N
                                          LONGITUDE: 122 36 W

[TEMPERATURE DATA]      [PRECIPITATION DATA]       SYMBOLS USED IN COLUMN 16

AVERAGE MONTHLY: 52.4   TOTAL FOR MONTH:   3.24    1 = FOG OR MIST
DPTR FM NORMAL:   0.7   DPTR FM NORMAL:    0.98    2 = FOG REDUCING VISIBILITY
HIGHEST:    80 ON 24    GRTST 24HR  1.14 ON  7- 7      TO 1/4 MILE OR LESS
LOWEST:     34 ON  3                               3 = THUNDER
                        SNOW, ICE PELLETS, HAIL    4 = ICE PELLETS
                        TOTAL MONTH:    T          5 = HAIL
                        GRTST 24HR    T  ON  2- 2  6 = FREEZING RAIN OR DRIZZLE
                        GRTST DEPTH:   0           7 = DUSTSTORM OR SANDSTORM:
                                                       VSBY 1/2 MILE OR LESS
                                                   8 = SMOKE OR HAZE
[NO. OF DAYS WITH]      [WEATHER - DAYS WITH]      9 = BLOWING SNOW
                                                   X = TORNADO
MAX 32 OR BELOW:   0    0.01 INCH OR MORE:  13
MAX 90 OR ABOVE:   0    0.10 INCH OR MORE:   9
MIN 32 OR BELOW:   0    0.50 INCH OR MORE:   1
MIN  0 OR BELOW:   0    1.00 INCH OR MORE:   1

[HDD (BASE 65) ]
TOTAL THIS MO.   296    CLEAR  (SCALE 0-3)   3
DPTR FM NORMAL   -23    PTCLDY (SCALE 4-7)   8
TOTAL FM JUL 1  3763    CLOUDY (SCALE 8-10) 13
DPTR FM NORMAL  -136

[CDD (BASE 65) ]
TOTAL THIS MO.     2
DPTR FM NORMAL     2    [PRESSURE DATA]
TOTAL FM JAN 1     2    HIGHEST SLP M ON M
DPTR FM NORMAL     2    LOWEST  SLP 29.40 ON  7

[REMARKS]
