000
CXUS52 KMFL 190630
CF6PMP
PRELIMINARY LOCAL CLIMATOLOGICAL DATA (WS FORM: F-6)
STATION: POMPANO BEACH ARPK
MONTH: APRIL
YEAR: 2024
LATITUDE: 26 14 N
LONGITUDE: 80 7 W
TEMPERATURE IN F: :PCPN: SNOW: WIND :SUNSHINE: SKY :PK WND
================================================================================
1 2 3 4 5 6A 6B 7 8 9 10 11 12 13 14 15 16 17 18
12Z AVG MX 2MIN
DY MAX MIN AVG DEP HDD CDD WTR SNW DPTH SPD SPD DIR MIN PSBL S-S WX SPD DR
================================================================================
1 82 72 77 3 0 12 0.00 M M 10.0 17 140 M M 3 24 140
2 84 67 76 1 0 11 0.00 0.0 0 10.2 22 150 M M 1 29 160
3 92 74 83 8 0 18 0.00 0.0 0 14.3 30 230 M M 2 39 230
4 81 67 74 -1 0 9 0.37 0.0 0 10.8 20 330 M M 6 1 29 220
5 79 61 70 -5 0 5 0.00 0.0 0 8.1 17 330 M M 0 22 300
6 83 60 72 -3 0 7 0.00 0.0 0 7.7 17 330 M M 0 8 26 330
7 79 64 72 -3 0 7 0.00 0.0 0 9.0 16 60 M M 2 24 60
8 79 69 74 -2 0 9 0.00 0.0 0 12.5 22 90 M M 4 30 90
9 81 72 77 1 0 12 0.00 0.0 0 13.8 20 130 M M 5 26 100
10 83 74 79 3 0 14 0.00 M M 15.3 22 130 M M 3 31 150
11 89 74 82 6 0 17 0.02 M M 16.2 25 210 M M 7 38 36 210
12 81 67 74 -2 0 9 0.00 M M 8.9 17 330 M M 1 22 330
13 80 62 71 -5 0 6 0.00 M M 11.1 21 40 M M 0 27 40
14 80 63 72 -4 0 7 0.00 M M 8.1 17 70 M M 2 23 80
15 80 68 74 -3 0 9 0.00 M M 8.3 15 50 M M 2 20 50
16 82 73 78 1 0 13 0.00 M M 11.2 20 70 M M 3 26 80
17 83 73 78 1 0 13 0.00 0.0 0 10.7 17 110 M M 3 23 90
18 M M M M M M M M M M M M M M M M M
================================================================================
SM 1398 1160 0 178 0.39 0.0 186.2 M 44
================================================================================
AV 82.2 68.2 11.0 FASTST M M 3 MAX(MPH)
MISC ----> 30 230 39 230
================================================================================
NOTES:
# LAST OF SEVERAL OCCURRENCES
COLUMN 17 PEAK WIND IN M.P.H.
PRELIMINARY LOCAL CLIMATOLOGICAL DATA (WS FORM: F-6) , PAGE 2
STATION: POMPANO BEACH ARPK
MONTH: APRIL
YEAR: 2024
LATITUDE: 26 14 N
LONGITUDE: 80 7 W
[TEMPERATURE DATA] [PRECIPITATION DATA] SYMBOLS USED IN COLUMN 16
AVERAGE MONTHLY: 75.2 TOTAL FOR MONTH: 0.39 1 = FOG OR MIST
DPTR FM NORMAL: -0.5 DPTR FM NORMAL: -1.48 2 = FOG REDUCING VISIBILITY
HIGHEST: 92 ON 3 GRTST 24HR 0.37 ON 4- 4 TO 1/4 MILE OR LESS
LOWEST: 60 ON 6 3 = THUNDER
SNOW, ICE PELLETS, HAIL 4 = ICE PELLETS
TOTAL MONTH: 0.0 INCH 5 = HAIL
GRTST 24HR 0.0 6 = FREEZING RAIN OR DRIZZLE
GRTST DEPTH: 0 7 = DUSTSTORM OR SANDSTORM:
VSBY 1/2 MILE OR LESS
8 = SMOKE OR HAZE
[NO. OF DAYS WITH] [WEATHER - DAYS WITH] 9 = BLOWING SNOW
X = TORNADO
MAX 32 OR BELOW: 0 0.01 INCH OR MORE: 2
MAX 90 OR ABOVE: 1 0.10 INCH OR MORE: 1
MIN 32 OR BELOW: 0 0.50 INCH OR MORE: 0
MIN 0 OR BELOW: 0 1.00 INCH OR MORE: 0
[HDD (BASE 65) ]
TOTAL THIS MO. 0 CLEAR (SCALE 0-3) 11
DPTR FM NORMAL 0 PTCLDY (SCALE 4-7) 6
TOTAL FM JUL 1 33 CLOUDY (SCALE 8-10) 0
DPTR FM NORMAL -99
[CDD (BASE 65) ]
TOTAL THIS MO. 178
DPTR FM NORMAL -18 [PRESSURE DATA]
TOTAL FM JAN 1 852 HIGHEST SLP M ON M
DPTR FM NORMAL 77 LOWEST SLP 29.73 ON 3
[REMARKS]