000
CXUS55 KCYS 221000
CF6RWL
PRELIMINARY LOCAL CLIMATOLOGICAL DATA (WS FORM: F-6)

                                          STATION:   RAWLINS WYOMING AIRPORT
                                          MONTH:     APRIL
                                          YEAR:      2018
                                          LATITUDE:   41 47 N
                                          LONGITUDE: 107 12 W

  TEMPERATURE IN F:       :PCPN:    SNOW:  WIND      :SUNSHINE: SKY     :PK WND
================================================================================
1   2   3   4   5  6A  6B    7    8   9   10  11  12  13   14  15   16   17  18
                                     12Z  AVG MX 2MIN
DY MAX MIN AVG DEP HDD CDD  WTR  SNW DPTH SPD SPD DIR MIN PSBL S-S WX    SPD DR
================================================================================

 1  58  24  41   5  24   0 0.04    M    M 16.7 37 260   M    M   5 1      47 260
 2  55  20  38   1  27   0 0.01    M    M 26.7 47 270   M    M   7 1      58 280
 3  40   8  24 -13  41   0    T    M    M 16.1 31 250   M    M   1 1      40 270
 4  52  30  41   4  24   0 0.00    M    M 21.9 39 240   M    M   2        50 240
 5  54  33  44   7  21   0 0.01    M    M 17.4 30 250   M    M   4        39 260
 6  42  20  31  -7  34   0 0.08    M    M 11.1 24  60   M    M  10 16     29  50
 7  51  22  37  -1  28   0 0.11    M    M 12.5 35 290   M    M   7 13     43 290
 8  48  33  41   3  24   0    T    M    M 24.4 43 260   M    M   3        53 250
 9  52  28  40   2  25   0    T    M    M 13.8 30 250   M    M   5        39 240
10  62  32  47   9  18   0 0.00    M    M 18.8 33 240   M    M   1        43 250
11  68  44  56  17   9   0    T    M    M 19.4 37 260   M    M   2        47 270
12  65  27  46   7  19   0    T    M    M 21.9 45 250   M    M   4        59 240
13  38  19  29 -10  36   0    T    M    M 17.8 35 330   M    M   8        46 330
14  52  17  35  -5  30   0 0.00    M    M 11.3 23 290   M    M   5        33 290
15  59  31  45   5  20   0    T    M    M 11.6 28 260   M    M   3        37 250
16  70  35  53  13  12   0    T    M    M 21.2 40 210   M    M   0        51 230
17  54  24  39  -1  26   0 0.02    M    M 20.9 40 280   M    M   5 12     49 270
18  49  21  35  -6  30   0 0.00    M    M 10.9 21 260   M    M   0        27 250
19  63  27  45   4  20   0 0.00    M    M  9.5 23  40   M    M   2        29  40
20  46   M   M   M   M   M    M    M    M 15.0 26 360   M    M   8 1      31  10
21   M   M   M   M   M   M    M    M    M   M   M   M   0    0   0         0   0
================================================================================
SM 1078  495       468   0  0.27    M    338.9            0     82
================================================================================
AV 53.9 26.1                              16.9 FASTST    0   0   4    MAX(MPH)
                                 MISC ---->  # 47 270               # 59  240
================================================================================
NOTES:
# LAST OF SEVERAL OCCURRENCES

COLUMN 17 PEAK WIND IN M.P.H.

PRELIMINARY LOCAL CLIMATOLOGICAL DATA (WS FORM: F-6) , PAGE 2

                                          STATION:  RAWLINS WYOMING AIRPORT
                                          MONTH:    APRIL
                                          YEAR:     2018
                                          LATITUDE:   41 47 N
                                          LONGITUDE: 107 12 W

[TEMPERATURE DATA]      [PRECIPITATION DATA]       SYMBOLS USED IN COLUMN 16

AVERAGE MONTHLY: 40.0   TOTAL FOR MONTH:   0.27    1 = FOG OR MIST
DPTR FM NORMAL:   1.1   DPTR FM NORMAL:   -0.44    2 = FOG REDUCING VISIBILITY
HIGHEST:    70 ON 16    GRTST 24HR  0.11 ON  7- 7      TO 1/4 MILE OR LESS
LOWEST:      8 ON  3                               3 = THUNDER
                        SNOW, ICE PELLETS, HAIL    4 = ICE PELLETS
                        TOTAL MONTH:    M          5 = HAIL
                        GRTST 24HR    M  ON   M    6 = FREEZING RAIN OR DRIZZLE
                        GRTST DEPTH:  M  ON   M    7 = DUSTSTORM OR SANDSTORM:
                                                       VSBY 1/2 MILE OR LESS
                                                   8 = SMOKE OR HAZE
[NO. OF DAYS WITH]      [WEATHER - DAYS WITH]      9 = BLOWING SNOW
                                                   X = TORNADO
MAX 32 OR BELOW:   0    0.01 INCH OR MORE:   6
MAX 90 OR ABOVE:   0    0.10 INCH OR MORE:   1
MIN 32 OR BELOW:  15    0.50 INCH OR MORE:   0
MIN  0 OR BELOW:   0    1.00 INCH OR MORE:   0

[HDD (BASE 65) ]
TOTAL THIS MO.   468    CLEAR  (SCALE 0-3)   8
DPTR FM NORMAL   -81    PTCLDY (SCALE 4-7)  10
TOTAL FM JUL 1  6712    CLOUDY (SCALE 8-10)  3
DPTR FM NORMAL  -809

[CDD (BASE 65) ]
TOTAL THIS MO.     0
DPTR FM NORMAL     0    [PRESSURE DATA]
TOTAL FM JAN 1     0    HIGHEST SLP  0.00 ON 21
DPTR FM NORMAL     0    LOWEST  SLP 29.18 ON 12

[REMARKS]
