000
CXUS56 KOTX 210900
CF6SFF
PRELIMINARY LOCAL CLIMATOLOGICAL DATA (WS FORM: F-6)

                                          STATION:   SPOKANE WA FELTS AIRPORT
                                          MONTH:     APRIL
                                          YEAR:      2018
                                          LATITUDE:   47 40 N
                                          LONGITUDE: 117 20 W

  TEMPERATURE IN F:       :PCPN:    SNOW:  WIND      :SUNSHINE: SKY     :PK WND
================================================================================
1   2   3   4   5  6A  6B    7    8   9   10  11  12  13   14  15   16   17  18
                                     12Z  AVG MX 2MIN
DY MAX MIN AVG DEP HDD CDD  WTR  SNW DPTH SPD SPD DIR MIN PSBL S-S WX    SPD DR
================================================================================

 1  50  32  41  -3  24   0    T    M    M 10.6 28 220   M    M   7        34 220
 2  47  29  38  -7  27   0 0.00    M    M  7.5 20 220   M    M   5        26 220
 3  48  30  39  -6  26   0 0.00    M    M  5.3 16 180   M    M   6        22 190
 4  48  36  42  -3  23   0 0.04    M    M  4.3 15 200   M    M  10        17 210
 5  48  41  45   0  20   0 0.46    M    M  3.5 10 120   M    M   9 1      12 110
 6  49  35  42  -3  23   0 0.00    M    M  8.3 17  90   M    M   8 1      23  80
 7  54  36  45  -1  20   0 0.38    M    M  4.7 18 230   M    M   9 13     21 230
 8  53  45  49   3  16   0 0.01    M    M 12.4 23 230   M    M  10        31 240
 9  58  41  50   4  15   0 0.00    M    M  5.8 14 180   M    M   6        17 190
10  56  38  47   1  18   0 0.24    M    M  3.0 15 220   M    M   5 1      19 240
11  58  38  48   2  17   0 0.04    M    M  4.8 17 190   M    M   7 12     22 190
12  53  36  45  -1  20   0 0.38    M    M 10.8 25 230   M    M   7 1      36 230
13  48  35  42  -5  23   0 0.08    M    M  8.3 16 200   M    M   8        20 200
14  56  43  50   3  15   0 0.01    M    M  7.8 20 200   M    M   8        23 190
15  59  43  51   4  14   0 0.44    M    M  5.7 15  60   M    M   9 1      19  80
16  51  39  45  -2  20   0 0.26    M    M 12.9 26 220   M    M  10 1      33 210
17  55  35  45  -2  20   0    T    M    M 12.5 29 230   M    M   7        38 230
18  58  32  45  -3  20   0 0.00    M    M  3.8  9 130   M    M   1        16  80
19  65  31  48   0  17   0 0.00    M    M  2.6 13 250   M    M   0        17 260
20  65  35  50   2  15   0 0.00    M    M  5.6 16 230   M    M   1        22 210
================================================================================
SM 1079  730       393   0  2.34    M    140.2          M      133
================================================================================
AV 54.0 36.5                               7.0 FASTST   M    M   7    MAX(MPH)
                                 MISC ---->  # 29 230               # 38  230
================================================================================
NOTES:
# LAST OF SEVERAL OCCURRENCES

COLUMN 17 PEAK WIND IN M.P.H.

PRELIMINARY LOCAL CLIMATOLOGICAL DATA (WS FORM: F-6) , PAGE 2

                                          STATION:  SPOKANE WA FELTS AIRPORT
                                          MONTH:    APRIL
                                          YEAR:     2018
                                          LATITUDE:   47 40 N
                                          LONGITUDE: 117 20 W

[TEMPERATURE DATA]      [PRECIPITATION DATA]       SYMBOLS USED IN COLUMN 16

AVERAGE MONTHLY: 45.2   TOTAL FOR MONTH:   2.34    1 = FOG OR MIST
DPTR FM NORMAL:  -1.0   DPTR FM NORMAL:    1.48    2 = FOG REDUCING VISIBILITY
HIGHEST:    65 ON 20,19 GRTST 24HR  0.46 ON  5- 5      TO 1/4 MILE OR LESS
LOWEST:     29 ON  2                               3 = THUNDER
                        SNOW, ICE PELLETS, HAIL    4 = ICE PELLETS
                        TOTAL MONTH:    M          5 = HAIL
                        GRTST 24HR    M  ON   M    6 = FREEZING RAIN OR DRIZZLE
                        GRTST DEPTH:  M  ON   M    7 = DUSTSTORM OR SANDSTORM:
                                                       VSBY 1/2 MILE OR LESS
                                                   8 = SMOKE OR HAZE
[NO. OF DAYS WITH]      [WEATHER - DAYS WITH]      9 = BLOWING SNOW
                                                   X = TORNADO
MAX 32 OR BELOW:   0    0.01 INCH OR MORE:  11
MAX 90 OR ABOVE:   0    0.10 INCH OR MORE:   6
MIN 32 OR BELOW:   5    0.50 INCH OR MORE:   0
MIN  0 OR BELOW:   0    1.00 INCH OR MORE:   0

[HDD (BASE 65) ]
TOTAL THIS MO.   393    CLEAR  (SCALE 0-3)   3
DPTR FM NORMAL    18    PTCLDY (SCALE 4-7)  10
TOTAL FM JUL 1  5455    CLOUDY (SCALE 8-10)  7
DPTR FM NORMAL  -241

[CDD (BASE 65) ]
TOTAL THIS MO.     0
DPTR FM NORMAL     0    [PRESSURE DATA]
TOTAL FM JAN 1     0    HIGHEST SLP M ON M
DPTR FM NORMAL     0    LOWEST  SLP 29.36 ON  7

[REMARKS]
