510
CXUS56 KSGX 251445
CF6SNA
PRELIMINARY LOCAL CLIMATOLOGICAL DATA (WS FORM: F-6)

                                          STATION:   JOHN WAYNE AIRPORT CA
                                          MONTH:     APRIL
                                          YEAR:      2018
                                          LATITUDE:   33 40 N
                                          LONGITUDE: 117 53 W

  TEMPERATURE IN F:       :PCPN:    SNOW:  WIND      :SUNSHINE: SKY     :PK WND
================================================================================
1   2   3   4   5  6A  6B    7    8   9   10  11  12  13   14  15   16   17  18
                                     12Z  AVG MX 2MIN
DY MAX MIN AVG DEP HDD CDD  WTR  SNW DPTH SPD SPD DIR MIN PSBL S-S WX    SPD DR
================================================================================

 1  64  56  60   0   5   0 0.00  0.0    0  5.8 14 200   M    M  10 1      18 210
 2  67  58  63   3   2   0 0.00  0.0    0  6.5 15 200   M    M   9 8      19 190
 3  70  57  64   4   1   0 0.00  0.0    0  3.6 13 220   M    M   6        18 220
 4  65  55  60   0   5   0 0.00  0.0    0  3.9 13 210   M    M   8 18     18 200
 5  66  56  61   1   4   0 0.00  0.0    0  4.7 12 240   M    M   9 18     15 220
 6  69  56  63   3   2   0 0.00  0.0    0  5.4 13 220   M    M   6        16 220
 7  71  59  65   5   0   0 0.00  0.0    0  6.1 15 200   M    M   7 8      18 220
 8  71  58  65   4   0   0 0.00  0.0    0  4.8 14 210   M    M   5        19 220
 9  86  55  71  10   0   6 0.00  0.0    0  4.2 15 210   M    M   2        16 210
10  88  59  74  13   0   9 0.00  0.0    0  4.9 13 220   M    M   3        16 210
11  73  58  66   5   0   1 0.00  0.0    0  6.9 23 220   M    M   3        26 210
12  72  56  64   3   1   0 0.00  0.0    0  6.7 20 180   M    M   3 8      26 240
13  80  51  66   5   0   1 0.00  0.0    0  5.2 22  20   M    M   0        29  20
14  84  55  70   9   0   5 0.00  0.0    0  3.7 14 220   M    M   0        17 210
15  75  54  65   4   0   0 0.00  0.0    0  4.8 16 200   M    M   5 18     20 180
16  65  54  60  -1   5   0 0.00  0.0    0  6.4 18 250   M    M   3        26 250
17  69  49  59  -3   6   0 0.00  0.0    0  4.4 14 220   M    M   0        18 220
18  70  51  61  -1   4   0 0.00  0.0    0  7.0 15 200   M    M   2        20 210
19  63  52  58  -4   7   0 0.05  0.0    0  6.5 16 220   M    M   4        22 210
20  73  53  63   1   2   0 0.00  0.0    0  6.1 16 220   M    M   2        24 220
21  80  53  67   5   0   2 0.00  0.0    0  4.6 14 210   M    M   3        16 210
22  79  56  68   6   0   3 0.00  0.0    0  4.6 15 220   M    M   1 1      18 200
23  71  56  64   2   1   0 0.00  0.0    0  5.3 15 200   M    M   6 18     19 200
24  69  54  62   0   3   0 0.00  0.0    0  5.8 13 220   M    M   7 18     19 200
================================================================================
SM 1740 1321        48  27  0.05     0.0 127.9          M      104
================================================================================
AV 72.5 55.0                               5.3 FASTST   M    M   4    MAX(MPH)
                                 MISC ---->  # 23 220               # 29   20
================================================================================
NOTES:
# LAST OF SEVERAL OCCURRENCES

COLUMN 17 PEAK WIND IN M.P.H.

PRELIMINARY LOCAL CLIMATOLOGICAL DATA (WS FORM: F-6) , PAGE 2

                                          STATION:  JOHN WAYNE AIRPORT CA
                                          MONTH:    APRIL
                                          YEAR:     2018
                                          LATITUDE:   33 40 N
                                          LONGITUDE: 117 53 W

[TEMPERATURE DATA]      [PRECIPITATION DATA]       SYMBOLS USED IN COLUMN 16

AVERAGE MONTHLY: 63.8   TOTAL FOR MONTH:   0.05    1 = FOG OR MIST
DPTR FM NORMAL:   2.7   DPTR FM NORMAL:   -0.67    2 = FOG REDUCING VISIBILITY
HIGHEST:    88 ON 10    GRTST 24HR  0.05 ON 19-19      TO 1/4 MILE OR LESS
LOWEST:     49 ON 17                               3 = THUNDER
                        SNOW, ICE PELLETS, HAIL    4 = ICE PELLETS
                        TOTAL MONTH:   0.0 INCH    5 = HAIL
                        GRTST 24HR     0.0         6 = FREEZING RAIN OR DRIZZLE
                        GRTST DEPTH:   0           7 = DUSTSTORM OR SANDSTORM:
                                                       VSBY 1/2 MILE OR LESS
                                                   8 = SMOKE OR HAZE
[NO. OF DAYS WITH]      [WEATHER - DAYS WITH]      9 = BLOWING SNOW
                                                   X = TORNADO
MAX 32 OR BELOW:   0    0.01 INCH OR MORE:   1
MAX 90 OR ABOVE:   0    0.10 INCH OR MORE:   0
MIN 32 OR BELOW:   0    0.50 INCH OR MORE:   0
MIN  0 OR BELOW:   0    1.00 INCH OR MORE:   0

[HDD (BASE 65) ]
TOTAL THIS MO.    48    CLEAR  (SCALE 0-3)  10
DPTR FM NORMAL   -55    PTCLDY (SCALE 4-7)  11
TOTAL FM JUL 1   658    CLOUDY (SCALE 8-10)  3
DPTR FM NORMAL  -532

[CDD (BASE 65) ]
TOTAL THIS MO.    27
DPTR FM NORMAL    21    [PRESSURE DATA]
TOTAL FM JAN 1    53    HIGHEST SLP M ON M
DPTR FM NORMAL    32    LOWEST  SLP 29.79 ON M

[REMARKS]
