000
CXUS54 KEWX 200910
CF6SSF
PRELIMINARY LOCAL CLIMATOLOGICAL DATA (WS FORM: F-6)

                                          STATION:   SAN ANTONIO STINSON FIELD
                                          MONTH:     APRIL
                                          YEAR:      2018
                                          LATITUDE:   29 19 N
                                          LONGITUDE:  98 29 W

  TEMPERATURE IN F:       :PCPN:    SNOW:  WIND      :SUNSHINE: SKY     :PK WND
================================================================================
1   2   3   4   5  6A  6B    7    8   9   10  11  12  13   14  15   16   17  18
                                     12Z  AVG MX 2MIN
DY MAX MIN AVG DEP HDD CDD  WTR  SNW DPTH SPD SPD DIR MIN PSBL S-S WX    SPD DR
================================================================================

 1  87  65  76   9   0  11 0.00    M    M  9.4 20 130   M    M   6        26 130
 2  88  70  79  12   0  14 0.00    M    M 12.0 22 130   M    M   7        27 140
 3  87  66  77  10   0  12 0.00    M    M  8.0 26 360   M    M   7 3      34 360
 4  73  55  64  -4   1   0 0.00    M    M 11.8 25  40   M    M   5        35  40
 5  80  60  70   2   0   5 0.00    M    M  6.5 16 130   M    M   9        21 150
 6  89  71  80  12   0  15    T    M    M  7.1 16 190   M    M   6        22 180
 7  76  46  61  -7   4   0    T    M    M 13.5 25  20   M    M   9 1      35  30
 8  73  46  60  -8   5   0 0.00    M    M  6.1 13 170   M    M   5        18 170
 9  69  56  63  -6   2   0    T    M    M  9.9 16  40   M    M  10 18     22  30
10  78  54  66  -3   0   1 0.00    M    M  7.2 16  50   M    M   1        23  30
11  84  50  67  -2   0   2 0.00    M    M  7.3 18 170   M    M   0        23 140
12  90  61  76   7   0  11 0.00    M    M 12.2 24 130   M    M   5        32 130
13  91  58  75   5   0  10 0.67    M    M 10.2 23 360   M    M   7 3      33  10
14  75  50  63  -7   2   0 0.00    M    M 10.3 24 350   M    M   3 3      34 330
15  78  44  61  -9   4   0 0.00    M    M  3.7 10 210   M    M   0        14 260
16  86  49  68  -2   0   3 0.00    M    M  8.7 21 160   M    M   0        30 140
17  89  54  72   2   0   7 0.00    M    M 10.1 22 120   M    M   0        26 140
18  82  65  74   3   0   9 0.00    M    M  6.4 15  60   M    M   6        19  70
19  80  64  72   1   0   7 0.00    M    0 10.2 23  60   M    M   3        32  60
================================================================================
SM 1555 1084        18 107  0.67    M    170.6          M       89
================================================================================
AV 81.8 57.1                               9.0 FASTST   M    M   5    MAX(MPH)
                                 MISC ---->  # 26 360               # 35   40
================================================================================
NOTES:
# LAST OF SEVERAL OCCURRENCES

COLUMN 17 PEAK WIND IN M.P.H.

PRELIMINARY LOCAL CLIMATOLOGICAL DATA (WS FORM: F-6) , PAGE 2

                                          STATION:  SAN ANTONIO STINSON FIELD
                                          MONTH:    APRIL
                                          YEAR:     2018
                                          LATITUDE:   29 19 N
                                          LONGITUDE:  98 29 W

[TEMPERATURE DATA]      [PRECIPITATION DATA]       SYMBOLS USED IN COLUMN 16

AVERAGE MONTHLY: 69.5   TOTAL FOR MONTH:   0.67    1 = FOG OR MIST
DPTR FM NORMAL:   0.6   DPTR FM NORMAL:   -0.68    2 = FOG REDUCING VISIBILITY
HIGHEST:    91 ON 13    GRTST 24HR  0.67 ON 13-13      TO 1/4 MILE OR LESS
LOWEST:     44 ON 15                               3 = THUNDER
                        SNOW, ICE PELLETS, HAIL    4 = ICE PELLETS
                        TOTAL MONTH:    M          5 = HAIL
                        GRTST 24HR    M  ON   M    6 = FREEZING RAIN OR DRIZZLE
                        GRTST DEPTH:   0           7 = DUSTSTORM OR SANDSTORM:
                                                       VSBY 1/2 MILE OR LESS
                                                   8 = SMOKE OR HAZE
[NO. OF DAYS WITH]      [WEATHER - DAYS WITH]      9 = BLOWING SNOW
                                                   X = TORNADO
MAX 32 OR BELOW:   0    0.01 INCH OR MORE:   1
MAX 90 OR ABOVE:   2    0.10 INCH OR MORE:   1
MIN 32 OR BELOW:   0    0.50 INCH OR MORE:   1
MIN  0 OR BELOW:   0    1.00 INCH OR MORE:   0

[HDD (BASE 65) ]
TOTAL THIS MO.    18    CLEAR  (SCALE 0-3)   7
DPTR FM NORMAL    -9    PTCLDY (SCALE 4-7)   9
TOTAL FM JUL 1  1097    CLOUDY (SCALE 8-10)  3
DPTR FM NORMAL  -310

[CDD (BASE 65) ]
TOTAL THIS MO.   107
DPTR FM NORMAL     8    [PRESSURE DATA]
TOTAL FM JAN 1   358    HIGHEST SLP M ON M
DPTR FM NORMAL   157    LOWEST  SLP 29.51 ON 13

[REMARKS]
