000
CXUS53 KOAX 241000
CF6TQE
PRELIMINARY LOCAL CLIMATOLOGICAL DATA (WS FORM: F-6)

                                          STATION:   TEKAMAH  NE
                                          MONTH:     APRIL
                                          YEAR:      2018
                                          LATITUDE:   41 46 N
                                          LONGITUDE:  96 11 W

  TEMPERATURE IN F:       :PCPN:    SNOW:  WIND      :SUNSHINE: SKY     :PK WND
================================================================================
1   2   3   4   5  6A  6B    7    8   9   10  11  12  13   14  15   16   17  18
                                     12Z  AVG MX 2MIN
DY MAX MIN AVG DEP HDD CDD  WTR  SNW DPTH SPD SPD DIR MIN PSBL S-S WX    SPD DR
================================================================================

 1  37  23  30 -15  35   0 0.00    M    M  7.3 17 360   M    M   5        20 340
 2  35  20  28 -18  37   0 0.00    M    M 12.6 24 150   M    M   7        30 150
 3  34  15  25 -21  40   0 0.02    M    M 19.6 36 320   M    M   9 1      45 320
 4  43  12  28 -19  37   0 0.00    M    M 10.4 21 190   M    M   1        26 160
 5  55  21  38  -9  27   0 0.00    M    M  7.7 18 340   M    M   5        25 350
 6  34  18  26 -21  39   0    T    M    M 17.3 32 350   M    M   6 1      44 350
 7  41  12  27 -21  38   0 0.00    M    M  5.6 13 310   M    M   0        15 310
 8  36  24  30 -18  35   0    T    M    M 17.1 31 150   M    M   8 8      40 150
 9  38  30  34 -14  31   0 0.00    M    M  7.8 17 360   M    M  10 1      23 360
10  66  19  43  -6  22   0 0.00    M    M  9.8 23 190   M    M   5        29 180
11  73  31  52   3  13   0 0.00    M    M  8.6 22 160   M    M   1 18     27 160
12  70  33  52   2  13   0 0.00    M    M 11.8 23 100   M    M   1 18     31 100
13  61  41  51   1  14   0 0.00    M    M 20.5 31  20   M    M   8        39  30
14  41  24  33 -17  32   0 0.05    M    M 25.6 37 360   M    M  10 16     46 350
15  33  22  28 -23  37   0    T    M    M 20.7 29 340   M    M  10 1      38 330
16  45  23  34 -17  31   0 0.00    M    M  9.0 18 340   M    M   2        28 310
17  57  22  40 -12  25   0 0.00    M    M 13.0 26  70   M    M   1        34  70
18  39  30  35 -17  30   0    M    M    M 16.1 26 340   M    M  10 16     32 360
19  57  27  42 -10  23   0 0.00    M    M  6.0 10  80   M    M   1         M  M
20  62  27  45  -8  20   0 0.00    M    M  8.3 21 120   M    M   1        26 140
21  56  39  48  -5  17   0 0.00    M    M  7.6 15 120   M    M   9        19 120
22  70  37  54   1  11   0 0.00    M    M  9.4 16  80   M    M   5        24  80
23  75  33  54   0  11   0 0.00    M    M  6.8 13  50   M    M   0 1      18  50
================================================================================
SM 1158  583       618   0  0.07    M    278.6          M      115
================================================================================
AV 50.4 25.4                              12.1 FASTST   M    M   5    MAX(MPH)
                                 MISC ---->  # 37 360               # 46  350
================================================================================
NOTES:
# LAST OF SEVERAL OCCURRENCES

COLUMN 17 PEAK WIND IN M.P.H.

PRELIMINARY LOCAL CLIMATOLOGICAL DATA (WS FORM: F-6) , PAGE 2

                                          STATION:  TEKAMAH  NE
                                          MONTH:    APRIL
                                          YEAR:     2018
                                          LATITUDE:   41 46 N
                                          LONGITUDE:  96 11 W

[TEMPERATURE DATA]      [PRECIPITATION DATA]       SYMBOLS USED IN COLUMN 16

AVERAGE MONTHLY: 37.9   TOTAL FOR MONTH:   0.07    1 = FOG OR MIST
DPTR FM NORMAL: -11.8   DPTR FM NORMAL:   -2.15    2 = FOG REDUCING VISIBILITY
HIGHEST:    75 ON 23    GRTST 24HR  0.05 ON 14-14      TO 1/4 MILE OR LESS
LOWEST:     12 ON  7, 4                            3 = THUNDER
                        SNOW, ICE PELLETS, HAIL    4 = ICE PELLETS
                        TOTAL MONTH:    M          5 = HAIL
                        GRTST 24HR    M  ON   M    6 = FREEZING RAIN OR DRIZZLE
                        GRTST DEPTH:  M  ON   M    7 = DUSTSTORM OR SANDSTORM:
                                                       VSBY 1/2 MILE OR LESS
                                                   8 = SMOKE OR HAZE
[NO. OF DAYS WITH]      [WEATHER - DAYS WITH]      9 = BLOWING SNOW
                                                   X = TORNADO
MAX 32 OR BELOW:   0    0.01 INCH OR MORE:   2
MAX 90 OR ABOVE:   0    0.10 INCH OR MORE:   0
MIN 32 OR BELOW:  18    0.50 INCH OR MORE:   0
MIN  0 OR BELOW:   0    1.00 INCH OR MORE:   0

[HDD (BASE 65) ]
TOTAL THIS MO.   618    CLEAR  (SCALE 0-3)   9
DPTR FM NORMAL   258    PTCLDY (SCALE 4-7)   6
TOTAL FM JUL 1  6340    CLOUDY (SCALE 8-10)  8
DPTR FM NORMAL    82

[CDD (BASE 65) ]
TOTAL THIS MO.     0
DPTR FM NORMAL     0    [PRESSURE DATA]
TOTAL FM JAN 1     0    HIGHEST SLP M ON M
DPTR FM NORMAL     0    LOWEST  SLP 29.23 ON 13

[REMARKS]
