000
CXUS55 KTWC 250855
CF6TUS
PRELIMINARY LOCAL CLIMATOLOGICAL DATA (WS FORM: F-6)

                                          STATION:   TUCSON AZ
                                          MONTH:     MAY
                                          YEAR:      2018
                                          LATITUDE:   32  7 N
                                          LONGITUDE: 110 56 W

  TEMPERATURE IN F:       :PCPN:    SNOW:  WIND      :SUNSHINE: SKY     :PK WND
================================================================================
1   2   3   4   5  6A  6B    7    8   9   10  11  12  13   14  15   16   17  18
                                     12Z  AVG MX 2MIN
DY MAX MIN AVG DEP HDD CDD  WTR  SNW DPTH SPD SPD DIR MIN PSBL S-S WX    SPD DR
================================================================================

 1  81  57  69  -3   0   4    T  0.0    0 13.0 28 220   M    M   2        41 220
 2  72  54  63  -9   2   0    T  0.0    0  8.9 23 260   M    M   3        32 250
 3  79  49  64  -8   1   0 0.00  0.0    0  5.1 15 340   M    M   0        22  40
 4  90  52  71  -1   0   6 0.00  0.0    0  6.1 16 340   M    M   0        21 330
 5  98  60  79   6   0  14 0.00  0.0    0  8.9 21 160   M    M   0        28 110
 6 103  71  87  14   0  22 0.00  0.0    0  9.2 18 280   M    M   0        26 250
 7 100  68  84  11   0  19 0.00  0.0    0  7.9 18 270   M    M   0        27 270
 8 101  65  83   9   0  18 0.00  0.0    0  7.2 12 140   M    M   0        23 240
 9 101  66  84  10   0  19 0.00  0.0    0  7.2 15 340   M    M   0        21 350
10 102  66  84  10   0  19 0.00  0.0    0  7.7 18 220   M    M   0        27 230
11  98  73  86  12   0  21 0.00  0.0    0 16.1 31 200   M    M   0        40 220
12  92  71  82   7   0  17 0.00  0.0    0 14.1 30 220   M    M   0        44 220
13  91  61  76   1   0  11 0.00  0.0    0  8.8 30 220   M    M   0        48 250
14  95  64  80   5   0  15 0.00  0.0    0  9.1 25 260   M    M   0        39 240
15  97  59  78   2   0  13 0.00  0.0    0  7.0 22 250   M    M   0        33 230
16  98  61  80   4   0  15 0.00  0.0    0  5.8 14 280   M    M   0        20 280
17  96  60  78   2   0  13 0.00  0.0    0  9.5 23 210   M    M   0        34 270
18  92  60  76  -1   0  11 0.00  0.0    0  6.0 18 300   M    M   0        28 320
19  93  61  77   0   0  12 0.00  0.0    0  6.5 16 240   M    M   0        23 310
20  95  61  78   1   0  13 0.00  0.0    0  6.5 16 200   M    M   0        25 240
21  95  63  79   1   0  14 0.00  0.0    0 10.0 22 200   M    M   0        35 240
22  91  64  78   0   0  13 0.00  0.0    0  7.6 22 250   M    M   0        32 250
23  94  60  77  -1   0  12 0.00  0.0    0  6.7 20 240   M    M   0        26 230
24  97  64  81   3   0  16 0.00  0.0    0  6.9 17 270   M    M   0        24 270
================================================================================
SM 2251 1490         3 317    T      0.0 201.8          M        5
================================================================================
AV 93.8 62.1                               8.4 FASTST   M    M   0    MAX(MPH)
                                 MISC ---->  # 31 200               # 48  250
================================================================================
NOTES:
# LAST OF SEVERAL OCCURRENCES

COLUMN 17 PEAK WIND IN M.P.H.

PRELIMINARY LOCAL CLIMATOLOGICAL DATA (WS FORM: F-6) , PAGE 2

                                          STATION:  TUCSON AZ
                                          MONTH:    MAY
                                          YEAR:     2018
                                          LATITUDE:   32  7 N
                                          LONGITUDE: 110 56 W

[TEMPERATURE DATA]      [PRECIPITATION DATA]       SYMBOLS USED IN COLUMN 16

AVERAGE MONTHLY: 77.9   TOTAL FOR MONTH:      T    1 = FOG OR MIST
DPTR FM NORMAL:   3.0   DPTR FM NORMAL:   -0.17    2 = FOG REDUCING VISIBILITY
HIGHEST:   103 ON  6    GRTST 24HR    T  ON  2- 2      TO 1/4 MILE OR LESS
LOWEST:     49 ON  3                               3 = THUNDER
                        SNOW, ICE PELLETS, HAIL    4 = ICE PELLETS
                        TOTAL MONTH:   0.0 INCH    5 = HAIL
                        GRTST 24HR     0.0         6 = FREEZING RAIN OR DRIZZLE
                        GRTST DEPTH:   0           7 = DUSTSTORM OR SANDSTORM:
                                                       VSBY 1/2 MILE OR LESS
                                                   8 = SMOKE OR HAZE
[NO. OF DAYS WITH]      [WEATHER - DAYS WITH]      9 = BLOWING SNOW
                                                   X = TORNADO
MAX 32 OR BELOW:   0    0.01 INCH OR MORE:   0
MAX 90 OR ABOVE:  21    0.10 INCH OR MORE:   0
MIN 32 OR BELOW:   0    0.50 INCH OR MORE:   0
MIN  0 OR BELOW:   0    1.00 INCH OR MORE:   0

[HDD (BASE 65) ]
TOTAL THIS MO.     3    CLEAR  (SCALE 0-3)  24
DPTR FM NORMAL     0    PTCLDY (SCALE 4-7)   0
TOTAL FM JUL 1   747    CLOUDY (SCALE 8-10)  0
DPTR FM NORMAL  -762

[CDD (BASE 65) ]
TOTAL THIS MO.   317
DPTR FM NORMAL    72    [PRESSURE DATA]
TOTAL FM JAN 1   612    HIGHEST SLP M ON M
DPTR FM NORMAL   213    LOWEST  SLP 29.59 ON 11

[REMARKS]
