000
CDUS45 KABQ 250038
CLIABQ


CLIMATE REPORT
NATIONAL WEATHER SERVICE ALBUQUERQUE NM
623 PM MDT THU MAY 24 2018


...................................

...THE ALBUQUERQUE  NM CLIMATE SUMMARY FOR MAY 24 2018...
VALID TODAY AS OF 0500 PM LOCAL TIME.

CLIMATE NORMAL PERIOD 1981 TO 2010
CLIMATE RECORD PERIOD 1891 TO 2018


WEATHER ITEM   OBSERVED TIME   RECORD YEAR NORMAL DEPARTURE LAST
                VALUE   (LST)  VALUE       VALUE  FROM      YEAR
                                                  NORMAL
..................................................................
TEMPERATURE (F)
 TODAY
  MAXIMUM         87    450 PM  96    1984  82      5       89
  MINIMUM         55    525 AM  38    1971  55      0       50
  AVERAGE         71                        68      3       70

PRECIPITATION (IN)
  TODAY            0.00          0.51 1959   0.01  -0.01
  MONTH TO DATE    0.12                      0.38  -0.26
  SINCE MAR 1      0.30                      1.56  -1.26
  SINCE JAN 1      0.84                      2.42  -1.58

SNOWFALL (IN)
  TODAY            0.0
  MONTH TO DATE    T
  SINCE MAR 1      T
  SINCE JUL 1      0.3
  SNOW DEPTH       0

DEGREE DAYS
 HEATING
  TODAY            0                         1     -1        0
  MONTH TO DATE   24                        65    -41       72
  SINCE MAR 1    626                       866   -240      618
  SINCE JUL 1   3329                      4169   -840     3300

 COOLING
  TODAY            6                         4      2        5
  MONTH TO DATE  121                        55     66       39
  SINCE MAR 1    135                        62     73       44
  SINCE JAN 1    135                        62     73       44
..................................................................


WIND (MPH)
  HIGHEST WIND SPEED    15   HIGHEST WIND DIRECTION     S (180)
  HIGHEST GUST SPEED    21   HIGHEST GUST DIRECTION     S (180)
  AVERAGE WIND SPEED     5.5


SKY COVER
  POSSIBLE SUNSHINE  MM
  AVERAGE SKY COVER 0.3



RELATIVE HUMIDITY (PERCENT)
 HIGHEST    27           500 AM
 LOWEST     10           400 PM
 AVERAGE    19

..........................................................


THE ALBUQUERQUE  NM CLIMATE NORMALS FOR TOMORROW
                         NORMAL    RECORD    YEAR
 MAXIMUM TEMPERATURE (F)   82        92      2013
                                             2006
                                             1984
 MINIMUM TEMPERATURE (F)   55        33      1980


SUNRISE AND SUNSET
MAY 24 2018...........SUNRISE   557 AM MDT   SUNSET   810 PM MDT
MAY 25 2018...........SUNRISE   556 AM MDT   SUNSET   811 PM MDT


-  INDICATES NEGATIVE NUMBERS.
R  INDICATES RECORD WAS SET OR TIED.
MM INDICATES DATA IS MISSING.
T  INDICATES TRACE AMOUNT.




$$
