000
CDUS45 KBOU 200735
CLIAKO


CLIMATE REPORT
NATIONAL WEATHER SERVICE DENVER/BOULDER CO
131 AM MDT FRI APR 20 2018


...................................

...THE AKRON CO CLIMATE SUMMARY FOR APRIL 19 2018...

CLIMATE NORMAL PERIOD 1981 TO 2010
CLIMATE RECORD PERIOD 9999 TO 9999


WEATHER ITEM   OBSERVED TIME   RECORD YEAR NORMAL DEPARTURE LAST
                VALUE   (LST)  VALUE       VALUE  FROM      YEAR
                                                  NORMAL
..................................................................
TEMPERATURE (F)
 YESTERDAY
  MAXIMUM         61    306 PM  86    1940  62     -1
  MINIMUM         25    539 AM  16    1966  34     -9
  AVERAGE         43                        48     -5

PRECIPITATION (IN)
  YESTERDAY        0.00          1.14 1977   0.06  -0.06      T
  MONTH TO DATE    0.27                      0.90  -0.63     0.26
  SINCE MAR 1      0.86                      1.77  -0.91     1.82
  SINCE JAN 1      1.97                      2.51  -0.54     1.93

SNOWFALL (IN)
  YESTERDAY        0.0
  SNOW DEPTH       0

DEGREE DAYS
 HEATING
  YESTERDAY       22
  MONTH TO DATE  374

 COOLING
  YESTERDAY        0
  MONTH TO DATE    0
..................................................................


WIND (MPH)
  HIGHEST WIND SPEED    37   HIGHEST WIND DIRECTION    SE (140)
  HIGHEST GUST SPEED    48   HIGHEST GUST DIRECTION    SE (140)




RELATIVE HUMIDITY (PERCENT)
 HIGHEST    75
 LOWEST     25
 AVERAGE    50

..........................................................


THE AKRON CO CLIMATE NORMALS FOR TODAY
                         NORMAL    RECORD    YEAR
 MAXIMUM TEMPERATURE (F)   62        87      1962
 MINIMUM TEMPERATURE (F)   35        15      1966


SUNRISE AND SUNSET
APRIL 20 2018.........SUNRISE   607 AM MDT   SUNSET   737 PM MDT
APRIL 21 2018.........SUNRISE   606 AM MDT   SUNSET   738 PM MDT


-  INDICATES NEGATIVE NUMBERS.
R  INDICATES RECORD WAS SET OR TIED.
MM INDICATES DATA IS MISSING.
T  INDICATES TRACE AMOUNT.




$$
