000
CDUS44 KBMX 220838
CLIANB


CLIMATE REPORT
NATIONAL WEATHER SERVICE BIRMINGHAM, AL
338 AM CDT SUN APR 22 2018


...................................

...THE ANNISTON CLIMATE SUMMARY FOR APRIL 21 2018...

CLIMATE NORMAL PERIOD 1981 TO 2010
CLIMATE RECORD PERIOD 1903 TO 2018


WEATHER ITEM   OBSERVED TIME   RECORD YEAR NORMAL DEPARTURE LAST
                VALUE   (LST)  VALUE       VALUE  FROM      YEAR
                                                  NORMAL
..................................................................
TEMPERATURE (F)
 YESTERDAY
  MAXIMUM         75    349 PM  88    1987  75      0       86
  MINIMUM         40    538 AM  29    1953  51    -11       59
  AVERAGE         58                        63     -5       73

PRECIPITATION (IN)
  YESTERDAY        0.00          1.36 1951   0.14  -0.14     0.00
  MONTH TO DATE    2.33                      2.90  -0.57     4.49
  SINCE MAR 1      6.91                      7.86  -0.95     8.74
  SINCE JAN 1     16.76                     17.46  -0.70    19.26

SNOWFALL (IN)
  YESTERDAY        0.0                       0.0             0.0
  MONTH TO DATE    0.0                       0.2             0.0
  SINCE MAR 1      0.0                       0.9             0.0
  SINCE JUL 1      0.0                       2.0             0.0

DEGREE DAYS
 HEATING
  YESTERDAY        7
  MONTH TO DATE  162
  SINCE MAR 1    533
  SINCE JUL 1   2575
..................................................................


WIND (MPH)
  HIGHEST WIND SPEED    16   HIGHEST WIND DIRECTION     E (90)
  HIGHEST GUST SPEED    23   HIGHEST GUST DIRECTION     E (90)
  AVERAGE WIND SPEED     6.7


SKY COVER
  AVERAGE SKY COVER 0.2


WEATHER CONDITIONS
 THE FOLLOWING WEATHER WAS RECORDED YESTERDAY.
  NO SIGNIFICANT WEATHER WAS OBSERVED.


RELATIVE HUMIDITY (PERCENT)
 HIGHEST    92
 LOWEST     33
 AVERAGE    63

..........................................................


THE ANNISTON CLIMATE NORMALS FOR TODAY
                         NORMAL    RECORD    YEAR
 MAXIMUM TEMPERATURE (F)   76        88      1987
 MINIMUM TEMPERATURE (F)   51        34      1993


SUNRISE AND SUNSET
APRIL 22 2018.........SUNRISE   605 AM CDT   SUNSET   720 PM CDT
APRIL 23 2018.........SUNRISE   603 AM CDT   SUNSET   720 PM CDT


-  INDICATES NEGATIVE NUMBERS.
R  INDICATES RECORD WAS SET OR TIED.
MM INDICATES DATA IS MISSING.
T  INDICATES TRACE AMOUNT.




$$
