000
CDAK48 PAFC 211256
CLIANC

CLIMATE REPORT
NATIONAL WEATHER SERVICE ANCHORAGE, AK
453 AM AKDT SAT APR 21 2018


...................................

...THE ANCHORAGE AK CLIMATE SUMMARY FOR APRIL 20 2018...

CLIMATE NORMAL PERIOD 1981 TO 2010
CLIMATE RECORD PERIOD 1952 TO 2018


WEATHER ITEM   OBSERVED TIME   RECORD YEAR NORMAL DEPARTURE LAST
                VALUE   (LST)  VALUE       VALUE  FROM      YEAR
                                                  NORMAL
..................................................................
TEMPERATURE (F)
 YESTERDAY
  MAXIMUM         49        MM  55    2014  46      3       52
  MINIMUM         39        MM  16    1975  31      8       30
  AVERAGE         44                        39      5       41

PRECIPITATION (IN)
  YESTERDAY        0.05          0.32 1963   0.01   0.04
                                      1955
  MONTH TO DATE    0.08                      0.30  -0.22
  SINCE MAR 1      0.90                      0.90   0.00
  SINCE JAN 1      4.04                      2.35   1.69

SNOWFALL (IN)
  YESTERDAY        0.0           4.2  1963   0.1   -0.1      0.0
  MONTH TO DATE    T                         3.2   -3.2       T
  SINCE MAR 1     10.8                      13.1   -2.3     10.3
  SINCE JUL 1     59.1                      73.4  -14.3     82.4
  SNOW DEPTH       0

DEGREE DAYS
 HEATING
  YESTERDAY       21                               -5
  MONTH TO DATE  533                              -70
  SINCE MAR 1   1681                             -114
  SINCE JUL 1   8405                             -719

 COOLING
  YESTERDAY        0                                0
  MONTH TO DATE    0                                0
  SINCE MAR 1      0                                0
  SINCE JAN 1      0                                0
..................................................................


WIND (MPH)
  HIGHEST WIND SPEED    15   HIGHEST WIND DIRECTION    SE (150)
  HIGHEST GUST SPEED    32   HIGHEST GUST DIRECTION     S (180)
  AVERAGE WIND SPEED    11.5




RELATIVE HUMIDITY (PERCENT)
 HIGHEST    92
 LOWEST     54
 AVERAGE    73

..........................................................


THE ANCHORAGE AK CLIMATE NORMALS FOR TODAY
                         NORMAL    RECORD    YEAR
 MAXIMUM TEMPERATURE (F)   47        58      2016
 MINIMUM TEMPERATURE (F)   31        17      1972


SUNRISE AND SUNSET
APRIL 21 2018.........SUNRISE   620 AM AKDT  SUNSET   939 PM AKDT
APRIL 22 2018.........SUNRISE   617 AM AKDT  SUNSET   941 PM AKDT

CIVIL TWILIGHT
APRIL 21 2018           START    530 AM GMT     END   1031 PM GMT
APRIL 22 2018           START    526 AM GMT     END   1034 PM GMT



-  INDICATES NEGATIVE NUMBERS.
R  INDICATES RECORD WAS SET OR TIED.
MM INDICATES DATA IS MISSING.
T  INDICATES TRACE AMOUNT.




$$
&&
------------------------------------------------------
AMOUNT OF DAYLIGHT TODAY  (HOUR:MIN)........15:18
GAIN/LOSS SINCE YESTERDAY (HOUR:MIN:SEC)....+0:05:40
