000
CDUS43 KAPX 250528
CLIANJ


CLIMATE REPORT
NATIONAL WEATHER SERVICE GAYLORD MI
127 AM EDT FRI MAY 25 2018


...................................

...THE SAULT STE MARIE MI CLIMATE SUMMARY FOR MAY 24 2018...

CLIMATE NORMAL PERIOD 1981 TO 2010
CLIMATE RECORD PERIOD 1888 TO 2018


WEATHER ITEM   OBSERVED TIME   RECORD YEAR NORMAL DEPARTURE LAST
                VALUE   (LST)  VALUE       VALUE  FROM      YEAR
                                                  NORMAL
..................................................................
TEMPERATURE (F)
 YESTERDAY
  MAXIMUM         84    148 PM  87    1980  65     19       62
                                      1975
  MINIMUM         50    524 AM  27    1956  43      7       50
                                      1925
  AVERAGE         67                        54     13       56

PRECIPITATION (IN)
  YESTERDAY        0.06          1.74 1946   0.09  -0.03     0.06
  MONTH TO DATE    1.61                      1.95  -0.34     2.52
  SINCE MAR 1      5.27                      6.29  -1.02     7.14
  SINCE JAN 1      8.75                      9.82  -1.07    13.10

DEGREE DAYS
 HEATING
  YESTERDAY        0                        11    -11        9
  MONTH TO DATE  278                       342    -64      359
  SINCE MAR 1   2394                      2285    109     2209
  SINCE JUL 1   8221                      8411   -190     7083

 COOLING
  YESTERDAY        2                         0      2        0
  MONTH TO DATE    2                         0      2        1
  SINCE MAR 1      2                         0      2        1
  SINCE JAN 1      2                         0      2        1
..................................................................


WIND (MPH)
  HIGHEST WIND SPEED    18   HIGHEST WIND DIRECTION    SW (230)
  HIGHEST GUST SPEED    25   HIGHEST GUST DIRECTION    SW (230)
  AVERAGE WIND SPEED     4.9




RELATIVE HUMIDITY (PERCENT)
 HIGHEST    93
 LOWEST     40
 AVERAGE    67

..........................................................


THE SAULT STE MARIE MI CLIMATE NORMALS FOR TODAY
                         NORMAL    RECORD    YEAR
 MAXIMUM TEMPERATURE (F)   66        86      2010
 MINIMUM TEMPERATURE (F)   43        28      1969


SUNRISE AND SUNSET
MAY 25 2018...........SUNRISE   553 AM EDT   SUNSET   916 PM EDT
MAY 26 2018...........SUNRISE   553 AM EDT   SUNSET   917 PM EDT


-  INDICATES NEGATIVE NUMBERS.
R  INDICATES RECORD WAS SET OR TIED.
MM INDICATES DATA IS MISSING.
T  INDICATES TRACE AMOUNT.




$$
