000
CDUS41 KCTP 200624
CLIAOO


CLIMATE REPORT
NATIONAL WEATHER SERVICE STATE COLLEGE PA
224 AM EDT FRI APR 20 2018


...................................

...THE ALTOONA CLIMATE SUMMARY FOR APRIL 19 2018...

CLIMATE NORMAL PERIOD 1981 TO 2010
CLIMATE RECORD PERIOD 1948 TO 2018


WEATHER ITEM   OBSERVED TIME   RECORD YEAR NORMAL DEPARTURE LAST
                VALUE   (LST)  VALUE       VALUE  FROM      YEAR
                                                  NORMAL
..................................................................
TEMPERATURE (F)
 YESTERDAY
  MAXIMUM         45   1235 AM  85    1972  61    -16       62
  MINIMUM         33   1159 PM  23    1983  39     -6       48
  AVERAGE         39                        50    -11       55

PRECIPITATION (IN)
  YESTERDAY        0.11          1.81 1998   0.10   0.01     0.03
  MONTH TO DATE    3.09                      2.02   1.07     1.36
  SINCE MAR 1      5.24                      5.09   0.15     5.69
  SINCE JAN 1     11.47                      9.30   2.17    10.32

DEGREE DAYS
 HEATING
  YESTERDAY       26                        15     11       10
  MONTH TO DATE  436                       345     91      197
  SINCE MAR 1   1416                      1204    212     1033
  SINCE JUL 1   5502                      5774   -272     4700

 COOLING
  YESTERDAY        0                         0      0        0
  MONTH TO DATE   12                         0     12        6
  SINCE MAR 1     12                         1     11        6
  SINCE JAN 1     12                         1     11        6
..................................................................


WIND (MPH)
  HIGHEST WIND SPEED    30   HIGHEST WIND DIRECTION    NW (310)
  HIGHEST GUST SPEED    38   HIGHEST GUST DIRECTION    NW (310)
  AVERAGE WIND SPEED    13.7


SKY COVER
  POSSIBLE SUNSHINE  MM
  AVERAGE SKY COVER 0.9


WEATHER CONDITIONS
 THE FOLLOWING WEATHER WAS RECORDED YESTERDAY.
  RAIN
  LIGHT RAIN
  LIGHT SNOW
  FOG


RELATIVE HUMIDITY (PERCENT)
 HIGHEST    96           600 AM
 LOWEST     52           800 PM
 AVERAGE    74

..........................................................


THE ALTOONA CLIMATE NORMALS FOR TODAY
                         NORMAL    RECORD    YEAR
 MAXIMUM TEMPERATURE (F)   62        87      1954
 MINIMUM TEMPERATURE (F)   40        27      1983


SUNRISE AND SUNSET
APRIL 20 2018.........SUNRISE   628 AM EDT   SUNSET   757 PM EDT
APRIL 21 2018.........SUNRISE   626 AM EDT   SUNSET   758 PM EDT


-  INDICATES NEGATIVE NUMBERS.
R  INDICATES RECORD WAS SET OR TIED.
MM INDICATES DATA IS MISSING.
T  INDICATES TRACE AMOUNT.




$$
