000
CDAK48 PAFC 191257
CLIBET


CLIMATE REPORT
NATIONAL WEATHER SERVICE ANCHORAGE, AK
457 AM AKDT THU APR 19 2018


...................................

...THE BETHEL CLIMATE SUMMARY FOR APRIL 18 2018...

CLIMATE NORMAL PERIOD 1981 TO 2010
CLIMATE RECORD PERIOD 1948 TO 2018


WEATHER ITEM   OBSERVED TIME   RECORD YEAR NORMAL DEPARTURE LAST
                VALUE   (LST)  VALUE       VALUE  FROM      YEAR
                                                  NORMAL
..................................................................
TEMPERATURE (F)
 YESTERDAY
  MAXIMUM         49    416 PM  51    2016  36     13       43
  MINIMUM         35    724 AM  -9    1924  21     14       30
  AVERAGE         42                        28     14       37

PRECIPITATION (IN)
  YESTERDAY        0.00          0.92 1983   0.03  -0.03      T
  MONTH TO DATE    0.42                      0.42   0.00     0.11
  SINCE MAR 1      0.93                      1.13  -0.20     0.41
  SINCE JAN 1      2.70                      2.63   0.07     2.30

SNOWFALL (IN)
  YESTERDAY        0.0           4.4  1983   0.2   -0.2      0.0
  MONTH TO DATE    0.2                       4.0   -3.8      0.9
  SINCE MAR 1      5.3                      12.2   -6.9      3.8
  SINCE JUL 1     34.9                      58.0  -23.1     31.2
  SNOW DEPTH       T

DEGREE DAYS
 HEATING
  YESTERDAY       23                        37    -14       28
  MONTH TO DATE  627                       745   -118      575
  SINCE MAR 1   1937                      2289   -352     2400
  SINCE JUL 1   9190                     11027  -1837    10660

 COOLING
  YESTERDAY        0                         0      0        0
  MONTH TO DATE    0                         0      0        0
  SINCE MAR 1      0                         0      0        0
  SINCE JAN 1      0                         0      0        0
..................................................................


WIND (MPH)
  RESULTANT WIND SPEED  14   RESULTANT WIND DIRECTION   E (80)
  HIGHEST WIND SPEED    24   HIGHEST WIND DIRECTION    NE (60)
  HIGHEST GUST SPEED    29   HIGHEST GUST DIRECTION    NE (60)
  AVERAGE WIND SPEED    14.9



WEATHER CONDITIONS
 THE FOLLOWING WEATHER WAS RECORDED YESTERDAY.
  NO SIGNIFICANT WEATHER WAS OBSERVED.


RELATIVE HUMIDITY (PERCENT)
 HIGHEST    82
 LOWEST     50
 AVERAGE    66

..........................................................


THE BETHEL CLIMATE NORMALS FOR TODAY
                         NORMAL    RECORD    YEAR
 MAXIMUM TEMPERATURE (F)   37        53      1951
 MINIMUM TEMPERATURE (F)   21        -9      1960


SUNRISE AND SUNSET
APRIL 19 2018.........SUNRISE   715 AM AKDT  SUNSET  1019 PM AKDT
APRIL 20 2018.........SUNRISE   712 AM AKDT  SUNSET  1022 PM AKDT


-  INDICATES NEGATIVE NUMBERS.
R  INDICATES RECORD WAS SET OR TIED.
MM INDICATES DATA IS MISSING.
T  INDICATES TRACE AMOUNT.




$$
