000
CDUS41 KCTP 190628
CLIBFD


CLIMATE REPORT
NATIONAL WEATHER SERVICE STATE COLLEGE PA
228 AM EDT THU APR 19 2018


...................................

...THE BRADFORD CLIMATE SUMMARY FOR APRIL 18 2018...

CLIMATE NORMAL PERIOD 1981 TO 2010
CLIMATE RECORD PERIOD 1957 TO 2018


WEATHER ITEM   OBSERVED TIME   RECORD YEAR NORMAL DEPARTURE LAST
                VALUE   (LST)  VALUE       VALUE  FROM      YEAR
                                                  NORMAL
..................................................................
TEMPERATURE (F)
 YESTERDAY
  MAXIMUM         37    521 PM  84    1976  56    -19       65
  MINIMUM         28    422 AM  21    1983  33     -5       33
  AVERAGE         33                        45    -12       49

PRECIPITATION (IN)
  YESTERDAY        T             0.96 1969   0.12  -0.12     0.00
  MONTH TO DATE    2.74                      2.17   0.57     2.17
  SINCE MAR 1      5.12                      5.54  -0.42     5.91
  SINCE JAN 1     12.13                     11.18   0.95    12.99

DEGREE DAYS
 HEATING
  YESTERDAY       32                        15     17       16
  MONTH TO DATE  531                       330    201      304
  SINCE MAR 1   1666                      1367    299     1371
  SINCE JUL 1   6762                      6937   -175     5954

 COOLING
  YESTERDAY        0                         0      0        0
  MONTH TO DATE    0                         0      0        1
  SINCE MAR 1      0                         0      0        1
  SINCE JAN 1      0                         0      0        1
..................................................................


WIND (MPH)
  HIGHEST WIND SPEED    18   HIGHEST WIND DIRECTION     W (280)
  HIGHEST GUST SPEED    25   HIGHEST GUST DIRECTION     W (280)
  AVERAGE WIND SPEED     6.7


SKY COVER
  POSSIBLE SUNSHINE  MM
  AVERAGE SKY COVER 0.9


WEATHER CONDITIONS
 THE FOLLOWING WEATHER WAS RECORDED YESTERDAY.
  LIGHT RAIN
  FOG


RELATIVE HUMIDITY (PERCENT)
 HIGHEST    85          1200 AM
 LOWEST     64           300 PM
 AVERAGE    75

..........................................................


THE BRADFORD CLIMATE NORMALS FOR TODAY
                         NORMAL    RECORD    YEAR
 MAXIMUM TEMPERATURE (F)   57        81      1976
 MINIMUM TEMPERATURE (F)   34        17      2001


SUNRISE AND SUNSET
APRIL 19 2018.........SUNRISE   628 AM EDT   SUNSET   800 PM EDT
APRIL 20 2018.........SUNRISE   627 AM EDT   SUNSET   801 PM EDT


-  INDICATES NEGATIVE NUMBERS.
R  INDICATES RECORD WAS SET OR TIED.
MM INDICATES DATA IS MISSING.
T  INDICATES TRACE AMOUNT.




$$
