000
CDUS41 KCAR 270548
CLIBGR


CLIMATE REPORT
NATIONAL WEATHER SERVICE CARIBOU, ME
148 AM EDT SUN MAY 27 2018


...................................

...THE BANGOR ME CLIMATE SUMMARY FOR MAY 26 2018...

CLIMATE NORMAL PERIOD 1981 TO 2010
CLIMATE RECORD PERIOD 1925 TO 2018


WEATHER ITEM   OBSERVED TIME   RECORD YEAR NORMAL DEPARTURE LAST
                VALUE   (LST)  VALUE       VALUE  FROM      YEAR
                                                  NORMAL
..................................................................
TEMPERATURE (F)
 YESTERDAY
  MAXIMUM         77    243 PM  88    2010  68      9       53
                                      1933
  MINIMUM         53   1159 PM  32    2009  46      7       47
  AVERAGE         65                        57      8       50

PRECIPITATION (IN)
  YESTERDAY        0.03          2.41 2005   0.13  -0.10     1.04
  MONTH TO DATE    2.37                      3.03  -0.66     6.14
  SINCE MAR 1      9.32                     10.03  -0.71    12.19
  SINCE JAN 1     17.84                     15.44   2.40    18.08

SNOWFALL (IN)
  YESTERDAY        0.0           0.0  2002   0.0             0.0
                                      2001
  MONTH TO DATE    0.0                       0.1             0.0
  SINCE MAR 1     35.3                      15.5            19.3
  SINCE JUL 1    111.3                      66.2            82.6
  SNOW DEPTH       0

DEGREE DAYS
 HEATING
  YESTERDAY        0                         8     -8       15
  MONTH TO DATE  219                       318    -99      326
  SINCE MAR 1   1976                      2070    -94     2110
  SINCE JUL 1   7194                      7716   -522     7238

 COOLING
  YESTERDAY        0                         0      0        0
  MONTH TO DATE    6                         0      6        7
  SINCE MAR 1      6                         0      6        7
  SINCE JAN 1      6                         0      6        7
..................................................................


WIND (MPH)
  RESULTANT WIND SPEED   5   RESULTANT WIND DIRECTION   N (350)
  HIGHEST WIND SPEED    18   HIGHEST WIND DIRECTION     N (20)
  HIGHEST GUST SPEED    23   HIGHEST GUST DIRECTION    NE (30)


SKY COVER
  POSSIBLE SUNSHINE  MM
  AVERAGE SKY COVER 1.0


WEATHER CONDITIONS
 THE FOLLOWING WEATHER WAS RECORDED YESTERDAY.
  LIGHT RAIN


RELATIVE HUMIDITY (PERCENT)
 HIGHEST    93
 LOWEST     25
 AVERAGE    59

..........................................................


THE BANGOR ME CLIMATE NORMALS FOR TODAY
                         NORMAL    RECORD    YEAR
 MAXIMUM TEMPERATURE (F)   69        89      1933
 MINIMUM TEMPERATURE (F)   46        31      1969
                                             1939


SUNRISE AND SUNSET
MAY 27 2018...........SUNRISE   456 AM EDT   SUNSET   810 PM EDT
MAY 28 2018...........SUNRISE   455 AM EDT   SUNSET   811 PM EDT


-  INDICATES NEGATIVE NUMBERS.
R  INDICATES RECORD WAS SET OR TIED.
MM INDICATES DATA IS MISSING.
T  INDICATES TRACE AMOUNT.




$$
