000
CDUS43 KBIS 220730
CLIBIS


CLIMATE REPORT
NATIONAL WEATHER SERVICE BISMARCK ND
229 AM CDT TUE MAY 22 2018


...................................

...THE BISMARCK ND CLIMATE SUMMARY FOR MAY 21 2018...

CLIMATE NORMAL PERIOD 1981 TO 2010
CLIMATE RECORD PERIOD 1875 TO 2018


WEATHER ITEM   OBSERVED TIME   RECORD YEAR NORMAL DEPARTURE LAST
                VALUE   (LST)  VALUE       VALUE  FROM      YEAR
                                                  NORMAL
..................................................................
TEMPERATURE (F)
 YESTERDAY
  MAXIMUM         74    624 PM  96    1980  70      4       73
  MINIMUM         39    525 AM  29    1963  45     -6       39
                                      1882
  AVERAGE         57                        57      0       56

PRECIPITATION (IN)
  YESTERDAY        0.00          0.93 1962   0.08  -0.08     0.00
  MONTH TO DATE    0.92                      1.53  -0.61     0.24
  SINCE MAR 1      3.11                      3.66  -0.55     1.72
  SINCE JAN 1      3.86                      4.60  -0.74     3.12

SNOWFALL (IN)
  YESTERDAY        0.0           0.0  2002   0.0    0.0      0.0
                                      2001
  MONTH TO DATE    T                         0.4   -0.4      0.0
  SINCE MAR 1     26.3                      13.7   12.6      8.7
  SINCE JUL 1     44.1                      51.2   -7.1     71.6
  SNOW DEPTH       0

DEGREE DAYS
 HEATING
  YESTERDAY        8                         8      0        9
  MONTH TO DATE  174                       240    -66      165
  SINCE MAR 1   2219                      1964    255     1795
  SINCE JUL 1   8535                      8395    140     7797

 COOLING
  YESTERDAY        0                         1     -1        0
  MONTH TO DATE    4                         3      1       14
  SINCE MAR 1      5                         4      1       14
  SINCE JAN 1      5                         4      1       14
..................................................................


WIND (MPH)
  HIGHEST WIND SPEED    16   HIGHEST WIND DIRECTION    SE (140)
  HIGHEST GUST SPEED    22   HIGHEST GUST DIRECTION    SE (120)
  AVERAGE WIND SPEED     6.9


SKY COVER
  POSSIBLE SUNSHINE  MM
  AVERAGE SKY COVER 0.1


WEATHER CONDITIONS
 THE FOLLOWING WEATHER WAS RECORDED YESTERDAY.
  NO SIGNIFICANT WEATHER WAS OBSERVED.


RELATIVE HUMIDITY (PERCENT)
 HIGHEST    89           300 AM
 LOWEST     31          1100 AM
 AVERAGE    60

..........................................................


THE BISMARCK ND CLIMATE NORMALS FOR TODAY
                         NORMAL    RECORD    YEAR
 MAXIMUM TEMPERATURE (F)   70        93      1980
 MINIMUM TEMPERATURE (F)   45        24      1963
                                             1882


SUNRISE AND SUNSET
MAY 22 2018...........SUNRISE   601 AM CDT   SUNSET   919 PM CDT
MAY 23 2018...........SUNRISE   600 AM CDT   SUNSET   920 PM CDT


-  INDICATES NEGATIVE NUMBERS.
R  INDICATES RECORD WAS SET OR TIED.
MM INDICATES DATA IS MISSING.
T  INDICATES TRACE AMOUNT.




$$
