000
CDUS44 KLCH 242229
CLIBPT


CLIMATE REPORT
NATIONAL WEATHER SERVICE LAKE CHARLES, LA
528 PM CDT TUE APR 24 2018


...................................

...THE BEAUMONT PORT ARTHUR CLIMATE SUMMARY FOR APRIL 24 2018...
VALID TODAY AS OF 0500 PM LOCAL TIME.

CLIMATE NORMAL PERIOD 1981 TO 2010
CLIMATE RECORD PERIOD 1901 TO 2018


WEATHER ITEM   OBSERVED TIME   RECORD YEAR NORMAL DEPARTURE LAST
                VALUE   (LST)  VALUE       VALUE  FROM      YEAR
                                                  NORMAL
..................................................................
TEMPERATURE (F)
 TODAY
  MAXIMUM         84    356 PM  90    1905  80      4       82
                                      1902
  MINIMUM         52    602 AM  47    1995  61     -9       52
  AVERAGE         68                        70     -2       67

PRECIPITATION (IN)
  TODAY            T             2.48 1905   0.12  -0.12     0.00
  MONTH TO DATE    3.09                      2.46   0.63     1.50
  SINCE MAR 1      4.81                      5.99  -1.18    10.36
  SINCE JAN 1     18.74                     14.83   3.91    12.41

SNOWFALL (IN)
  TODAY            0.0           0.0    MM   0.0    0.0      0.0
  MONTH TO DATE    0.0                       0.0    0.0      0.0
  SINCE MAR 1      0.0                       0.0    0.0      0.0
  SINCE JUL 1      3.1                       T      3.1      0.0
  SNOW DEPTH       0

DEGREE DAYS
 HEATING
  TODAY            0                         1     -1        0
  MONTH TO DATE   63                        39     24        5
  SINCE MAR 1    138                       187    -49       59
  SINCE JUL 1   1253                      1400   -147      614

 COOLING
  TODAY            3                         6     -3        2
  MONTH TO DATE   66                       105    -39      180
  SINCE MAR 1    174                       160     14      333
  SINCE JAN 1    279                       186     93      527
..................................................................


WIND (MPH)
  HIGHEST WIND SPEED    13   HIGHEST WIND DIRECTION    NW (320)
  HIGHEST GUST SPEED    17   HIGHEST GUST DIRECTION    NW (330)
  AVERAGE WIND SPEED     3.3


SKY COVER
  POSSIBLE SUNSHINE  MM
  AVERAGE SKY COVER 0.0


WEATHER CONDITIONS
 THE FOLLOWING WEATHER WAS RECORDED TODAY.
  LIGHT RAIN
  FOG


RELATIVE HUMIDITY (PERCENT)
 HIGHEST   100           400 AM
 LOWEST     37           400 PM
 AVERAGE    69

..........................................................


THE BEAUMONT PORT ARTHUR CLIMATE NORMALS FOR TOMORROW
                         NORMAL    RECORD    YEAR
 MAXIMUM TEMPERATURE (F)   80        91      1932
 MINIMUM TEMPERATURE (F)   62        37      1910


SUNRISE AND SUNSET
APRIL 24 2018.........SUNRISE   640 AM CDT   SUNSET   749 PM CDT
APRIL 25 2018.........SUNRISE   639 AM CDT   SUNSET   750 PM CDT


-  INDICATES NEGATIVE NUMBERS.
R  INDICATES RECORD WAS SET OR TIED.
MM INDICATES DATA IS MISSING.
T  INDICATES TRACE AMOUNT.




$$
