000
CDUS43 KGRR 260531
CLIBTL


CLIMATE REPORT
NATIONAL WEATHER SERVICE GRAND RAPIDS, MI
131 AM EDT THU APR 26 2018


...................................

...THE BATTLE CREEK MI CLIMATE SUMMARY FOR APRIL 25 2018...

CLIMATE NORMAL PERIOD 1981 TO 2010
CLIMATE RECORD PERIOD 1998 TO 2018


WEATHER ITEM   OBSERVED TIME   NORMAL DEPARTURE LAST
                VALUE   (LST)  VALUE  FROM      YEAR
                                      NORMAL
......................................................
TEMPERATURE (F)
 YESTERDAY
  MAXIMUM         61    357 PM  64     -3       73
  MINIMUM         40   1141 PM  39      1       52
  AVERAGE         51            52     -1       63

PRECIPITATION (IN)
  YESTERDAY        T             0.10  -0.10     0.00
  MONTH TO DATE    2.49          2.32   0.17     2.60
  SINCE MAR 1      4.07          4.23  -0.16     6.33
  SINCE JAN 1     10.42          7.23   3.19    11.80

DEGREE DAYS
 HEATING
  YESTERDAY       14            14      0        2
  MONTH TO DATE  638           450    188      314
  SINCE MAR 1   1583          1360    223     1219
  SINCE JUL 1   6244          6325    -81     5122

 COOLING
  YESTERDAY        0             0      0        0
  MONTH TO DATE    0             0      0        3
  SINCE MAR 1      0             0      0        3
  SINCE JAN 1      0             0      0        3
......................................................


WIND (MPH)
  RESULTANT WIND SPEED   9   RESULTANT WIND DIRECTION  NW (330)
  HIGHEST WIND SPEED    18   HIGHEST WIND DIRECTION     W (290)
  HIGHEST GUST SPEED    25   HIGHEST GUST DIRECTION    NW (300)
  AVERAGE WIND SPEED     9.7


SKY COVER
  AVERAGE SKY COVER 0.3


WEATHER CONDITIONS
 THE FOLLOWING WEATHER WAS RECORDED YESTERDAY.
  FOG


RELATIVE HUMIDITY (PERCENT)
 HIGHEST   100           100 AM
 LOWEST     33           200 PM
 AVERAGE    67

..........................................................


THE BATTLE CREEK MI CLIMATE NORMALS FOR TODAY
                         NORMAL
 MAXIMUM TEMPERATURE (F)   64
 MINIMUM TEMPERATURE (F)   40


SUNRISE AND SUNSET
APRIL 26 2018.........SUNRISE   643 AM EDT   SUNSET   835 PM EDT
APRIL 27 2018.........SUNRISE   642 AM EDT   SUNSET   836 PM EDT


-  INDICATES NEGATIVE NUMBERS.
R  INDICATES RECORD WAS SET OR TIED.
MM INDICATES DATA IS MISSING.
T  INDICATES TRACE AMOUNT.




$$
