450
CDUS44 KLIX 220701
CLIBTR


CLIMATE REPORT
NATIONAL WEATHER SERVICE NEW ORLEANS
NATIONAL WEATHER SERVICE NEW ORL
201 AM CDT SUN APR 22 2018


...................................

...THE BATON ROUGE  ASOS CLIMATE SUMMARY FOR APRIL 21 2018...

CLIMATE NORMAL PERIOD 1981 TO 2010
CLIMATE RECORD PERIOD 1894 TO 2018


WEATHER ITEM   OBSERVED TIME   RECORD YEAR NORMAL DEPARTURE LAST
                VALUE   (LST)  VALUE       VALUE  FROM      YEAR
                                                  NORMAL
..................................................................
TEMPERATURE (F)
 YESTERDAY
  MAXIMUM         80    218 PM  92    1987  80      0       87
  MINIMUM         49    523 AM  41    1953  58     -9       64
                                      1934
                                      1901
  AVERAGE         65                        69     -4       76

PRECIPITATION (IN)
  YESTERDAY        0.00          5.24 1979   0.15  -0.15     0.00
  MONTH TO DATE    4.81                      3.22   1.59     4.21
  SINCE MAR 1      9.89                      7.63   2.26     7.95
  SINCE JAN 1     21.08                     18.39   2.69    19.38

SNOWFALL (IN)
  YESTERDAY        0.0
  MONTH TO DATE    0.0
  SINCE MAR 1      0.0
  SINCE JUL 1      4.0
  SNOW DEPTH       0

DEGREE DAYS
 HEATING
  YESTERDAY        0                         1     -1        0
  MONTH TO DATE   70                        45     25        6
  SINCE MAR 1    200                       212    -12       90
  SINCE JUL 1   1485                      1547    -62      794

 COOLING
  YESTERDAY        0                         5     -5       11
  MONTH TO DATE   31                        85    -54      133
  SINCE MAR 1    112                       143    -31      271
  SINCE JAN 1    231                       174     57      414
..................................................................


WIND (MPH)
  HIGHEST WIND SPEED    16   HIGHEST WIND DIRECTION     E (100)
  HIGHEST GUST SPEED    20   HIGHEST GUST DIRECTION     E (110)
  AVERAGE WIND SPEED     8.6


SKY COVER
  POSSIBLE SUNSHINE  MM
  AVERAGE SKY COVER 0.2


WEATHER CONDITIONS
 THE FOLLOWING WEATHER WAS RECORDED YESTERDAY.
  NO SIGNIFICANT WEATHER WAS OBSERVED.


RELATIVE HUMIDITY (PERCENT)
 HIGHEST    93           600 AM
 LOWEST     47           200 PM
 AVERAGE    70

..........................................................


THE BATON ROUGE  ASOS CLIMATE NORMALS FOR TODAY
                         NORMAL    RECORD    YEAR
 MAXIMUM TEMPERATURE (F)   81        90      2008
                                             1963
                                             1925
 MINIMUM TEMPERATURE (F)   59        42      1993


SUNRISE AND SUNSET
APRIL 22 2018.........SUNRISE   630 AM CDT   SUNSET   737 PM CDT
APRIL 23 2018.........SUNRISE   629 AM CDT   SUNSET   738 PM CDT


-  INDICATES NEGATIVE NUMBERS.
R  INDICATES RECORD WAS SET OR TIED.
MM INDICATES DATA IS MISSING.
T  INDICATES TRACE AMOUNT.




$$
